{"id":70157,"date":"2026-03-04T15:42:02","date_gmt":"2026-03-04T14:42:02","guid":{"rendered":"https:\/\/jardimdapini.pt\/product\/sedum-commixtum\/"},"modified":"2026-05-24T22:04:44","modified_gmt":"2026-05-24T21:04:44","slug":"sedum-commixtum","status":"publish","type":"product","link":"https:\/\/jardimdapini.pt\/fr\/produit\/sedum-commixtum\/","title":{"rendered":"Sedum Commixtum"},"content":{"rendered":"<h2 data-path-to-node=\"2\">Sedum Commixtum : la sculpture de cire<\/h2>\n<p data-path-to-node=\"3\">D\u00e9couvrez le <b data-path-to-node=\"3\" data-index-in-node=\"10\">Sedum Commixtum<\/b>, une plante succulente \u00e0 l&#8217;aspect robuste et aux couleurs douces qui ressemble \u00e0 une \u0153uvre d&#8217;art coul\u00e9e dans la cire froide.<\/p>\n<h2 data-path-to-node=\"4\">Les d\u00e9tails qui le rendent unique :<\/h2>\n<ul data-path-to-node=\"5\">\n<li>\n<p data-path-to-node=\"5,0,0\"><b data-path-to-node=\"5,0,0\" data-index-in-node=\"0\">Feuillage cylindrique et charnu :<\/b> Ses feuilles sont extr\u00eamement \u00e9paisses, arrondies et courtes, poussant dens\u00e9ment le long des tiges, ce qui donne \u00e0 la plante un aspect <b data-path-to-node=\"5,0,0\" data-index-in-node=\"172\">sculptural et tactile.<\/b><\/p>\n<\/li>\n<li>\n<p data-path-to-node=\"5,1,0\"><b data-path-to-node=\"5,1,0\" data-index-in-node=\"0\">Palette bleu-glauque :<\/b> La couleur de base est un <b data-path-to-node=\"5,1,0\" data-index-in-node=\"36\">bleu-gris p\u00e2le<\/b>, presque argent\u00e9, qui apporte une sensation de fra\u00eecheur et d&#8217;\u00e9l\u00e9gance \u00e0 toute composition de succulentes.<\/p>\n<\/li>\n<li>\n<p data-path-to-node=\"5,2,0\"><b data-path-to-node=\"5,2,0\" data-index-in-node=\"0\">Pruine intense :<\/b> elle est recouverte d&#8217;une g\u00e9n\u00e9reuse couche de pruine (cette &#8220;cire&#8221; naturelle), qui donne un aspect<b data-path-to-node=\"5,2,0\" data-index-in-node=\"118\"> mat et velout\u00e9<\/b> et prot\u00e8ge la plante des agressions du soleil.<\/p>\n<\/li>\n<li>\n<p data-path-to-node=\"5,3,0\"><b data-path-to-node=\"5,3,0\" data-index-in-node=\"0\">Brushstrokes of Fire :<\/b> En cas de stress solaire ou de froid intense, l&#8217;extr\u00e9mit\u00e9 des feuilles arrondies se teinte d&#8217;un <b data-path-to-node=\"5,3,0\" data-index-in-node=\"111\">rouge orang\u00e9 ou d&#8217;un violet<\/b>, cr\u00e9ant un contraste vibrant avec le corps bleut\u00e9 de la plante.<\/p>\n<\/li>\n<\/ul>\n<h2 data-path-to-node=\"6\">Soins :<\/h2>\n<p data-path-to-node=\"7\"><b data-path-to-node=\"7\" data-index-in-node=\"2\">Sedum Commixtum<\/b> est une plante \u00e0 croissance mod\u00e9r\u00e9e et tr\u00e8s rustique, excellente pour ceux qui recherchent du volume et de la couleur dans le jardin.<\/p>\n<ul data-path-to-node=\"8\">\n<li>\n<p data-path-to-node=\"8,0,0\"><b data-path-to-node=\"8,0,0\" data-index-in-node=\"0\">Arrosage :<\/b> Suivez la r\u00e8gle pour les plantes grasses : n&#8217;arrosez que lorsque le sol est <b data-path-to-node=\"8,0,0\" data-index-in-node=\"71\">compl\u00e8tement sec<\/b>. Comme elle a des feuilles tr\u00e8s grasses, elle emmagasine beaucoup d&#8217;eau et est extr\u00eamement tol\u00e9rante \u00e0 la s\u00e9cheresse. <\/p>\n<\/li>\n<li>\n<p data-path-to-node=\"8,1,0\">&#x2600;&#xfe0f; <b data-path-to-node=\"8,1,0\" data-index-in-node=\"3\">\u00c9clairage :<\/b> Pr\u00e9f\u00e8re le <b data-path-to-node=\"8,1,0\" data-index-in-node=\"23\">plein soleil<\/b> ou la lumi\u00e8re directe du soleil pendant plusieurs heures. Une lumi\u00e8re intense est le secret pour maintenir la forme compacte des rosettes et la couleur rouge\u00e2tre des pointes. <\/p>\n<\/li>\n<li>\n<p data-path-to-node=\"8,2,0\"><b data-path-to-node=\"8,2,0\" data-index-in-node=\"0\">Sol :<\/b> Utilisez un substrat avec un <b data-path-to-node=\"8,2,0\" data-index-in-node=\"31\">excellent drainage<\/b>, de pr\u00e9f\u00e9rence sablonneux ou avec une bonne teneur en min\u00e9raux, pour \u00e9viter que l&#8217;humidit\u00e9 ne s&#8217;accumule \u00e0 la base des tiges.<\/p>\n<\/li>\n<li>\n<p data-path-to-node=\"8,3,0\">&#x2744;&#xfe0f; <b data-path-to-node=\"8,3,0\" data-index-in-node=\"3\">Temp\u00e9rature :<\/b> Prot\u00e9gez-la des fortes gel\u00e9es. C&#8217;est une plante qui appr\u00e9cie les environnements bien a\u00e9r\u00e9s et qui supporte bien les fortes chaleurs, \u00e0 condition que le sol soit sec. <\/p>\n<\/li>\n<\/ul>\n","protected":false},"excerpt":{"rendered":"<p>Sedum Commixtum<\/p>\n<p>Vase 5.5<\/p>\n<p>Origine :<\/p>\n","protected":false},"featured_media":69997,"comment_status":"open","ping_status":"closed","template":"","meta":[],"etheme_brands":[],"product_brand":[],"product_cat":[195,370],"product_tag":[],"class_list":["post-70157","product","type-product","status-publish","has-post-thumbnail","product_cat-succulentes","product_cat-sedum-fr","first","instock","taxable","shipping-taxable","purchasable","product-type-simple"],"_links":{"self":[{"href":"https:\/\/jardimdapini.pt\/fr\/wp-json\/wp\/v2\/product\/70157","targetHints":{"allow":["GET"]}}],"collection":[{"href":"https:\/\/jardimdapini.pt\/fr\/wp-json\/wp\/v2\/product"}],"about":[{"href":"https:\/\/jardimdapini.pt\/fr\/wp-json\/wp\/v2\/types\/product"}],"replies":[{"embeddable":true,"href":"https:\/\/jardimdapini.pt\/fr\/wp-json\/wp\/v2\/comments?post=70157"}],"wp:featuredmedia":[{"embeddable":true,"href":"https:\/\/jardimdapini.pt\/fr\/wp-json\/wp\/v2\/media\/69997"}],"wp:attachment":[{"href":"https:\/\/jardimdapini.pt\/fr\/wp-json\/wp\/v2\/media?parent=70157"}],"wp:term":[{"taxonomy":"brand","embeddable":true,"href":"https:\/\/jardimdapini.pt\/fr\/wp-json\/wp\/v2\/etheme_brands?post=70157"},{"taxonomy":"product_brand","embeddable":true,"href":"https:\/\/jardimdapini.pt\/fr\/wp-json\/wp\/v2\/product_brand?post=70157"},{"taxonomy":"product_cat","embeddable":true,"href":"https:\/\/jardimdapini.pt\/fr\/wp-json\/wp\/v2\/product_cat?post=70157"},{"taxonomy":"product_tag","embeddable":true,"href":"https:\/\/jardimdapini.pt\/fr\/wp-json\/wp\/v2\/product_tag?post=70157"}],"curies":[{"name":"wp","href":"https:\/\/api.w.org\/{rel}","templated":true}]}}

<h2 data-path-to-node="2">Sedum Commixtum : la sculpture de cire</h2>
<p data-path-to-node="3">Découvrez le <b data-path-to-node="3" data-index-in-node="10">Sedum Commixtum</b>, une plante succulente à l&#8217;aspect robuste et aux couleurs douces qui ressemble à une œuvre d&#8217;art coulée dans la cire froide.</p>
<h2 data-path-to-node="4">Les détails qui le rendent unique :</h2>
<ul data-path-to-node="5">
<li>
<p data-path-to-node="5,0,0"><b data-path-to-node="5,0,0" data-index-in-node="0">Feuillage cylindrique et charnu :</b> Ses feuilles sont extrêmement épaisses, arrondies et courtes, poussant densément le long des tiges, ce qui donne à la plante un aspect <b data-path-to-node="5,0,0" data-index-in-node="172">sculptural et tactile.</b></p>
</li>
<li>
<p data-path-to-node="5,1,0"><b data-path-to-node="5,1,0" data-index-in-node="0">Palette bleu-glauque :</b> La couleur de base est un <b data-path-to-node="5,1,0" data-index-in-node="36">bleu-gris pâle</b>, presque argenté, qui apporte une sensation de fraîcheur et d&#8217;élégance à toute composition de succulentes.</p>
</li>
<li>
<p data-path-to-node="5,2,0"><b data-path-to-node="5,2,0" data-index-in-node="0">Pruine intense :</b> elle est recouverte d&#8217;une généreuse couche de pruine (cette &#8220;cire&#8221; naturelle), qui donne un aspect<b data-path-to-node="5,2,0" data-index-in-node="118"> mat et velouté</b> et protège la plante des agressions du soleil.</p>
</li>
<li>
<p data-path-to-node="5,3,0"><b data-path-to-node="5,3,0" data-index-in-node="0">Brushstrokes of Fire :</b> En cas de stress solaire ou de froid intense, l&#8217;extrémité des feuilles arrondies se teinte d&#8217;un <b data-path-to-node="5,3,0" data-index-in-node="111">rouge orangé ou d&#8217;un violet</b>, créant un contraste vibrant avec le corps bleuté de la plante.</p>
</li>
</ul>
<h2 data-path-to-node="6">Soins :</h2>
<p data-path-to-node="7"><b data-path-to-node="7" data-index-in-node="2">Sedum Commixtum</b> est une plante à croissance modérée et très rustique, excellente pour ceux qui recherchent du volume et de la couleur dans le jardin.</p>
<ul data-path-to-node="8">
<li>
<p data-path-to-node="8,0,0"><b data-path-to-node="8,0,0" data-index-in-node="0">Arrosage :</b> Suivez la règle pour les plantes grasses : n&#8217;arrosez que lorsque le sol est <b data-path-to-node="8,0,0" data-index-in-node="71">complètement sec</b>. Comme elle a des feuilles très grasses, elle emmagasine beaucoup d&#8217;eau et est extrêmement tolérante à la sécheresse. </p>
</li>
<li>
<p data-path-to-node="8,1,0">&#x2600;&#xfe0f; <b data-path-to-node="8,1,0" data-index-in-node="3">Éclairage :</b> Préfère le <b data-path-to-node="8,1,0" data-index-in-node="23">plein soleil</b> ou la lumière directe du soleil pendant plusieurs heures. Une lumière intense est le secret pour maintenir la forme compacte des rosettes et la couleur rougeâtre des pointes. </p>
</li>
<li>
<p data-path-to-node="8,2,0"><b data-path-to-node="8,2,0" data-index-in-node="0">Sol :</b> Utilisez un substrat avec un <b data-path-to-node="8,2,0" data-index-in-node="31">excellent drainage</b>, de préférence sablonneux ou avec une bonne teneur en minéraux, pour éviter que l&#8217;humidité ne s&#8217;accumule à la base des tiges.</p>
</li>
<li>
<p data-path-to-node="8,3,0">&#x2744;&#xfe0f; <b data-path-to-node="8,3,0" data-index-in-node="3">Température :</b> Protégez-la des fortes gelées. C&#8217;est une plante qui apprécie les environnements bien aérés et qui supporte bien les fortes chaleurs, à condition que le sol soit sec. </p>
</li>
</ul>
