{"id":70144,"date":"2026-03-04T13:27:34","date_gmt":"2026-03-04T12:27:34","guid":{"rendered":"https:\/\/jardimdapini.pt\/product\/echeveria-magma-pearl\/"},"modified":"2026-03-15T09:43:34","modified_gmt":"2026-03-15T08:43:34","slug":"echeveria-magma-pearl","status":"publish","type":"product","link":"https:\/\/jardimdapini.pt\/fr\/produit\/echeveria-magma-pearl\/","title":{"rendered":"Echeveria Magma Pearl"},"content":{"rendered":"<h2 data-path-to-node=\"2\">Echeveria Magma Pearl : La succulente volcanique<\/h2>\n<p data-path-to-node=\"5\">Magma Pearl&#8217; se distingue par sa <b data-path-to-node=\"5\" data-index-in-node=\"36\">coloration intense et changeante, <\/b>ses feuilles courtes et triangulaires formant une rosette extr\u00eamement compacte. La couleur de base varie entre le vin profond et le chocolat, mais sous la bonne lumi\u00e8re, elle r\u00e9v\u00e8le une lueur iris\u00e9e &#8211; la &#8220;perle&#8221; du nom &#8211; qui refl\u00e8te des tons m\u00e9talliques et rouge\u00e2tres. <\/p>\n<h2 data-path-to-node=\"4\">Les d\u00e9tails qui le rendent unique :<\/h2>\n<ul data-path-to-node=\"5\">\n<li>\n<p data-path-to-node=\"5,0,0\"><b data-path-to-node=\"5,0,0\" data-index-in-node=\"0\">Coloration volcanique :<\/b> Comme son nom l&#8217;indique, il pr\u00e9sente des feuilles aux nuances intenses de <b data-path-to-node=\"5,0,0\" data-index-in-node=\"75\">rouge vin, de bronze et de pourpre<\/b>, qui semblent briller comme de la lave \u00e0 la lumi\u00e8re du soleil.<\/p>\n<\/li>\n<li>\n<p data-path-to-node=\"5,1,0\"><b data-path-to-node=\"5,1,0\" data-index-in-node=\"0\">Finition nacr\u00e9e :<\/b> contrairement aux vari\u00e9t\u00e9s mates, elle pr\u00e9sente une l\u00e9g\u00e8re irisation \u00e0 la surface des feuilles, ce qui lui conf\u00e8re un aspect <b data-path-to-node=\"5,1,0\" data-index-in-node=\"131\">satin\u00e9<\/b> qui refl\u00e8te les tons m\u00e9talliques.<\/p>\n<\/li>\n<li>\n<p data-path-to-node=\"5,2,0\"><b data-path-to-node=\"5,2,0\" data-index-in-node=\"0\">Forme sculpturale compacte :<\/b> Les feuilles courtes et charnues sont organis\u00e9es en une rosette extr\u00eamement dense et sym\u00e9trique, conservant un port \u00e9l\u00e9gant.<\/p>\n<\/li>\n<li>\n<p data-path-to-node=\"5,3,0\"><b data-path-to-node=\"5,3,0\" data-index-in-node=\"0\">Intensit\u00e9 du stress :<\/b> Sous l&#8217;effet d&#8217;une exposition ad\u00e9quate au soleil et des variations de temp\u00e9rature, les bords des feuilles prennent une couleur <b data-path-to-node=\"5,3,0\" data-index-in-node=\"116\">rouge vif et brillante, ce qui<\/b> maximise leur impact visuel.<\/p>\n<\/li>\n<\/ul>\n<h2 data-path-to-node=\"6\">Soins :<\/h2>\n<p data-path-to-node=\"7\"><b data-path-to-node=\"7\" data-index-in-node=\"2\">&#8216;Magma Pearl&#8217;<\/b> est une plante robuste, mais elle a besoin d&#8217;une attention particuli\u00e8re \u00e0 la lumi\u00e8re pour conserver sa couleur caract\u00e9ristique et sa forme compacte.<\/p>\n<ul data-path-to-node=\"8\">\n<li>\n<p data-path-to-node=\"8,0,0\"><b data-path-to-node=\"8,0,0\" data-index-in-node=\"0\">Arrosage :<\/b> Suivez la r\u00e8gle d&#8217;or des plantes grasses : n&#8217;arrosez g\u00e9n\u00e9reusement que lorsque le sol est <b data-path-to-node=\"8,0,0\" data-index-in-node=\"92\">compl\u00e8tement sec<\/b>.<\/p>\n<\/li>\n<li>\n<p data-path-to-node=\"8,1,0\">&#x2600;&#xfe0f; <b data-path-to-node=\"8,1,0\" data-index-in-node=\"3\">\u00c9clairage :<\/b> Pr\u00e9f\u00e8re le <b data-path-to-node=\"8,1,0\" data-index-in-node=\"23\">plein soleil<\/b> ou la lumi\u00e8re directe du soleil pendant au moins 6 heures par jour. Une lumi\u00e8re intense est essentielle pour maintenir les tons fonc\u00e9s du &#8220;magma&#8221; ; dans les endroits peu \u00e9clair\u00e9s, il peut perdre sa couleur et devenir verd\u00e2tre. <\/p>\n<\/li>\n<li>\n<p data-path-to-node=\"8,2,0\"><b data-path-to-node=\"8,2,0\" data-index-in-node=\"0\">Terre :<\/b> Utilisez un substrat avec un <b data-path-to-node=\"8,2,0\" data-index-in-node=\"31\">excellent drainage<\/b>, de pr\u00e9f\u00e9rence un m\u00e9lange sp\u00e9cifique pour succulentes avec une bonne proportion de mati\u00e8res min\u00e9rales (comme la perlite ou le sable grossier).<\/p>\n<\/li>\n<li>\n<p data-path-to-node=\"8,3,0\">&#x2744;&#xfe0f; <b data-path-to-node=\"8,3,0\" data-index-in-node=\"3\">Temp\u00e9rature :<\/b> Prot\u00e9gez-la du gel et des temp\u00e9ratures n\u00e9gatives. Dans les climats tr\u00e8s chauds, assurez une bonne ventilation entre les plantes. <\/p>\n<\/li>\n<\/ul>\n","protected":false},"excerpt":{"rendered":"<p>Echeveria Magma Pearl<\/p>\n<p>Vase 5.5<\/p>\n<p>Origine : Hybride<\/p>\n","protected":false},"featured_media":69967,"comment_status":"open","ping_status":"closed","template":"","meta":[],"etheme_brands":[],"product_brand":[],"product_cat":[195,379],"product_tag":[],"class_list":["post-70144","product","type-product","status-publish","has-post-thumbnail","product_cat-succulentes","product_cat-echeveria-fr","first","outofstock","taxable","shipping-taxable","purchasable","product-type-simple"],"_links":{"self":[{"href":"https:\/\/jardimdapini.pt\/fr\/wp-json\/wp\/v2\/product\/70144","targetHints":{"allow":["GET"]}}],"collection":[{"href":"https:\/\/jardimdapini.pt\/fr\/wp-json\/wp\/v2\/product"}],"about":[{"href":"https:\/\/jardimdapini.pt\/fr\/wp-json\/wp\/v2\/types\/product"}],"replies":[{"embeddable":true,"href":"https:\/\/jardimdapini.pt\/fr\/wp-json\/wp\/v2\/comments?post=70144"}],"wp:featuredmedia":[{"embeddable":true,"href":"https:\/\/jardimdapini.pt\/fr\/wp-json\/wp\/v2\/media\/69967"}],"wp:attachment":[{"href":"https:\/\/jardimdapini.pt\/fr\/wp-json\/wp\/v2\/media?parent=70144"}],"wp:term":[{"taxonomy":"brand","embeddable":true,"href":"https:\/\/jardimdapini.pt\/fr\/wp-json\/wp\/v2\/etheme_brands?post=70144"},{"taxonomy":"product_brand","embeddable":true,"href":"https:\/\/jardimdapini.pt\/fr\/wp-json\/wp\/v2\/product_brand?post=70144"},{"taxonomy":"product_cat","embeddable":true,"href":"https:\/\/jardimdapini.pt\/fr\/wp-json\/wp\/v2\/product_cat?post=70144"},{"taxonomy":"product_tag","embeddable":true,"href":"https:\/\/jardimdapini.pt\/fr\/wp-json\/wp\/v2\/product_tag?post=70144"}],"curies":[{"name":"wp","href":"https:\/\/api.w.org\/{rel}","templated":true}]}}

<h2 data-path-to-node="2">Echeveria Magma Pearl : La succulente volcanique</h2>
<p data-path-to-node="5">Magma Pearl&#8217; se distingue par sa <b data-path-to-node="5" data-index-in-node="36">coloration intense et changeante, </b>ses feuilles courtes et triangulaires formant une rosette extrêmement compacte. La couleur de base varie entre le vin profond et le chocolat, mais sous la bonne lumière, elle révèle une lueur irisée &#8211; la &#8220;perle&#8221; du nom &#8211; qui reflète des tons métalliques et rougeâtres. </p>
<h2 data-path-to-node="4">Les détails qui le rendent unique :</h2>
<ul data-path-to-node="5">
<li>
<p data-path-to-node="5,0,0"><b data-path-to-node="5,0,0" data-index-in-node="0">Coloration volcanique :</b> Comme son nom l&#8217;indique, il présente des feuilles aux nuances intenses de <b data-path-to-node="5,0,0" data-index-in-node="75">rouge vin, de bronze et de pourpre</b>, qui semblent briller comme de la lave à la lumière du soleil.</p>
</li>
<li>
<p data-path-to-node="5,1,0"><b data-path-to-node="5,1,0" data-index-in-node="0">Finition nacrée :</b> contrairement aux variétés mates, elle présente une légère irisation à la surface des feuilles, ce qui lui confère un aspect <b data-path-to-node="5,1,0" data-index-in-node="131">satiné</b> qui reflète les tons métalliques.</p>
</li>
<li>
<p data-path-to-node="5,2,0"><b data-path-to-node="5,2,0" data-index-in-node="0">Forme sculpturale compacte :</b> Les feuilles courtes et charnues sont organisées en une rosette extrêmement dense et symétrique, conservant un port élégant.</p>
</li>
<li>
<p data-path-to-node="5,3,0"><b data-path-to-node="5,3,0" data-index-in-node="0">Intensité du stress :</b> Sous l&#8217;effet d&#8217;une exposition adéquate au soleil et des variations de température, les bords des feuilles prennent une couleur <b data-path-to-node="5,3,0" data-index-in-node="116">rouge vif et brillante, ce qui</b> maximise leur impact visuel.</p>
</li>
</ul>
<h2 data-path-to-node="6">Soins :</h2>
<p data-path-to-node="7"><b data-path-to-node="7" data-index-in-node="2">&#8216;Magma Pearl&#8217;</b> est une plante robuste, mais elle a besoin d&#8217;une attention particulière à la lumière pour conserver sa couleur caractéristique et sa forme compacte.</p>
<ul data-path-to-node="8">
<li>
<p data-path-to-node="8,0,0"><b data-path-to-node="8,0,0" data-index-in-node="0">Arrosage :</b> Suivez la règle d&#8217;or des plantes grasses : n&#8217;arrosez généreusement que lorsque le sol est <b data-path-to-node="8,0,0" data-index-in-node="92">complètement sec</b>.</p>
</li>
<li>
<p data-path-to-node="8,1,0">&#x2600;&#xfe0f; <b data-path-to-node="8,1,0" data-index-in-node="3">Éclairage :</b> Préfère le <b data-path-to-node="8,1,0" data-index-in-node="23">plein soleil</b> ou la lumière directe du soleil pendant au moins 6 heures par jour. Une lumière intense est essentielle pour maintenir les tons foncés du &#8220;magma&#8221; ; dans les endroits peu éclairés, il peut perdre sa couleur et devenir verdâtre. </p>
</li>
<li>
<p data-path-to-node="8,2,0"><b data-path-to-node="8,2,0" data-index-in-node="0">Terre :</b> Utilisez un substrat avec un <b data-path-to-node="8,2,0" data-index-in-node="31">excellent drainage</b>, de préférence un mélange spécifique pour succulentes avec une bonne proportion de matières minérales (comme la perlite ou le sable grossier).</p>
</li>
<li>
<p data-path-to-node="8,3,0">&#x2744;&#xfe0f; <b data-path-to-node="8,3,0" data-index-in-node="3">Température :</b> Protégez-la du gel et des températures négatives. Dans les climats très chauds, assurez une bonne ventilation entre les plantes. </p>
</li>
</ul>
