{"id":67586,"date":"2025-10-15T10:27:12","date_gmt":"2025-10-15T09:27:12","guid":{"rendered":"https:\/\/jardimdapini.pt\/product\/echeveria-dark-ice\/"},"modified":"2026-07-01T15:58:55","modified_gmt":"2026-07-01T14:58:55","slug":"echeveria-dark-ice","status":"publish","type":"product","link":"https:\/\/jardimdapini.pt\/fr\/produit\/echeveria-dark-ice\/","title":{"rendered":"Echeveria Dark-Ice"},"content":{"rendered":"<h2>Echeveria Dark Ice<\/h2>\n<p>&nbsp;<\/p>\n<p>L&#8217;<b>Echeveria Dark Ice <\/b>est une succulente aux couleurs vives, id\u00e9ale pour les collectionneurs et les amateurs de plantes qui sortent de l&#8217;ordinaire. Son nom fait r\u00e9f\u00e9rence au contraste spectaculaire entre le centre bleu-gris (&#8220;Ice&#8221;) et les bords sombres et rouge\u00e2tres (&#8220;Dark&#8221;). <\/p>\n<p>&nbsp;<\/p>\n<h3>Caract\u00e9ristiques ornementales<\/h3>\n<p>&nbsp;<\/p>\n<ul>\n<li><b>Forme :<\/b> Forme des rosettes compactes et sym\u00e9triques de taille moyenne.<\/li>\n<li><b>Feuillage :<\/b> les feuilles sont charnues, en forme de cuill\u00e8re, et recouvertes d&#8217;une <b>fine couche de pruine<\/b> (poudre blanche naturelle) qui leur donne une texture velout\u00e9e et une couleur de base <b>bleu-gris ou bleu-vert<\/b>.<\/li>\n<li><b>Coloration &#8220;Dark Ice&#8221; :<\/b> La caract\u00e9ristique la plus frappante est sa couleur intense. Lorsqu&#8217;elles sont expos\u00e9es au plein soleil ou \u00e0 des temp\u00e9ratures plus fra\u00eeches (ce que l&#8217;on appelle le &#8220;stress contr\u00f4l\u00e9&#8221;), les bords et les extr\u00e9mit\u00e9s des feuilles prennent une teinte <b>pourpre fonc\u00e9, rouge fonc\u00e9 ou presque noire<\/b>, cr\u00e9ant un contraste fascinant avec le centre plus clair. <\/li>\n<\/ul>\n<p>&nbsp;<\/p>\n<h3>Soins et culture<\/h3>\n<p>&nbsp;<\/p>\n<ul>\n<li><b>Lumi\u00e8re :<\/b> Requiert un <b>plein soleil ou un soleil indirect tr\u00e8s lumineux<\/b> pour maintenir la forme compacte de la rosette et intensifier la coloration pourpre\/rouge sur les bords des feuilles. Le manque de lumi\u00e8re peut provoquer une stiolisation (croissance allong\u00e9e et faible). <\/li>\n<li><b>Arrosage :<\/b> La m\u00e9thode<i>&#8220;tremper et<\/i> s\u00e9cher&#8221; s&#8217;applique. Arrosez abondamment, mais seulement lorsque le substrat est <b>compl\u00e8tement sec.<\/b> <\/li>\n<li><b>Substrat :<\/b> Utilisez un substrat tr\u00e8s poreux avec un <b>excellent drainage<\/b>, sp\u00e9cialement con\u00e7u pour les cactus et les plantes grasses.<\/li>\n<li><b>Temp\u00e9rature :<\/b> S&#8217;adapte bien aux temp\u00e9ratures douces. Il doit \u00eatre prot\u00e9g\u00e9 du gel et des temp\u00e9ratures inf\u00e9rieures \u00e0 2\u00b0C.<span class=\"math-inline\"><br \/>\n  <span class=\"katex\"><br \/>\n    <span class=\"katex-html\" aria-hidden=\"true\"><br \/>\n      <span class=\"base\"><br \/>\n        <span class=\"mord\"><br \/>\n          <span class=\"msupsub\"><br \/>\n            <span class=\"vlist-t\"><br \/>\n              <span class=\"vlist-r\"><br \/>\n                <span class=\"vlist\"><br \/>\n                  <span class=\"\"><br \/>\n                    <span class=\"sizing reset-size6 size3 mtight\"><br \/>\n                      <span class=\"mbin mtight\">\u2218<\/span><br \/>\n                    <\/span><br \/>\n                  <\/span><br \/>\n                <\/span><br \/>\n              <\/span><br \/>\n            <\/span><br \/>\n          <\/span><br \/>\n        <\/span><br \/>\n        <span class=\"mord text\"><br \/>\n          <span class=\"mord\">C<\/span><br \/>\n        <\/span><br \/>\n      <\/span><br \/>\n    <\/span><br \/>\n  <\/span><br \/>\n<\/span>. <\/li>\n<li><b>Multiplication :<\/b> Relativement facile \u00e0 multiplier par boutures de feuilles et greffons.<\/li>\n<\/ul>\n","protected":false},"excerpt":{"rendered":"<p>Echeveria Dark-Ice<\/p>\n<p>Vase 5.5<\/p>\n<p>Origine : Cor\u00e9e du Sud\/Hybride<\/p>\n","protected":false},"featured_media":67471,"comment_status":"open","ping_status":"closed","template":"","meta":[],"etheme_brands":[],"product_brand":[],"product_cat":[379,406,195,199],"product_tag":[],"class_list":["post-67586","product","type-product","status-publish","has-post-thumbnail","product_cat-echeveria-fr","product_cat-spot-des-collectionneurs","product_cat-succulentes","product_cat-succulentes-coreennes","first","instock","taxable","shipping-taxable","purchasable","product-type-simple"],"_links":{"self":[{"href":"https:\/\/jardimdapini.pt\/fr\/wp-json\/wp\/v2\/product\/67586","targetHints":{"allow":["GET"]}}],"collection":[{"href":"https:\/\/jardimdapini.pt\/fr\/wp-json\/wp\/v2\/product"}],"about":[{"href":"https:\/\/jardimdapini.pt\/fr\/wp-json\/wp\/v2\/types\/product"}],"replies":[{"embeddable":true,"href":"https:\/\/jardimdapini.pt\/fr\/wp-json\/wp\/v2\/comments?post=67586"}],"wp:featuredmedia":[{"embeddable":true,"href":"https:\/\/jardimdapini.pt\/fr\/wp-json\/wp\/v2\/media\/67471"}],"wp:attachment":[{"href":"https:\/\/jardimdapini.pt\/fr\/wp-json\/wp\/v2\/media?parent=67586"}],"wp:term":[{"taxonomy":"brand","embeddable":true,"href":"https:\/\/jardimdapini.pt\/fr\/wp-json\/wp\/v2\/etheme_brands?post=67586"},{"taxonomy":"product_brand","embeddable":true,"href":"https:\/\/jardimdapini.pt\/fr\/wp-json\/wp\/v2\/product_brand?post=67586"},{"taxonomy":"product_cat","embeddable":true,"href":"https:\/\/jardimdapini.pt\/fr\/wp-json\/wp\/v2\/product_cat?post=67586"},{"taxonomy":"product_tag","embeddable":true,"href":"https:\/\/jardimdapini.pt\/fr\/wp-json\/wp\/v2\/product_tag?post=67586"}],"curies":[{"name":"wp","href":"https:\/\/api.w.org\/{rel}","templated":true}]}}

<h2>Echeveria Dark Ice</h2>
<p>&nbsp;</p>
<p>L&#8217;<b>Echeveria Dark Ice </b>est une succulente aux couleurs vives, idéale pour les collectionneurs et les amateurs de plantes qui sortent de l&#8217;ordinaire. Son nom fait référence au contraste spectaculaire entre le centre bleu-gris (&#8220;Ice&#8221;) et les bords sombres et rougeâtres (&#8220;Dark&#8221;). </p>
<p>&nbsp;</p>
<h3>Caractéristiques ornementales</h3>
<p>&nbsp;</p>
<ul>
<li><b>Forme :</b> Forme des rosettes compactes et symétriques de taille moyenne.</li>
<li><b>Feuillage :</b> les feuilles sont charnues, en forme de cuillère, et recouvertes d&#8217;une <b>fine couche de pruine</b> (poudre blanche naturelle) qui leur donne une texture veloutée et une couleur de base <b>bleu-gris ou bleu-vert</b>.</li>
<li><b>Coloration &#8220;Dark Ice&#8221; :</b> La caractéristique la plus frappante est sa couleur intense. Lorsqu&#8217;elles sont exposées au plein soleil ou à des températures plus fraîches (ce que l&#8217;on appelle le &#8220;stress contrôlé&#8221;), les bords et les extrémités des feuilles prennent une teinte <b>pourpre foncé, rouge foncé ou presque noire</b>, créant un contraste fascinant avec le centre plus clair. </li>
</ul>
<p>&nbsp;</p>
<h3>Soins et culture</h3>
<p>&nbsp;</p>
<ul>
<li><b>Lumière :</b> Requiert un <b>plein soleil ou un soleil indirect très lumineux</b> pour maintenir la forme compacte de la rosette et intensifier la coloration pourpre/rouge sur les bords des feuilles. Le manque de lumière peut provoquer une stiolisation (croissance allongée et faible). </li>
<li><b>Arrosage :</b> La méthode<i>&#8220;tremper et</i> sécher&#8221; s&#8217;applique. Arrosez abondamment, mais seulement lorsque le substrat est <b>complètement sec.</b> </li>
<li><b>Substrat :</b> Utilisez un substrat très poreux avec un <b>excellent drainage</b>, spécialement conçu pour les cactus et les plantes grasses.</li>
<li><b>Température :</b> S&#8217;adapte bien aux températures douces. Il doit être protégé du gel et des températures inférieures à 2°C.<span class="math-inline"><br />
  <span class="katex"><br />
    <span class="katex-html" aria-hidden="true"><br />
      <span class="base"><br />
        <span class="mord"><br />
          <span class="msupsub"><br />
            <span class="vlist-t"><br />
              <span class="vlist-r"><br />
                <span class="vlist"><br />
                  <span class=""><br />
                    <span class="sizing reset-size6 size3 mtight"><br />
                      <span class="mbin mtight">∘</span><br />
                    </span><br />
                  </span><br />
                </span><br />
              </span><br />
            </span><br />
          </span><br />
        </span><br />
        <span class="mord text"><br />
          <span class="mord">C</span><br />
        </span><br />
      </span><br />
    </span><br />
  </span><br />
</span>. </li>
<li><b>Multiplication :</b> Relativement facile à multiplier par boutures de feuilles et greffons.</li>
</ul>

<p>Echeveria Dark-Ice</p>
<p>Vase 5.5</p>
<p>Origine : Corée du Sud/Hybride</p>
