{"id":64953,"date":"2025-04-16T12:48:38","date_gmt":"2025-04-16T11:48:38","guid":{"rendered":"https:\/\/jardimdapini.pt\/product\/conophytum-uviforme\/"},"modified":"2026-04-14T16:40:23","modified_gmt":"2026-04-14T15:40:23","slug":"conophytum-uviforme","status":"publish","type":"product","link":"https:\/\/jardimdapini.pt\/fr\/produit\/conophytum-uviforme\/","title":{"rendered":"Conophytum Uviforme"},"content":{"rendered":"<p data-sourcepos=\"3:1-3:381\">Le <strong>Conophytum uviforme<\/strong> est une petite plante succulente \u00e0 croissance lente appartenant au groupe des \u00ab Conos \u00bb. Originaire des r\u00e9gions arides d&#8217;Afrique du Sud, ce petit tr\u00e9sor de la nature enchante par sa forme unique, qui rappelle de petites grappes de raisin ou des c\u0153urs joints. Ses couleurs vibrantes et sa texture douce en font un ajout excentrique et charmant \u00e0 toute collection de succulentes.  <\/p>\n<p data-sourcepos=\"5:1-5:20\"><strong>Caract\u00e9ristiques :<\/strong><\/p>\n<ul data-sourcepos=\"7:1-12:0\">\n<li data-sourcepos=\"7:1-7:210\"><strong>Forme :<\/strong> Paires de feuilles charnues et soud\u00e9es, formant des corps globulaires ou ovales, avec une fissure au sommet par laquelle sortent les nouvelles feuilles et la fleur. Elles ressemblent \u00e0 de petites grappes de raisin ou \u00e0 des c\u0153urs joints. <\/li>\n<li data-sourcepos=\"8:1-8:176\"><strong>Couleur :<\/strong> elle varie consid\u00e9rablement d&#8217;une sous-esp\u00e8ce \u00e0 l&#8217;autre et d&#8217;une vari\u00e9t\u00e9 \u00e0 l&#8217;autre, avec des nuances de vert, de gris, de rouge, de rose, de jaune et d&#8217;orange, souvent avec des motifs et des taches distinctifs.<\/li>\n<li data-sourcepos=\"9:1-9:94\"><strong>Taille :<\/strong> Tr\u00e8s petite, chaque \u00ab t\u00eate \u00bb mesurant g\u00e9n\u00e9ralement entre 1 et 3 cm de diam\u00e8tre.<\/li>\n<li data-sourcepos=\"10:1-10:86\"><strong>Croissance : Croissance<\/strong> lente, formant de petites grappes au fil du temps.<\/li>\n<li data-sourcepos=\"11:1-12:0\"><strong>Floraison :<\/strong> produit de petites fleurs solitaires qui \u00e9mergent de la fissure en automne, g\u00e9n\u00e9ralement dans des tons de blanc, de rose, de jaune ou d&#8217;orange, souvent avec un l\u00e9ger parfum.<\/li>\n<\/ul>\n<p data-sourcepos=\"13:1-13:13\"><strong>Soins :<\/strong><\/p>\n<ul data-sourcepos=\"15:1-20:0\">\n<li data-sourcepos=\"15:1-15:170\"><strong>Lumi\u00e8re :<\/strong> Appr\u00e9cie une lumi\u00e8re claire et indirecte en plein soleil, surtout pendant la p\u00e9riode de croissance (automne et hiver). \u00c9vitez le soleil de midi en \u00e9t\u00e9. <\/li>\n<li data-sourcepos=\"16:1-16:270\">Arrosage <strong>:<\/strong> L&#8217;arrosage est saisonnier. Arrosez mod\u00e9r\u00e9ment en automne et en hiver lorsque les plantes sont actives. Arr\u00eatez presque compl\u00e8tement l&#8217;arrosage pendant la p\u00e9riode de dormance estivale, lorsque les feuilles ext\u00e9rieures se dess\u00e8chent et prot\u00e8gent les nouvelles feuilles en d\u00e9veloppement.  <\/li>\n<li data-sourcepos=\"17:1-17:106\"><strong>Substrat :<\/strong> Utilisez un substrat sablonneux bien drain\u00e9, sp\u00e9cialement con\u00e7u pour les succulentes, avec une bonne a\u00e9ration.<\/li>\n<li data-sourcepos=\"18:1-18:142\"><strong>Temp\u00e9rature :<\/strong> Pr\u00e9f\u00e8re les temp\u00e9ratures douces pendant la saison de croissance (10-25\u00b0C). Prot\u00e9gez-la des fortes gel\u00e9es et des chaleurs extr\u00eames en \u00e9t\u00e9. <\/li>\n<li data-sourcepos=\"19:1-20:0\">Dormance <strong>:<\/strong> Essentielle pour son cycle de vie. Respectez la p\u00e9riode de dormance en \u00e9t\u00e9 en gardant les plantes au sec et dans un endroit frais et ombrag\u00e9. <\/li>\n<\/ul>\n<p data-sourcepos=\"21:1-21:18\"><strong>O\u00f9 cultiver :<\/strong><\/p>\n<ul data-sourcepos=\"23:1-26:0\">\n<li data-sourcepos=\"23:1-23:116\"><strong>Petits pots :<\/strong> Id\u00e9al pour la culture en petits pots, vous permettant d&#8217;appr\u00e9cier les d\u00e9tails de leurs formes et de leurs couleurs.<\/li>\n<li data-sourcepos=\"24:1-24:124\"><strong>Mini jardins et terrariums ouverts :<\/strong> peuvent \u00eatre inclus dans des mini jardins de succulentes, ajoutant une touche de d\u00e9licatesse.<\/li>\n<li data-sourcepos=\"25:1-26:0\"><strong>Collections de succulentes :<\/strong> un compl\u00e9ment fascinant et recherch\u00e9 par les collectionneurs.<\/li>\n<\/ul>\n","protected":false},"excerpt":{"rendered":"<p>Conophytum Uviforme<\/p>\n<p>Pot 5.5<\/p>\n<p>Origine : Afrique du Sud<\/p>\n","protected":false},"featured_media":63805,"comment_status":"open","ping_status":"closed","template":"","meta":[],"etheme_brands":[],"product_brand":[],"product_cat":[195,531],"product_tag":[],"class_list":["post-64953","product","type-product","status-publish","has-post-thumbnail","product_cat-succulentes","product_cat-conophytum-fr","first","instock","taxable","shipping-taxable","purchasable","product-type-simple"],"_links":{"self":[{"href":"https:\/\/jardimdapini.pt\/fr\/wp-json\/wp\/v2\/product\/64953","targetHints":{"allow":["GET"]}}],"collection":[{"href":"https:\/\/jardimdapini.pt\/fr\/wp-json\/wp\/v2\/product"}],"about":[{"href":"https:\/\/jardimdapini.pt\/fr\/wp-json\/wp\/v2\/types\/product"}],"replies":[{"embeddable":true,"href":"https:\/\/jardimdapini.pt\/fr\/wp-json\/wp\/v2\/comments?post=64953"}],"wp:featuredmedia":[{"embeddable":true,"href":"https:\/\/jardimdapini.pt\/fr\/wp-json\/wp\/v2\/media\/63805"}],"wp:attachment":[{"href":"https:\/\/jardimdapini.pt\/fr\/wp-json\/wp\/v2\/media?parent=64953"}],"wp:term":[{"taxonomy":"brand","embeddable":true,"href":"https:\/\/jardimdapini.pt\/fr\/wp-json\/wp\/v2\/etheme_brands?post=64953"},{"taxonomy":"product_brand","embeddable":true,"href":"https:\/\/jardimdapini.pt\/fr\/wp-json\/wp\/v2\/product_brand?post=64953"},{"taxonomy":"product_cat","embeddable":true,"href":"https:\/\/jardimdapini.pt\/fr\/wp-json\/wp\/v2\/product_cat?post=64953"},{"taxonomy":"product_tag","embeddable":true,"href":"https:\/\/jardimdapini.pt\/fr\/wp-json\/wp\/v2\/product_tag?post=64953"}],"curies":[{"name":"wp","href":"https:\/\/api.w.org\/{rel}","templated":true}]}}

<p data-sourcepos="3:1-3:381">Le <strong>Conophytum uviforme</strong> est une petite plante succulente à croissance lente appartenant au groupe des « Conos ». Originaire des régions arides d&#8217;Afrique du Sud, ce petit trésor de la nature enchante par sa forme unique, qui rappelle de petites grappes de raisin ou des cœurs joints. Ses couleurs vibrantes et sa texture douce en font un ajout excentrique et charmant à toute collection de succulentes.  </p>
<p data-sourcepos="5:1-5:20"><strong>Caractéristiques :</strong></p>
<ul data-sourcepos="7:1-12:0">
<li data-sourcepos="7:1-7:210"><strong>Forme :</strong> Paires de feuilles charnues et soudées, formant des corps globulaires ou ovales, avec une fissure au sommet par laquelle sortent les nouvelles feuilles et la fleur. Elles ressemblent à de petites grappes de raisin ou à des cœurs joints. </li>
<li data-sourcepos="8:1-8:176"><strong>Couleur :</strong> elle varie considérablement d&#8217;une sous-espèce à l&#8217;autre et d&#8217;une variété à l&#8217;autre, avec des nuances de vert, de gris, de rouge, de rose, de jaune et d&#8217;orange, souvent avec des motifs et des taches distinctifs.</li>
<li data-sourcepos="9:1-9:94"><strong>Taille :</strong> Très petite, chaque « tête » mesurant généralement entre 1 et 3 cm de diamètre.</li>
<li data-sourcepos="10:1-10:86"><strong>Croissance : Croissance</strong> lente, formant de petites grappes au fil du temps.</li>
<li data-sourcepos="11:1-12:0"><strong>Floraison :</strong> produit de petites fleurs solitaires qui émergent de la fissure en automne, généralement dans des tons de blanc, de rose, de jaune ou d&#8217;orange, souvent avec un léger parfum.</li>
</ul>
<p data-sourcepos="13:1-13:13"><strong>Soins :</strong></p>
<ul data-sourcepos="15:1-20:0">
<li data-sourcepos="15:1-15:170"><strong>Lumière :</strong> Apprécie une lumière claire et indirecte en plein soleil, surtout pendant la période de croissance (automne et hiver). Évitez le soleil de midi en été. </li>
<li data-sourcepos="16:1-16:270">Arrosage <strong>:</strong> L&#8217;arrosage est saisonnier. Arrosez modérément en automne et en hiver lorsque les plantes sont actives. Arrêtez presque complètement l&#8217;arrosage pendant la période de dormance estivale, lorsque les feuilles extérieures se dessèchent et protègent les nouvelles feuilles en développement.  </li>
<li data-sourcepos="17:1-17:106"><strong>Substrat :</strong> Utilisez un substrat sablonneux bien drainé, spécialement conçu pour les succulentes, avec une bonne aération.</li>
<li data-sourcepos="18:1-18:142"><strong>Température :</strong> Préfère les températures douces pendant la saison de croissance (10-25°C). Protégez-la des fortes gelées et des chaleurs extrêmes en été. </li>
<li data-sourcepos="19:1-20:0">Dormance <strong>:</strong> Essentielle pour son cycle de vie. Respectez la période de dormance en été en gardant les plantes au sec et dans un endroit frais et ombragé. </li>
</ul>
<p data-sourcepos="21:1-21:18"><strong>Où cultiver :</strong></p>
<ul data-sourcepos="23:1-26:0">
<li data-sourcepos="23:1-23:116"><strong>Petits pots :</strong> Idéal pour la culture en petits pots, vous permettant d&#8217;apprécier les détails de leurs formes et de leurs couleurs.</li>
<li data-sourcepos="24:1-24:124"><strong>Mini jardins et terrariums ouverts :</strong> peuvent être inclus dans des mini jardins de succulentes, ajoutant une touche de délicatesse.</li>
<li data-sourcepos="25:1-26:0"><strong>Collections de succulentes :</strong> un complément fascinant et recherché par les collectionneurs.</li>
</ul>
