{"id":58631,"date":"2019-09-30T19:03:54","date_gmt":"2024-09-09T20:02:18","guid":{"rendered":"https:\/\/jardimdapini.pt\/product\/aloe-aristata\/"},"modified":"2024-09-09T21:02:18","modified_gmt":"2024-09-09T20:02:18","slug":"aloe-aristata","status":"publish","type":"product","link":"https:\/\/jardimdapini.pt\/fr\/produit\/aloe-aristata\/","title":{"rendered":"Aloe Aristata"},"content":{"rendered":"<p>L&#8217;Aloe aristata est une esp\u00e8ce d&#8217;alo\u00e8s appartenant \u00e0 la famille des Xanthorrhoeaceae.<br \/>\nAristata signifie &#8220;longue pointe&#8221; ou &#8220;barbe&#8221;, et fait r\u00e9f\u00e9rence \u00e0 une caract\u00e9ristique de cet alo\u00e8s qui poss\u00e8de des feuilles aux pointes fines, qui deviennent encore plus fines lorsqu&#8217;elles manquent d&#8217;eau, peuvent se refermer sur elles-m\u00eames et r\u00e9duire le volume des feuilles.<br \/>\nAvec des rosettes de 10 \u00e0 15 cm, il est consid\u00e9r\u00e9 comme une petite esp\u00e8ce id\u00e9ale pour les pots.<br \/>\nPropag\u00e9e par des pousses partant de la base, elle fleurit au printemps. <em>Consultez notre comparatif des tailles de pots que nous utilisons habituellement et nos conseils pour l&#8217;entretien des succulentes et des cactus <strong><a href=\"https:\/\/jardimdapini.pt\/os-nossos-formatos-de-vasos\/\" target=\"_blank\" rel=\"noopener noreferrer\">ici<\/a> <\/strong><strong> <a href=\"https:\/\/jardimdapini.pt\/dicas-simples-para-cuidar-das-suas-suculentas-e-cactos\/\" target=\"_blank\" rel=\"noopener noreferrer\">!<\/a><\/strong><\/em>   <\/p>\n","protected":false},"excerpt":{"rendered":"<p>Vase Aloe Aristata 9 Origine : Afrique du Sud<\/p>\n","protected":false},"featured_media":43522,"comment_status":"open","ping_status":"closed","template":"","meta":[],"etheme_brands":[],"product_brand":[],"product_cat":[382,195],"product_tag":[],"class_list":["post-58631","product","type-product","status-publish","has-post-thumbnail","product_cat-aloes","product_cat-succulentes","first","outofstock","taxable","shipping-taxable","purchasable","product-type-simple"],"_links":{"self":[{"href":"https:\/\/jardimdapini.pt\/fr\/wp-json\/wp\/v2\/product\/58631","targetHints":{"allow":["GET"]}}],"collection":[{"href":"https:\/\/jardimdapini.pt\/fr\/wp-json\/wp\/v2\/product"}],"about":[{"href":"https:\/\/jardimdapini.pt\/fr\/wp-json\/wp\/v2\/types\/product"}],"replies":[{"embeddable":true,"href":"https:\/\/jardimdapini.pt\/fr\/wp-json\/wp\/v2\/comments?post=58631"}],"wp:featuredmedia":[{"embeddable":true,"href":"https:\/\/jardimdapini.pt\/fr\/wp-json\/wp\/v2\/media\/43522"}],"wp:attachment":[{"href":"https:\/\/jardimdapini.pt\/fr\/wp-json\/wp\/v2\/media?parent=58631"}],"wp:term":[{"taxonomy":"brand","embeddable":true,"href":"https:\/\/jardimdapini.pt\/fr\/wp-json\/wp\/v2\/etheme_brands?post=58631"},{"taxonomy":"product_brand","embeddable":true,"href":"https:\/\/jardimdapini.pt\/fr\/wp-json\/wp\/v2\/product_brand?post=58631"},{"taxonomy":"product_cat","embeddable":true,"href":"https:\/\/jardimdapini.pt\/fr\/wp-json\/wp\/v2\/product_cat?post=58631"},{"taxonomy":"product_tag","embeddable":true,"href":"https:\/\/jardimdapini.pt\/fr\/wp-json\/wp\/v2\/product_tag?post=58631"}],"curies":[{"name":"wp","href":"https:\/\/api.w.org\/{rel}","templated":true}]}}

<p>L&#8217;Aloe aristata est une espèce d&#8217;aloès appartenant à la famille des Xanthorrhoeaceae.<br />
Aristata signifie &#8220;longue pointe&#8221; ou &#8220;barbe&#8221;, et fait référence à une caractéristique de cet aloès qui possède des feuilles aux pointes fines, qui deviennent encore plus fines lorsqu&#8217;elles manquent d&#8217;eau, peuvent se refermer sur elles-mêmes et réduire le volume des feuilles.<br />
Avec des rosettes de 10 à 15 cm, il est considéré comme une petite espèce idéale pour les pots.<br />
Propagée par des pousses partant de la base, elle fleurit au printemps. <em>Consultez notre comparatif des tailles de pots que nous utilisons habituellement et nos conseils pour l&#8217;entretien des succulentes et des cactus <strong><a href="https://jardimdapini.pt/os-nossos-formatos-de-vasos/" target="_blank" rel="noopener noreferrer">ici</a> </strong><strong> <a href="https://jardimdapini.pt/dicas-simples-para-cuidar-das-suas-suculentas-e-cactos/" target="_blank" rel="noopener noreferrer">!</a></strong></em>   </p>
