{"id":58529,"date":"2020-04-13T15:08:21","date_gmt":"2020-04-13T14:08:21","guid":{"rendered":"https:\/\/jardimdapini.pt\/product\/echeveria-cante\/"},"modified":"2026-05-26T22:13:48","modified_gmt":"2026-05-26T21:13:48","slug":"echeveria-cante","status":"publish","type":"product","link":"https:\/\/jardimdapini.pt\/fr\/produit\/echeveria-cante\/","title":{"rendered":"Echeveria Cante"},"content":{"rendered":"<p>L&#8217;Echeveria cante est une tr\u00e8s belle esp\u00e8ce apparent\u00e9e \u00e0 l&#8217;Echeveria subrigida. Elle n&#8217;a \u00e9t\u00e9 nomm\u00e9e que r\u00e9cemment, bien que la plante ait longtemps \u00e9t\u00e9 cultiv\u00e9e en tant que subrigida ou sous le nom d&#8217;Echeveria rosei.<br \/>\nLe nouveau nom rend hommage \u00e0 l&#8217;Institut Cante et au Jardin botanique de San Miguel de Allende au Mexique.<br \/>\nCet echeveria contient de la pruine sur ses feuilles, ce qui lui donne sa couleur blanche. Pendant le transport, il peut perdre une partie de cette poudre blanche, ce qui est normal. <em>Consultez notre comparaison des tailles de pots que nous utilisons habituellement et nos conseils pour l&#8217;entretien des succulentes et des cactus <strong><a href=\"https:\/\/jardimdapini.pt\/os-nossos-formatos-de-vasos\/\" target=\"_blank\" rel=\"noopener noreferrer\">ici<\/a> <\/strong><strong> <a href=\"https:\/\/jardimdapini.pt\/dicas-simples-para-cuidar-das-suas-suculentas-e-cactos\/\" target=\"_blank\" rel=\"noopener noreferrer\">!<\/a><\/strong><\/em>  <\/p>\n","protected":false},"excerpt":{"rendered":"<p>Echeveria Cante Vaso 13 Origine : Mexique<\/p>\n","protected":false},"featured_media":47026,"comment_status":"open","ping_status":"closed","template":"","meta":[],"etheme_brands":[],"product_brand":[],"product_cat":[379,195],"product_tag":[],"class_list":["post-58529","product","type-product","status-publish","has-post-thumbnail","product_cat-echeveria-fr","product_cat-succulentes","first","instock","taxable","shipping-taxable","purchasable","product-type-simple"],"_links":{"self":[{"href":"https:\/\/jardimdapini.pt\/fr\/wp-json\/wp\/v2\/product\/58529","targetHints":{"allow":["GET"]}}],"collection":[{"href":"https:\/\/jardimdapini.pt\/fr\/wp-json\/wp\/v2\/product"}],"about":[{"href":"https:\/\/jardimdapini.pt\/fr\/wp-json\/wp\/v2\/types\/product"}],"replies":[{"embeddable":true,"href":"https:\/\/jardimdapini.pt\/fr\/wp-json\/wp\/v2\/comments?post=58529"}],"wp:featuredmedia":[{"embeddable":true,"href":"https:\/\/jardimdapini.pt\/fr\/wp-json\/wp\/v2\/media\/47026"}],"wp:attachment":[{"href":"https:\/\/jardimdapini.pt\/fr\/wp-json\/wp\/v2\/media?parent=58529"}],"wp:term":[{"taxonomy":"brand","embeddable":true,"href":"https:\/\/jardimdapini.pt\/fr\/wp-json\/wp\/v2\/etheme_brands?post=58529"},{"taxonomy":"product_brand","embeddable":true,"href":"https:\/\/jardimdapini.pt\/fr\/wp-json\/wp\/v2\/product_brand?post=58529"},{"taxonomy":"product_cat","embeddable":true,"href":"https:\/\/jardimdapini.pt\/fr\/wp-json\/wp\/v2\/product_cat?post=58529"},{"taxonomy":"product_tag","embeddable":true,"href":"https:\/\/jardimdapini.pt\/fr\/wp-json\/wp\/v2\/product_tag?post=58529"}],"curies":[{"name":"wp","href":"https:\/\/api.w.org\/{rel}","templated":true}]}}

<p>L&#8217;Echeveria cante est une très belle espèce apparentée à l&#8217;Echeveria subrigida. Elle n&#8217;a été nommée que récemment, bien que la plante ait longtemps été cultivée en tant que subrigida ou sous le nom d&#8217;Echeveria rosei.<br />
Le nouveau nom rend hommage à l&#8217;Institut Cante et au Jardin botanique de San Miguel de Allende au Mexique.<br />
Cet echeveria contient de la pruine sur ses feuilles, ce qui lui donne sa couleur blanche. Pendant le transport, il peut perdre une partie de cette poudre blanche, ce qui est normal. <em>Consultez notre comparaison des tailles de pots que nous utilisons habituellement et nos conseils pour l&#8217;entretien des succulentes et des cactus <strong><a href="https://jardimdapini.pt/os-nossos-formatos-de-vasos/" target="_blank" rel="noopener noreferrer">ici</a> </strong><strong> <a href="https://jardimdapini.pt/dicas-simples-para-cuidar-das-suas-suculentas-e-cactos/" target="_blank" rel="noopener noreferrer">!</a></strong></em>  </p>
