{"id":58457,"date":"2020-03-24T00:15:06","date_gmt":"2020-03-23T23:15:06","guid":{"rendered":"https:\/\/jardimdapini.pt\/product\/echeveria-purple-pearl\/"},"modified":"2026-05-10T21:11:02","modified_gmt":"2026-05-10T20:11:02","slug":"echeveria-purple-pearl","status":"publish","type":"product","link":"https:\/\/jardimdapini.pt\/fr\/produit\/echeveria-purple-pearl\/","title":{"rendered":"Echeveria Purple Pearl"},"content":{"rendered":"<p>Cette echeveria rose vif avec des bords roses a une forme classique comme E. &#8216;Perle von Nurnberg&#8217;, mais avec plus de nuances de violet. C&#8217;est l&#8217;une des plus belles succulentes disponibles et elle est assez r\u00e9sistante si vous avez une protection contre le gel pendant l&#8217;hiver, elle est tr\u00e8s facile \u00e0 entretenir \u00e0 l&#8217;int\u00e9rieur et \u00e0 l&#8217;ext\u00e9rieur. <em>Consultez notre comparaison des tailles de pots que nous utilisons habituellement et nos conseils pour l&#8217;entretien des succulentes et des cactus <strong><a href=\"https:\/\/jardimdapini.pt\/os-nossos-formatos-de-vasos\/\" target=\"_blank\" rel=\"noopener noreferrer\">ici<\/a> <\/strong><strong> <a href=\"https:\/\/jardimdapini.pt\/dicas-simples-para-cuidar-das-suas-suculentas-e-cactos\/\" target=\"_blank\" rel=\"noopener noreferrer\">!<\/a><\/strong><\/em><\/p>\n","protected":false},"excerpt":{"rendered":"<p>Echeveria Purple Pearl Pot 8 Origine : Hybride<\/p>\n","protected":false},"featured_media":47137,"comment_status":"open","ping_status":"closed","template":"","meta":[],"etheme_brands":[],"product_brand":[],"product_cat":[379,195],"product_tag":[],"class_list":["post-58457","product","type-product","status-publish","has-post-thumbnail","product_cat-echeveria-fr","product_cat-succulentes","first","outofstock","sale","taxable","shipping-taxable","purchasable","product-type-simple"],"_links":{"self":[{"href":"https:\/\/jardimdapini.pt\/fr\/wp-json\/wp\/v2\/product\/58457","targetHints":{"allow":["GET"]}}],"collection":[{"href":"https:\/\/jardimdapini.pt\/fr\/wp-json\/wp\/v2\/product"}],"about":[{"href":"https:\/\/jardimdapini.pt\/fr\/wp-json\/wp\/v2\/types\/product"}],"replies":[{"embeddable":true,"href":"https:\/\/jardimdapini.pt\/fr\/wp-json\/wp\/v2\/comments?post=58457"}],"wp:featuredmedia":[{"embeddable":true,"href":"https:\/\/jardimdapini.pt\/fr\/wp-json\/wp\/v2\/media\/47137"}],"wp:attachment":[{"href":"https:\/\/jardimdapini.pt\/fr\/wp-json\/wp\/v2\/media?parent=58457"}],"wp:term":[{"taxonomy":"brand","embeddable":true,"href":"https:\/\/jardimdapini.pt\/fr\/wp-json\/wp\/v2\/etheme_brands?post=58457"},{"taxonomy":"product_brand","embeddable":true,"href":"https:\/\/jardimdapini.pt\/fr\/wp-json\/wp\/v2\/product_brand?post=58457"},{"taxonomy":"product_cat","embeddable":true,"href":"https:\/\/jardimdapini.pt\/fr\/wp-json\/wp\/v2\/product_cat?post=58457"},{"taxonomy":"product_tag","embeddable":true,"href":"https:\/\/jardimdapini.pt\/fr\/wp-json\/wp\/v2\/product_tag?post=58457"}],"curies":[{"name":"wp","href":"https:\/\/api.w.org\/{rel}","templated":true}]}}

<p>Cette echeveria rose vif avec des bords roses a une forme classique comme E. &#8216;Perle von Nurnberg&#8217;, mais avec plus de nuances de violet. C&#8217;est l&#8217;une des plus belles succulentes disponibles et elle est assez résistante si vous avez une protection contre le gel pendant l&#8217;hiver, elle est très facile à entretenir à l&#8217;intérieur et à l&#8217;extérieur. <em>Consultez notre comparaison des tailles de pots que nous utilisons habituellement et nos conseils pour l&#8217;entretien des succulentes et des cactus <strong><a href="https://jardimdapini.pt/os-nossos-formatos-de-vasos/" target="_blank" rel="noopener noreferrer">ici</a> </strong><strong> <a href="https://jardimdapini.pt/dicas-simples-para-cuidar-das-suas-suculentas-e-cactos/" target="_blank" rel="noopener noreferrer">!</a></strong></em></p>
