{"id":58356,"date":"2019-12-05T15:56:09","date_gmt":"2019-12-05T14:56:09","guid":{"rendered":"https:\/\/jardimdapini.pt\/product\/echeveria-affinis-black-prince\/"},"modified":"2026-06-01T20:54:17","modified_gmt":"2026-06-01T19:54:17","slug":"echeveria-affinis-black-prince","status":"publish","type":"product","link":"https:\/\/jardimdapini.pt\/fr\/produit\/echeveria-affinis-black-prince\/","title":{"rendered":"Echeveria Affinis &#8216;Black Prince&#8217;"},"content":{"rendered":"<p>L&#8217;Echeveria &#8216;Black Prince&#8217; est une succulente pr\u00e9f\u00e9r\u00e9e de ceux qui aiment les couleurs sombres. Les feuilles sont d&#8217;abord vertes fonc\u00e9es et, au fur et \u00e0 mesure que la plante se d\u00e9veloppe, elles deviennent pourpre fonc\u00e9, presque noires.<br \/>\nLe centre de la plante \u00e9tant g\u00e9n\u00e9ralement vert, cette echeveria est id\u00e9ale pour compl\u00e9ter un ensemble avec ses tons noirs. <em>Consultez notre comparaison des tailles de pots que nous utilisons habituellement et nos conseils pour l&#8217;entretien des succulentes et des cactus <strong><a href=\"https:\/\/jardimdapini.pt\/os-nossos-formatos-de-vasos\/\" target=\"_blank\" rel=\"noopener noreferrer\">ici<\/a> <\/strong><strong> <a href=\"https:\/\/jardimdapini.pt\/dicas-simples-para-cuidar-das-suas-suculentas-e-cactos\/\" target=\"_blank\" rel=\"noopener noreferrer\">!<\/a><\/strong><\/em> <\/p>\n<p>&nbsp;<\/p>\n","protected":false},"excerpt":{"rendered":"<p>Echeveria Affinis &#8216;Black Prince&#8217; Pot 8.5 Origine : Mexique<\/p>\n","protected":false},"featured_media":44369,"comment_status":"open","ping_status":"closed","template":"","meta":[],"etheme_brands":[],"product_brand":[],"product_cat":[379,195],"product_tag":[],"class_list":["post-58356","product","type-product","status-publish","has-post-thumbnail","product_cat-echeveria-fr","product_cat-succulentes","first","instock","taxable","shipping-taxable","purchasable","product-type-simple"],"_links":{"self":[{"href":"https:\/\/jardimdapini.pt\/fr\/wp-json\/wp\/v2\/product\/58356","targetHints":{"allow":["GET"]}}],"collection":[{"href":"https:\/\/jardimdapini.pt\/fr\/wp-json\/wp\/v2\/product"}],"about":[{"href":"https:\/\/jardimdapini.pt\/fr\/wp-json\/wp\/v2\/types\/product"}],"replies":[{"embeddable":true,"href":"https:\/\/jardimdapini.pt\/fr\/wp-json\/wp\/v2\/comments?post=58356"}],"wp:featuredmedia":[{"embeddable":true,"href":"https:\/\/jardimdapini.pt\/fr\/wp-json\/wp\/v2\/media\/44369"}],"wp:attachment":[{"href":"https:\/\/jardimdapini.pt\/fr\/wp-json\/wp\/v2\/media?parent=58356"}],"wp:term":[{"taxonomy":"brand","embeddable":true,"href":"https:\/\/jardimdapini.pt\/fr\/wp-json\/wp\/v2\/etheme_brands?post=58356"},{"taxonomy":"product_brand","embeddable":true,"href":"https:\/\/jardimdapini.pt\/fr\/wp-json\/wp\/v2\/product_brand?post=58356"},{"taxonomy":"product_cat","embeddable":true,"href":"https:\/\/jardimdapini.pt\/fr\/wp-json\/wp\/v2\/product_cat?post=58356"},{"taxonomy":"product_tag","embeddable":true,"href":"https:\/\/jardimdapini.pt\/fr\/wp-json\/wp\/v2\/product_tag?post=58356"}],"curies":[{"name":"wp","href":"https:\/\/api.w.org\/{rel}","templated":true}]}}

<p>L&#8217;Echeveria &#8216;Black Prince&#8217; est une succulente préférée de ceux qui aiment les couleurs sombres. Les feuilles sont d&#8217;abord vertes foncées et, au fur et à mesure que la plante se développe, elles deviennent pourpre foncé, presque noires.<br />
Le centre de la plante étant généralement vert, cette echeveria est idéale pour compléter un ensemble avec ses tons noirs. <em>Consultez notre comparaison des tailles de pots que nous utilisons habituellement et nos conseils pour l&#8217;entretien des succulentes et des cactus <strong><a href="https://jardimdapini.pt/os-nossos-formatos-de-vasos/" target="_blank" rel="noopener noreferrer">ici</a> </strong><strong> <a href="https://jardimdapini.pt/dicas-simples-para-cuidar-das-suas-suculentas-e-cactos/" target="_blank" rel="noopener noreferrer">!</a></strong></em> </p>
<p>&nbsp;</p>
