{"id":58281,"date":"2020-05-25T12:31:27","date_gmt":"2024-09-09T19:53:07","guid":{"rendered":"https:\/\/jardimdapini.pt\/product\/echeveria-melaco\/"},"modified":"2024-09-09T20:53:07","modified_gmt":"2024-09-09T19:53:07","slug":"echeveria-melaco","status":"publish","type":"product","link":"https:\/\/jardimdapini.pt\/fr\/produit\/echeveria-melaco\/","title":{"rendered":"Echeveria Melaco"},"content":{"rendered":"<p>L&#8217;Echeveria &#8216;Melaco&#8217; se distingue par sa hauteur et sa coloration particuli\u00e8re.<br \/>\nLe d\u00e9grad\u00e9 de teintes peut inclure des tons cuivre, prune, saumon et chocolat, avec parfois un centre vert de mer.<br \/>\nSi vous l&#8217;installez \u00e0 l&#8217;int\u00e9rieur, placez-le pr\u00e8s d&#8217;une fen\u00eatre expos\u00e9e au soleil pour obtenir les couleurs les plus vives.<br \/>\nSes feuilles riches et brillantes sont \u00e0 l&#8217;origine du nom &#8220;Melaco&#8221;, qui signifie &#8220;m\u00e9lasse&#8221; en portugais. <em>Consultez notre comparaison des tailles de pots que nous utilisons habituellement et nos conseils pour l&#8217;entretien des succulentes et des cactus <strong><a href=\"https:\/\/jardimdapini.pt\/os-nossos-formatos-de-vasos\/\" target=\"_blank\" rel=\"noopener noreferrer\">ici<\/a> <\/strong><strong> <a href=\"https:\/\/jardimdapini.pt\/dicas-simples-para-cuidar-das-suas-suculentas-e-cactos\/\" target=\"_blank\" rel=\"noopener noreferrer\">!<\/a><\/strong><\/em>   <\/p>\n","protected":false},"excerpt":{"rendered":"<p>Echeveria Melaco Vase 8 Origine : Mexique<\/p>\n","protected":false},"featured_media":45269,"comment_status":"open","ping_status":"closed","template":"","meta":[],"etheme_brands":[],"product_brand":[],"product_cat":[379,195],"product_tag":[],"class_list":["post-58281","product","type-product","status-publish","has-post-thumbnail","product_cat-echeveria-fr","product_cat-succulentes","first","outofstock","taxable","shipping-taxable","purchasable","product-type-simple"],"_links":{"self":[{"href":"https:\/\/jardimdapini.pt\/fr\/wp-json\/wp\/v2\/product\/58281","targetHints":{"allow":["GET"]}}],"collection":[{"href":"https:\/\/jardimdapini.pt\/fr\/wp-json\/wp\/v2\/product"}],"about":[{"href":"https:\/\/jardimdapini.pt\/fr\/wp-json\/wp\/v2\/types\/product"}],"replies":[{"embeddable":true,"href":"https:\/\/jardimdapini.pt\/fr\/wp-json\/wp\/v2\/comments?post=58281"}],"wp:featuredmedia":[{"embeddable":true,"href":"https:\/\/jardimdapini.pt\/fr\/wp-json\/wp\/v2\/media\/45269"}],"wp:attachment":[{"href":"https:\/\/jardimdapini.pt\/fr\/wp-json\/wp\/v2\/media?parent=58281"}],"wp:term":[{"taxonomy":"brand","embeddable":true,"href":"https:\/\/jardimdapini.pt\/fr\/wp-json\/wp\/v2\/etheme_brands?post=58281"},{"taxonomy":"product_brand","embeddable":true,"href":"https:\/\/jardimdapini.pt\/fr\/wp-json\/wp\/v2\/product_brand?post=58281"},{"taxonomy":"product_cat","embeddable":true,"href":"https:\/\/jardimdapini.pt\/fr\/wp-json\/wp\/v2\/product_cat?post=58281"},{"taxonomy":"product_tag","embeddable":true,"href":"https:\/\/jardimdapini.pt\/fr\/wp-json\/wp\/v2\/product_tag?post=58281"}],"curies":[{"name":"wp","href":"https:\/\/api.w.org\/{rel}","templated":true}]}}

<p>L&#8217;Echeveria &#8216;Melaco&#8217; se distingue par sa hauteur et sa coloration particulière.<br />
Le dégradé de teintes peut inclure des tons cuivre, prune, saumon et chocolat, avec parfois un centre vert de mer.<br />
Si vous l&#8217;installez à l&#8217;intérieur, placez-le près d&#8217;une fenêtre exposée au soleil pour obtenir les couleurs les plus vives.<br />
Ses feuilles riches et brillantes sont à l&#8217;origine du nom &#8220;Melaco&#8221;, qui signifie &#8220;mélasse&#8221; en portugais. <em>Consultez notre comparaison des tailles de pots que nous utilisons habituellement et nos conseils pour l&#8217;entretien des succulentes et des cactus <strong><a href="https://jardimdapini.pt/os-nossos-formatos-de-vasos/" target="_blank" rel="noopener noreferrer">ici</a> </strong><strong> <a href="https://jardimdapini.pt/dicas-simples-para-cuidar-das-suas-suculentas-e-cactos/" target="_blank" rel="noopener noreferrer">!</a></strong></em>   </p>
