{"id":56772,"date":"2022-04-08T11:26:48","date_gmt":"2022-04-08T10:26:48","guid":{"rendered":"https:\/\/jardimdapini.pt\/product\/sempervivum-watermelon\/"},"modified":"2025-07-14T20:58:32","modified_gmt":"2025-07-14T19:58:32","slug":"sempervivum-watermelon","status":"publish","type":"product","link":"https:\/\/jardimdapini.pt\/fr\/produit\/sempervivum-watermelon\/","title":{"rendered":"Sempervivum Watermelon"},"content":{"rendered":"<p>Ce Sempervivum, dont les feuilles sont color\u00e9es comme l&#8217;int\u00e9rieur d&#8217;une past\u00e8que (d&#8217;o\u00f9 son nom<em> Watermelon)<\/em>, est extr\u00eamement attrayant dans n&#8217;importe quel jardin ou arrangement.<br \/>\nComme d&#8217;habitude avec cette esp\u00e8ce, ils sont faciles \u00e0 cultiver et tr\u00e8s r\u00e9sistants aux conditions climatiques d\u00e9favorables.   <em><strong>Les Sempervivum ont tendance \u00e0 pr\u00e9senter des couleurs diff\u00e9rentes selon les p\u00e9riodes de l&#8217;ann\u00e9e, ce qui est normal.<\/strong><\/em><\/p>\n","protected":false},"excerpt":{"rendered":"<p>Sempervivum Past\u00e8que Pot 8,5 Origine : Europe, Afrique du Nord, Turquie<\/p>\n","protected":false},"featured_media":48001,"comment_status":"open","ping_status":"closed","template":"","meta":[],"etheme_brands":[],"product_brand":[],"product_cat":[395],"product_tag":[],"class_list":["post-56772","product","type-product","status-publish","has-post-thumbnail","product_cat-sempervivum-fr","first","outofstock","taxable","shipping-taxable","purchasable","product-type-simple"],"_links":{"self":[{"href":"https:\/\/jardimdapini.pt\/fr\/wp-json\/wp\/v2\/product\/56772","targetHints":{"allow":["GET"]}}],"collection":[{"href":"https:\/\/jardimdapini.pt\/fr\/wp-json\/wp\/v2\/product"}],"about":[{"href":"https:\/\/jardimdapini.pt\/fr\/wp-json\/wp\/v2\/types\/product"}],"replies":[{"embeddable":true,"href":"https:\/\/jardimdapini.pt\/fr\/wp-json\/wp\/v2\/comments?post=56772"}],"wp:featuredmedia":[{"embeddable":true,"href":"https:\/\/jardimdapini.pt\/fr\/wp-json\/wp\/v2\/media\/48001"}],"wp:attachment":[{"href":"https:\/\/jardimdapini.pt\/fr\/wp-json\/wp\/v2\/media?parent=56772"}],"wp:term":[{"taxonomy":"brand","embeddable":true,"href":"https:\/\/jardimdapini.pt\/fr\/wp-json\/wp\/v2\/etheme_brands?post=56772"},{"taxonomy":"product_brand","embeddable":true,"href":"https:\/\/jardimdapini.pt\/fr\/wp-json\/wp\/v2\/product_brand?post=56772"},{"taxonomy":"product_cat","embeddable":true,"href":"https:\/\/jardimdapini.pt\/fr\/wp-json\/wp\/v2\/product_cat?post=56772"},{"taxonomy":"product_tag","embeddable":true,"href":"https:\/\/jardimdapini.pt\/fr\/wp-json\/wp\/v2\/product_tag?post=56772"}],"curies":[{"name":"wp","href":"https:\/\/api.w.org\/{rel}","templated":true}]}}

<p>Ce Sempervivum, dont les feuilles sont colorées comme l&#8217;intérieur d&#8217;une pastèque (d&#8217;où son nom<em> Watermelon)</em>, est extrêmement attrayant dans n&#8217;importe quel jardin ou arrangement.<br />
Comme d&#8217;habitude avec cette espèce, ils sont faciles à cultiver et très résistants aux conditions climatiques défavorables.   <em><strong>Les Sempervivum ont tendance à présenter des couleurs différentes selon les périodes de l&#8217;année, ce qui est normal.</strong></em></p>

<p>Sempervivum Pastèque Pot 8,5 Origine : Europe, Afrique du Nord, Turquie</p>
