{"id":56159,"date":"2024-08-23T11:50:30","date_gmt":"2024-08-23T10:50:30","guid":{"rendered":"https:\/\/jardimdapini.pt\/partenaires\/"},"modified":"2024-08-26T13:48:42","modified_gmt":"2024-08-26T12:48:42","slug":"partenaires","status":"publish","type":"page","link":"https:\/\/jardimdapini.pt\/fr\/partenaires\/","title":{"rendered":"Toits verts"},"content":{"rendered":"<div class=\"wpb-content-wrapper\" id=\"wpb-content-root\"><p>[vc_row][vc_column][vc_single_image image=&#8221;56144&#8243; img_size=&#8221;medium&#8221; css=&#8221;&#8221;][\/vc_column][\/vc_row][vc_row][vc_column width=&#8221;1\/2&#8243;][vc_single_image image=&#8221;56131&#8243; img_size=&#8221;large&#8221; alignment=&#8221;center&#8221; css=&#8221;&#8221;][vc_empty_space height=&#8221;22px&#8221;][\/vc_column][vc_column width=&#8221;1\/2&#8243;][vc_column_text css=&#8221;&#8221;]Les toitures vertes Sedum, \u00e9galement appel\u00e9es toitures vertes, sont une solution innovante et durable qui allie beaut\u00e9 et fonctionnalit\u00e9. En plus d&#8217;offrir une vue incroyable, les toits verts contribuent \u00e0 am\u00e9liorer la qualit\u00e9 de l&#8217;air, \u00e0 r\u00e9duire les temp\u00e9ratures urbaines et \u00e0 augmenter la biodiversit\u00e9, visitez <strong><a href=\"https:\/\/greentop.pt\/\" target=\"_blank\" rel=\"noopener\">Greentop<\/a><\/strong> notre entreprise partenaire dans ce domaine et d\u00e9couvrez des solutions inspirantes pour transformer les environnements urbains.[\/vc_column_text][vc_empty_space height=&#8221;22px&#8221;][\/vc_column][\/vc_row]<\/p>\n<\/div>","protected":false},"excerpt":{"rendered":"","protected":false},"author":2,"featured_media":0,"parent":0,"menu_order":0,"comment_status":"closed","ping_status":"closed","template":"","meta":{"footnotes":""},"class_list":["post-56159","page","type-page","status-publish","hentry"],"_links":{"self":[{"href":"https:\/\/jardimdapini.pt\/fr\/wp-json\/wp\/v2\/pages\/56159","targetHints":{"allow":["GET"]}}],"collection":[{"href":"https:\/\/jardimdapini.pt\/fr\/wp-json\/wp\/v2\/pages"}],"about":[{"href":"https:\/\/jardimdapini.pt\/fr\/wp-json\/wp\/v2\/types\/page"}],"author":[{"embeddable":true,"href":"https:\/\/jardimdapini.pt\/fr\/wp-json\/wp\/v2\/users\/2"}],"replies":[{"embeddable":true,"href":"https:\/\/jardimdapini.pt\/fr\/wp-json\/wp\/v2\/comments?post=56159"}],"version-history":[{"count":5,"href":"https:\/\/jardimdapini.pt\/fr\/wp-json\/wp\/v2\/pages\/56159\/revisions"}],"predecessor-version":[{"id":56200,"href":"https:\/\/jardimdapini.pt\/fr\/wp-json\/wp\/v2\/pages\/56159\/revisions\/56200"}],"wp:attachment":[{"href":"https:\/\/jardimdapini.pt\/fr\/wp-json\/wp\/v2\/media?parent=56159"}],"curies":[{"name":"wp","href":"https:\/\/api.w.org\/{rel}","templated":true}]}}

<div class="wpb-content-wrapper" id="wpb-content-root"><p>[vc_row][vc_column][vc_single_image image=&#8221;56144&#8243; img_size=&#8221;medium&#8221; css=&#8221;&#8221;][/vc_column][/vc_row][vc_row][vc_column width=&#8221;1/2&#8243;][vc_single_image image=&#8221;56131&#8243; img_size=&#8221;large&#8221; alignment=&#8221;center&#8221; css=&#8221;&#8221;][vc_empty_space height=&#8221;22px&#8221;][/vc_column][vc_column width=&#8221;1/2&#8243;][vc_column_text css=&#8221;&#8221;]Les toitures vertes Sedum, également appelées toitures vertes, sont une solution innovante et durable qui allie beauté et fonctionnalité. En plus d&#8217;offrir une vue incroyable, les toits verts contribuent à améliorer la qualité de l&#8217;air, à réduire les températures urbaines et à augmenter la biodiversité, visitez <strong><a href="https://greentop.pt/" target="_blank" rel="noopener">Greentop</a></strong> notre entreprise partenaire dans ce domaine et découvrez des solutions inspirantes pour transformer les environnements urbains.[/vc_column_text][vc_empty_space height=&#8221;22px&#8221;][/vc_column][/vc_row]</p>
</div>
