{"id":70163,"date":"2026-03-04T15:42:02","date_gmt":"2026-03-04T14:42:02","guid":{"rendered":"https:\/\/jardimdapini.pt\/product\/sedum-commixtum\/"},"modified":"2026-07-09T10:21:06","modified_gmt":"2026-07-09T09:21:06","slug":"sedum-commixtum","status":"publish","type":"product","link":"https:\/\/jardimdapini.pt\/es\/product\/sedum-commixtum\/","title":{"rendered":"Sedum Commixtum"},"content":{"rendered":"<h2 data-path-to-node=\"2\">Sedum Commixtum: La escultura de cera<\/h2>\n<p data-path-to-node=\"3\">Conozca <b data-path-to-node=\"3\" data-index-in-node=\"10\">el Sedum Commixtum<\/b>, una suculenta de aspecto robusto y colores suaves, que parece una obra de arte moldeada en cera fr\u00eda.<\/p>\n<h2 data-path-to-node=\"4\">Detalles que lo hacen \u00fanico:<\/h2>\n<ul data-path-to-node=\"5\">\n<li>\n<p data-path-to-node=\"5,0,0\"><b data-path-to-node=\"5,0,0\" data-index-in-node=\"0\">Follaje cil\u00edndrico y carnoso:<\/b> Sus hojas son extremadamente gruesas, redondeadas y cortas, y crecen densamente a lo largo de los tallos, dando a la planta un aspecto <b data-path-to-node=\"5,0,0\" data-index-in-node=\"172\">escultural y t\u00e1ctil<\/b>.<\/p>\n<\/li>\n<li>\n<p data-path-to-node=\"5,1,0\"><b data-path-to-node=\"5,1,0\" data-index-in-node=\"0\">Paleta Blue-Glaucus:<\/b> El color base es un <b data-path-to-node=\"5,1,0\" data-index-in-node=\"36\">gris azulado p\u00e1lido<\/b>, casi plateado, que aporta una sensaci\u00f3n de frescura y elegancia a cualquier composici\u00f3n suculenta.<\/p>\n<\/li>\n<li>\n<p data-path-to-node=\"5,2,0\"><b data-path-to-node=\"5,2,0\" data-index-in-node=\"0\">Pruina intensa:<\/b> Est\u00e1 recubierta de una generosa capa de pruina (esa &#8220;cera&#8221; natural), que le confiere un acabado<b data-path-to-node=\"5,2,0\" data-index-in-node=\"118\"> mate y aterciopelado<\/b> y protege a la planta de los rigores del sol.<\/p>\n<\/li>\n<li>\n<p data-path-to-node=\"5,3,0\"><b data-path-to-node=\"5,3,0\" data-index-in-node=\"0\">Pinceladas de fuego:<\/b> Bajo estr\u00e9s solar o fr\u00edo intenso, las puntas de sus hojas redondeadas se ti\u00f1en de un <b data-path-to-node=\"5,3,0\" data-index-in-node=\"111\">rojo anaranjado o p\u00farpura<\/b>, creando un vibrante contraste con el cuerpo azulado de la planta.<\/p>\n<\/li>\n<\/ul>\n<h2 data-path-to-node=\"6\">Cuidado:<\/h2>\n<p data-path-to-node=\"7\"><b data-path-to-node=\"7\" data-index-in-node=\"2\">El Sedum Commixtum<\/b> es una planta de crecimiento moderado y muy resistente, excelente para quienes buscan volumen y color en el jard\u00edn.<\/p>\n<ul data-path-to-node=\"8\">\n<li>\n<p data-path-to-node=\"8,0,0\"><b data-path-to-node=\"8,0,0\" data-index-in-node=\"0\">Riego:<\/b> Siga la regla de las suculentas: riegue s\u00f3lo cuando la tierra est\u00e9 <b data-path-to-node=\"8,0,0\" data-index-in-node=\"71\">completamente seca<\/b>. Como tiene hojas muy gordas, almacena mucha agua y es extremadamente tolerante a la sequ\u00eda. <\/p>\n<\/li>\n<li>\n<p data-path-to-node=\"8,1,0\">&#x2600;&#xfe0f; <b data-path-to-node=\"8,1,0\" data-index-in-node=\"3\">Iluminaci\u00f3n:<\/b> Prefiere <b data-path-to-node=\"8,1,0\" data-index-in-node=\"23\">el pleno sol<\/b> o la luz solar directa durante varias horas. La luz intensa es el secreto para mantener la forma compacta de las rosetas y el color rojizo en las puntas. <\/p>\n<\/li>\n<li>\n<p data-path-to-node=\"8,2,0\"><b data-path-to-node=\"8,2,0\" data-index-in-node=\"0\">Suelo:<\/b> Utilice un sustrato con <b data-path-to-node=\"8,2,0\" data-index-in-node=\"31\">un excelente drenaje<\/b>, preferiblemente arenoso o con un buen contenido mineral, para evitar que la humedad se acumule en la base de los tallos.<\/p>\n<\/li>\n<li>\n<p data-path-to-node=\"8,3,0\">&#x2744;&#xfe0f; <b data-path-to-node=\"8,3,0\" data-index-in-node=\"3\">Temperatura:<\/b> Prot\u00e9jala de las heladas severas. Esta planta agradece los ambientes bien ventilados y soporta bien el calor intenso, siempre que el suelo est\u00e9 seco. <\/p>\n<\/li>\n<\/ul>\n","protected":false},"excerpt":{"rendered":"<p>Sedum Commixtum<\/p>\n<p>Jarr\u00f3n 5,5<\/p>\n<p>Origen:<\/p>\n","protected":false},"featured_media":69999,"comment_status":"open","ping_status":"closed","template":"","meta":[],"etheme_brands":[],"product_brand":[],"product_cat":[197,214],"product_tag":[],"class_list":["post-70163","product","type-product","status-publish","has-post-thumbnail","product_cat-suculentas-es","product_cat-sedum-es","first","instock","taxable","shipping-taxable","purchasable","product-type-simple"],"_links":{"self":[{"href":"https:\/\/jardimdapini.pt\/es\/wp-json\/wp\/v2\/product\/70163","targetHints":{"allow":["GET"]}}],"collection":[{"href":"https:\/\/jardimdapini.pt\/es\/wp-json\/wp\/v2\/product"}],"about":[{"href":"https:\/\/jardimdapini.pt\/es\/wp-json\/wp\/v2\/types\/product"}],"replies":[{"embeddable":true,"href":"https:\/\/jardimdapini.pt\/es\/wp-json\/wp\/v2\/comments?post=70163"}],"wp:featuredmedia":[{"embeddable":true,"href":"https:\/\/jardimdapini.pt\/es\/wp-json\/wp\/v2\/media\/69999"}],"wp:attachment":[{"href":"https:\/\/jardimdapini.pt\/es\/wp-json\/wp\/v2\/media?parent=70163"}],"wp:term":[{"taxonomy":"brand","embeddable":true,"href":"https:\/\/jardimdapini.pt\/es\/wp-json\/wp\/v2\/etheme_brands?post=70163"},{"taxonomy":"product_brand","embeddable":true,"href":"https:\/\/jardimdapini.pt\/es\/wp-json\/wp\/v2\/product_brand?post=70163"},{"taxonomy":"product_cat","embeddable":true,"href":"https:\/\/jardimdapini.pt\/es\/wp-json\/wp\/v2\/product_cat?post=70163"},{"taxonomy":"product_tag","embeddable":true,"href":"https:\/\/jardimdapini.pt\/es\/wp-json\/wp\/v2\/product_tag?post=70163"}],"curies":[{"name":"wp","href":"https:\/\/api.w.org\/{rel}","templated":true}]}}

<h2 data-path-to-node="2">Sedum Commixtum: La escultura de cera</h2>
<p data-path-to-node="3">Conozca <b data-path-to-node="3" data-index-in-node="10">el Sedum Commixtum</b>, una suculenta de aspecto robusto y colores suaves, que parece una obra de arte moldeada en cera fría.</p>
<h2 data-path-to-node="4">Detalles que lo hacen único:</h2>
<ul data-path-to-node="5">
<li>
<p data-path-to-node="5,0,0"><b data-path-to-node="5,0,0" data-index-in-node="0">Follaje cilíndrico y carnoso:</b> Sus hojas son extremadamente gruesas, redondeadas y cortas, y crecen densamente a lo largo de los tallos, dando a la planta un aspecto <b data-path-to-node="5,0,0" data-index-in-node="172">escultural y táctil</b>.</p>
</li>
<li>
<p data-path-to-node="5,1,0"><b data-path-to-node="5,1,0" data-index-in-node="0">Paleta Blue-Glaucus:</b> El color base es un <b data-path-to-node="5,1,0" data-index-in-node="36">gris azulado pálido</b>, casi plateado, que aporta una sensación de frescura y elegancia a cualquier composición suculenta.</p>
</li>
<li>
<p data-path-to-node="5,2,0"><b data-path-to-node="5,2,0" data-index-in-node="0">Pruina intensa:</b> Está recubierta de una generosa capa de pruina (esa &#8220;cera&#8221; natural), que le confiere un acabado<b data-path-to-node="5,2,0" data-index-in-node="118"> mate y aterciopelado</b> y protege a la planta de los rigores del sol.</p>
</li>
<li>
<p data-path-to-node="5,3,0"><b data-path-to-node="5,3,0" data-index-in-node="0">Pinceladas de fuego:</b> Bajo estrés solar o frío intenso, las puntas de sus hojas redondeadas se tiñen de un <b data-path-to-node="5,3,0" data-index-in-node="111">rojo anaranjado o púrpura</b>, creando un vibrante contraste con el cuerpo azulado de la planta.</p>
</li>
</ul>
<h2 data-path-to-node="6">Cuidado:</h2>
<p data-path-to-node="7"><b data-path-to-node="7" data-index-in-node="2">El Sedum Commixtum</b> es una planta de crecimiento moderado y muy resistente, excelente para quienes buscan volumen y color en el jardín.</p>
<ul data-path-to-node="8">
<li>
<p data-path-to-node="8,0,0"><b data-path-to-node="8,0,0" data-index-in-node="0">Riego:</b> Siga la regla de las suculentas: riegue sólo cuando la tierra esté <b data-path-to-node="8,0,0" data-index-in-node="71">completamente seca</b>. Como tiene hojas muy gordas, almacena mucha agua y es extremadamente tolerante a la sequía. </p>
</li>
<li>
<p data-path-to-node="8,1,0">&#x2600;&#xfe0f; <b data-path-to-node="8,1,0" data-index-in-node="3">Iluminación:</b> Prefiere <b data-path-to-node="8,1,0" data-index-in-node="23">el pleno sol</b> o la luz solar directa durante varias horas. La luz intensa es el secreto para mantener la forma compacta de las rosetas y el color rojizo en las puntas. </p>
</li>
<li>
<p data-path-to-node="8,2,0"><b data-path-to-node="8,2,0" data-index-in-node="0">Suelo:</b> Utilice un sustrato con <b data-path-to-node="8,2,0" data-index-in-node="31">un excelente drenaje</b>, preferiblemente arenoso o con un buen contenido mineral, para evitar que la humedad se acumule en la base de los tallos.</p>
</li>
<li>
<p data-path-to-node="8,3,0">&#x2744;&#xfe0f; <b data-path-to-node="8,3,0" data-index-in-node="3">Temperatura:</b> Protéjala de las heladas severas. Esta planta agradece los ambientes bien ventilados y soporta bien el calor intenso, siempre que el suelo esté seco. </p>
</li>
</ul>

<p>Sedum Commixtum</p>
<p>Jarrón 5,5</p>
<p>Origen:</p>
