{"id":70136,"date":"2026-03-04T15:04:48","date_gmt":"2026-03-04T14:04:48","guid":{"rendered":"https:\/\/jardimdapini.pt\/product\/sedeveria-blue-elf-variegata\/"},"modified":"2026-04-26T17:52:25","modified_gmt":"2026-04-26T16:52:25","slug":"sedeveria-blue-elf-variegata","status":"publish","type":"product","link":"https:\/\/jardimdapini.pt\/es\/product\/sedeveria-blue-elf-variegata\/","title":{"rendered":"Sedeveria Blue Elf Variegata"},"content":{"rendered":"<h2 data-path-to-node=\"2\">Sedeveria &#8216;Duende Azul&#8217; Variegata: El duendecillo de los colores pastel<\/h2>\n<p data-path-to-node=\"3\">Conozca <b data-path-to-node=\"3\" data-index-in-node=\"10\">la Sedeveria &#8216;Blue Elf&#8217; Variegata<\/b>, una rara suculenta con la robustez caracter\u00edstica de esta especie, ahora realzada por una mutaci\u00f3n de color variegado.<\/p>\n<h2 data-path-to-node=\"4\">Detalles que lo hacen \u00fanico:<\/h2>\n<ul data-path-to-node=\"5\">\n<li>\n<p data-path-to-node=\"5,0,0\"><b data-path-to-node=\"5,0,0\" data-index-in-node=\"0\">Variegaci\u00f3n luminosa:<\/b> A diferencia de la versi\u00f3n com\u00fan, este cultivar muestra rayas y manchas en tonos <b data-path-to-node=\"5,0,0\" data-index-in-node=\"98\">crema marfil y amarillo p\u00e1lido<\/b>, que crean un vibrante contraste contra el fondo azul original de la planta.<\/p>\n<\/li>\n<li>\n<p data-path-to-node=\"5,1,0\"><b data-path-to-node=\"5,1,0\" data-index-in-node=\"0\">Punta<\/b> &#8220;encendida&#8221;<b data-path-to-node=\"5,1,0\" data-index-in-node=\"0\">:<\/b> Sus hojas peque\u00f1as, puntiagudas y carnosas terminan en una punta fina que, bajo estr\u00e9s solar, adquiere un color <b data-path-to-node=\"5,1,0\" data-index-in-node=\"132\">rosa brillante o rojo carmes\u00ed<\/b>, dando a la roseta un aspecto &#8220;encendido&#8221;.<\/p>\n<\/li>\n<li>\n<p data-path-to-node=\"5,2,0\">Esta variedad <b data-path-to-node=\"5,2,0\" data-index-in-node=\"0\">es<\/b> conocida por su facilidad para formar colonias. Con el tiempo, crea peque\u00f1os &#8220;ramilletes&#8221; de rosetas abigarradas, transformando la maceta en un verdadero jard\u00edn en miniatura. <\/p>\n<\/li>\n<li>\n<p data-path-to-node=\"5,3,0\"><b data-path-to-node=\"5,3,0\" data-index-in-node=\"0\">Textura de porcelana:<\/b> La superficie de las hojas tiene una ligera capa de pruina, que le da un <b data-path-to-node=\"5,3,0\" data-index-in-node=\"95\">acabado mate <\/b>, protegiendo las zonas abigarradas y resaltando los tonos azules y rosas.<\/p>\n<\/li>\n<\/ul>\n<h2 data-path-to-node=\"6\">Cuidado:<\/h2>\n<p data-path-to-node=\"7\">La <b data-path-to-node=\"7\" data-index-in-node=\"2\">Variegata &#8216;Duende azul&#8217;<\/b>, aunque resistente, requiere una atenci\u00f3n especial a la luz para mantener el equilibrio entre sus colores y su forma compacta.<\/p>\n<ul data-path-to-node=\"8\">\n<li>\n<p data-path-to-node=\"8,0,0\"><b data-path-to-node=\"8,0,0\" data-index-in-node=\"0\">Riego:<\/b> Siga la regla para las suculentas: riegue s\u00f3lo cuando la tierra est\u00e9 <b data-path-to-node=\"8,0,0\" data-index-in-node=\"71\">completamente seca<\/b>. Como todas las plantas variegadas, es ligeramente m\u00e1s sensible al exceso de humedad, por lo que el drenaje es esencial. <\/p>\n<\/li>\n<li>\n<p data-path-to-node=\"8,1,0\">&#x2600;&#xfe0f; <b data-path-to-node=\"8,1,0\" data-index-in-node=\"3\">Iluminaci\u00f3n:<\/b> Prefiere la <b data-path-to-node=\"8,1,0\" data-index-in-node=\"23\">luz solar directa filtrada<\/b> o a pleno sol (evitando el pico del mediod\u00eda en climas muy c\u00e1lidos). La luz brillante es esencial para que las puntas se vuelvan rosadas y no se pierda la variegaci\u00f3n ni se atrofie la planta. <\/p>\n<\/li>\n<li>\n<p data-path-to-node=\"8,2,0\"><b data-path-to-node=\"8,2,0\" data-index-in-node=\"0\">Tierra:<\/b> Utilice un sustrato con <b data-path-to-node=\"8,2,0\" data-index-in-node=\"31\">un excelente drenaje<\/b>, espec\u00edfico para cactus y suculentas, que garantice que las ra\u00edces respiren libremente.<\/p>\n<\/li>\n<li>\n<p data-path-to-node=\"8,3,0\">&#x2744;&#xfe0f; <b data-path-to-node=\"8,3,0\" data-index-in-node=\"3\">Temperatura:<\/b> Proteger de las heladas. Agradece la bajada de temperatura nocturna en oto\u00f1o, que contribuye a intensificar los colores de sus puntas.<\/p>\n<\/li>\n<\/ul>\n","protected":false},"excerpt":{"rendered":"<p>Sedeveria Elfo Azul Variegata<\/p>\n<p>Jarr\u00f3n 8<\/p>\n<p>Origen: Vivero<\/p>\n","protected":false},"featured_media":69994,"comment_status":"open","ping_status":"closed","template":"","meta":[],"etheme_brands":[],"product_brand":[],"product_cat":[197,240,223,209],"product_tag":[],"class_list":["post-70136","product","type-product","status-publish","has-post-thumbnail","product_cat-suculentas-es","product_cat-deberia","product_cat-echeveria-es","product_cat-suculentas-variegatas","first","outofstock","taxable","shipping-taxable","purchasable","product-type-simple"],"_links":{"self":[{"href":"https:\/\/jardimdapini.pt\/es\/wp-json\/wp\/v2\/product\/70136","targetHints":{"allow":["GET"]}}],"collection":[{"href":"https:\/\/jardimdapini.pt\/es\/wp-json\/wp\/v2\/product"}],"about":[{"href":"https:\/\/jardimdapini.pt\/es\/wp-json\/wp\/v2\/types\/product"}],"replies":[{"embeddable":true,"href":"https:\/\/jardimdapini.pt\/es\/wp-json\/wp\/v2\/comments?post=70136"}],"wp:featuredmedia":[{"embeddable":true,"href":"https:\/\/jardimdapini.pt\/es\/wp-json\/wp\/v2\/media\/69994"}],"wp:attachment":[{"href":"https:\/\/jardimdapini.pt\/es\/wp-json\/wp\/v2\/media?parent=70136"}],"wp:term":[{"taxonomy":"brand","embeddable":true,"href":"https:\/\/jardimdapini.pt\/es\/wp-json\/wp\/v2\/etheme_brands?post=70136"},{"taxonomy":"product_brand","embeddable":true,"href":"https:\/\/jardimdapini.pt\/es\/wp-json\/wp\/v2\/product_brand?post=70136"},{"taxonomy":"product_cat","embeddable":true,"href":"https:\/\/jardimdapini.pt\/es\/wp-json\/wp\/v2\/product_cat?post=70136"},{"taxonomy":"product_tag","embeddable":true,"href":"https:\/\/jardimdapini.pt\/es\/wp-json\/wp\/v2\/product_tag?post=70136"}],"curies":[{"name":"wp","href":"https:\/\/api.w.org\/{rel}","templated":true}]}}

<h2 data-path-to-node="2">Sedeveria &#8216;Duende Azul&#8217; Variegata: El duendecillo de los colores pastel</h2>
<p data-path-to-node="3">Conozca <b data-path-to-node="3" data-index-in-node="10">la Sedeveria &#8216;Blue Elf&#8217; Variegata</b>, una rara suculenta con la robustez característica de esta especie, ahora realzada por una mutación de color variegado.</p>
<h2 data-path-to-node="4">Detalles que lo hacen único:</h2>
<ul data-path-to-node="5">
<li>
<p data-path-to-node="5,0,0"><b data-path-to-node="5,0,0" data-index-in-node="0">Variegación luminosa:</b> A diferencia de la versión común, este cultivar muestra rayas y manchas en tonos <b data-path-to-node="5,0,0" data-index-in-node="98">crema marfil y amarillo pálido</b>, que crean un vibrante contraste contra el fondo azul original de la planta.</p>
</li>
<li>
<p data-path-to-node="5,1,0"><b data-path-to-node="5,1,0" data-index-in-node="0">Punta</b> &#8220;encendida&#8221;<b data-path-to-node="5,1,0" data-index-in-node="0">:</b> Sus hojas pequeñas, puntiagudas y carnosas terminan en una punta fina que, bajo estrés solar, adquiere un color <b data-path-to-node="5,1,0" data-index-in-node="132">rosa brillante o rojo carmesí</b>, dando a la roseta un aspecto &#8220;encendido&#8221;.</p>
</li>
<li>
<p data-path-to-node="5,2,0">Esta variedad <b data-path-to-node="5,2,0" data-index-in-node="0">es</b> conocida por su facilidad para formar colonias. Con el tiempo, crea pequeños &#8220;ramilletes&#8221; de rosetas abigarradas, transformando la maceta en un verdadero jardín en miniatura. </p>
</li>
<li>
<p data-path-to-node="5,3,0"><b data-path-to-node="5,3,0" data-index-in-node="0">Textura de porcelana:</b> La superficie de las hojas tiene una ligera capa de pruina, que le da un <b data-path-to-node="5,3,0" data-index-in-node="95">acabado mate </b>, protegiendo las zonas abigarradas y resaltando los tonos azules y rosas.</p>
</li>
</ul>
<h2 data-path-to-node="6">Cuidado:</h2>
<p data-path-to-node="7">La <b data-path-to-node="7" data-index-in-node="2">Variegata &#8216;Duende azul&#8217;</b>, aunque resistente, requiere una atención especial a la luz para mantener el equilibrio entre sus colores y su forma compacta.</p>
<ul data-path-to-node="8">
<li>
<p data-path-to-node="8,0,0"><b data-path-to-node="8,0,0" data-index-in-node="0">Riego:</b> Siga la regla para las suculentas: riegue sólo cuando la tierra esté <b data-path-to-node="8,0,0" data-index-in-node="71">completamente seca</b>. Como todas las plantas variegadas, es ligeramente más sensible al exceso de humedad, por lo que el drenaje es esencial. </p>
</li>
<li>
<p data-path-to-node="8,1,0">&#x2600;&#xfe0f; <b data-path-to-node="8,1,0" data-index-in-node="3">Iluminación:</b> Prefiere la <b data-path-to-node="8,1,0" data-index-in-node="23">luz solar directa filtrada</b> o a pleno sol (evitando el pico del mediodía en climas muy cálidos). La luz brillante es esencial para que las puntas se vuelvan rosadas y no se pierda la variegación ni se atrofie la planta. </p>
</li>
<li>
<p data-path-to-node="8,2,0"><b data-path-to-node="8,2,0" data-index-in-node="0">Tierra:</b> Utilice un sustrato con <b data-path-to-node="8,2,0" data-index-in-node="31">un excelente drenaje</b>, específico para cactus y suculentas, que garantice que las raíces respiren libremente.</p>
</li>
<li>
<p data-path-to-node="8,3,0">&#x2744;&#xfe0f; <b data-path-to-node="8,3,0" data-index-in-node="3">Temperatura:</b> Proteger de las heladas. Agradece la bajada de temperatura nocturna en otoño, que contribuye a intensificar los colores de sus puntas.</p>
</li>
</ul>

<p>Sedeveria Elfo Azul Variegata</p>
<p>Jarrón 8</p>
<p>Origen: Vivero</p>
