{"id":70133,"date":"2026-03-04T13:27:34","date_gmt":"2026-03-04T12:27:34","guid":{"rendered":"https:\/\/jardimdapini.pt\/product\/echeveria-magma-pearl\/"},"modified":"2026-05-25T03:54:22","modified_gmt":"2026-05-25T02:54:22","slug":"echeveria-magma-pearl","status":"publish","type":"product","link":"https:\/\/jardimdapini.pt\/es\/product\/echeveria-magma-pearl\/","title":{"rendered":"Echeveria Magma Pearl"},"content":{"rendered":"<h2 data-path-to-node=\"2\">Echeveria Magma Pearl : La suculenta volc\u00e1nica<\/h2>\n<p data-path-to-node=\"5\">La &#8216;Perla Magma&#8217; destaca por su <b data-path-to-node=\"5\" data-index-in-node=\"36\">coloraci\u00f3n intensa y cambiante, <\/b>sus hojas cortas y triangulares forman una roseta extremadamente compacta. El color de base var\u00eda entre el vino intenso y el chocolate, pero con la luz adecuada revela un brillo iridiscente -la &#8220;perla&#8221; del nombre- que refleja tonos met\u00e1licos y rojizos. <\/p>\n<h2 data-path-to-node=\"4\">Detalles que lo hacen \u00fanico:<\/h2>\n<ul data-path-to-node=\"5\">\n<li>\n<p data-path-to-node=\"5,0,0\"><b data-path-to-node=\"5,0,0\" data-index-in-node=\"0\">Coloraci\u00f3n volc\u00e1nica:<\/b> Haciendo honor a su nombre, muestra hojas en intensos tonos <b data-path-to-node=\"5,0,0\" data-index-in-node=\"75\">vino tinto, bronce y p\u00farpura<\/b>, que parecen brillar como lava a la luz del sol.<\/p>\n<\/li>\n<li>\n<p data-path-to-node=\"5,1,0\"><b data-path-to-node=\"5,1,0\" data-index-in-node=\"0\">Acabado nacarado:<\/b> A diferencia de las variedades mates, presenta una ligera iridiscencia en la superficie de las hojas, lo que le confiere un aspecto <b data-path-to-node=\"5,1,0\" data-index-in-node=\"131\">satinado<\/b> que refleja los tonos met\u00e1licos.<\/p>\n<\/li>\n<li>\n<p data-path-to-node=\"5,2,0\"><b data-path-to-node=\"5,2,0\" data-index-in-node=\"0\">Forma escultural compacta:<\/b> Las hojas cortas y carnosas se organizan en una roseta extremadamente densa y sim\u00e9trica, manteniendo un porte elegante.<\/p>\n<\/li>\n<li>\n<p data-path-to-node=\"5,3,0\"><b data-path-to-node=\"5,3,0\" data-index-in-node=\"0\">Intensidad del estr\u00e9s:<\/b> Bajo una exposici\u00f3n adecuada al sol y a las variaciones de temperatura, los bordes de las hojas se vuelven de un <b data-path-to-node=\"5,3,0\" data-index-in-node=\"116\">rojo vivo y brillante,<\/b> maximizando su impacto visual.<\/p>\n<\/li>\n<\/ul>\n<h2 data-path-to-node=\"6\">Cuidado:<\/h2>\n<p data-path-to-node=\"7\"><b data-path-to-node=\"7\" data-index-in-node=\"2\">La &#8216;Perla de Magma&#8217;<\/b> es una planta robusta, pero requiere atenci\u00f3n a la luz para conservar su color caracter\u00edstico y su forma compacta.<\/p>\n<ul data-path-to-node=\"8\">\n<li>\n<p data-path-to-node=\"8,0,0\"><b data-path-to-node=\"8,0,0\" data-index-in-node=\"0\">Riego:<\/b> Siga la regla de oro de las suculentas: riegue generosamente s\u00f3lo cuando la tierra est\u00e9 <b data-path-to-node=\"8,0,0\" data-index-in-node=\"92\">completamente seca<\/b>.<\/p>\n<\/li>\n<li>\n<p data-path-to-node=\"8,1,0\">&#x2600;&#xfe0f; <b data-path-to-node=\"8,1,0\" data-index-in-node=\"3\">Iluminaci\u00f3n:<\/b> Prefiere <b data-path-to-node=\"8,1,0\" data-index-in-node=\"23\">pleno sol<\/b> o luz solar directa durante al menos 6 horas al d\u00eda. La luz intensa es crucial para mantener los tonos oscuros del &#8220;magma&#8221;; en lugares con poca luz, puede perder su color y volverse verdoso. <\/p>\n<\/li>\n<li>\n<p data-path-to-node=\"8,2,0\"><b data-path-to-node=\"8,2,0\" data-index-in-node=\"0\">Suelo:<\/b> Utilice un sustrato con <b data-path-to-node=\"8,2,0\" data-index-in-node=\"31\">un drenaje excelente<\/b>, preferiblemente una mezcla espec\u00edfica para suculentas con una buena proporci\u00f3n de material mineral (como perlita o arena gruesa).<\/p>\n<\/li>\n<li>\n<p data-path-to-node=\"8,3,0\">&#x2744;&#xfe0f; <b data-path-to-node=\"8,3,0\" data-index-in-node=\"3\">Temperatura:<\/b> Prot\u00e9jala de las heladas y de las temperaturas bajo cero. En climas muy c\u00e1lidos, aseg\u00farese de que haya una buena ventilaci\u00f3n entre las plantas. <\/p>\n<\/li>\n<\/ul>\n","protected":false},"excerpt":{"rendered":"<p>Echeveria Magma Pearl<\/p>\n<p>Jarr\u00f3n 5,5<\/p>\n<p>Origen: H\u00edbrido<\/p>\n","protected":false},"featured_media":69969,"comment_status":"open","ping_status":"closed","template":"","meta":[],"etheme_brands":[],"product_brand":[],"product_cat":[197,223],"product_tag":[],"class_list":["post-70133","product","type-product","status-publish","has-post-thumbnail","product_cat-suculentas-es","product_cat-echeveria-es","first","outofstock","taxable","shipping-taxable","purchasable","product-type-simple"],"_links":{"self":[{"href":"https:\/\/jardimdapini.pt\/es\/wp-json\/wp\/v2\/product\/70133","targetHints":{"allow":["GET"]}}],"collection":[{"href":"https:\/\/jardimdapini.pt\/es\/wp-json\/wp\/v2\/product"}],"about":[{"href":"https:\/\/jardimdapini.pt\/es\/wp-json\/wp\/v2\/types\/product"}],"replies":[{"embeddable":true,"href":"https:\/\/jardimdapini.pt\/es\/wp-json\/wp\/v2\/comments?post=70133"}],"wp:featuredmedia":[{"embeddable":true,"href":"https:\/\/jardimdapini.pt\/es\/wp-json\/wp\/v2\/media\/69969"}],"wp:attachment":[{"href":"https:\/\/jardimdapini.pt\/es\/wp-json\/wp\/v2\/media?parent=70133"}],"wp:term":[{"taxonomy":"brand","embeddable":true,"href":"https:\/\/jardimdapini.pt\/es\/wp-json\/wp\/v2\/etheme_brands?post=70133"},{"taxonomy":"product_brand","embeddable":true,"href":"https:\/\/jardimdapini.pt\/es\/wp-json\/wp\/v2\/product_brand?post=70133"},{"taxonomy":"product_cat","embeddable":true,"href":"https:\/\/jardimdapini.pt\/es\/wp-json\/wp\/v2\/product_cat?post=70133"},{"taxonomy":"product_tag","embeddable":true,"href":"https:\/\/jardimdapini.pt\/es\/wp-json\/wp\/v2\/product_tag?post=70133"}],"curies":[{"name":"wp","href":"https:\/\/api.w.org\/{rel}","templated":true}]}}

<h2 data-path-to-node="2">Echeveria Magma Pearl : La suculenta volcánica</h2>
<p data-path-to-node="5">La &#8216;Perla Magma&#8217; destaca por su <b data-path-to-node="5" data-index-in-node="36">coloración intensa y cambiante, </b>sus hojas cortas y triangulares forman una roseta extremadamente compacta. El color de base varía entre el vino intenso y el chocolate, pero con la luz adecuada revela un brillo iridiscente -la &#8220;perla&#8221; del nombre- que refleja tonos metálicos y rojizos. </p>
<h2 data-path-to-node="4">Detalles que lo hacen único:</h2>
<ul data-path-to-node="5">
<li>
<p data-path-to-node="5,0,0"><b data-path-to-node="5,0,0" data-index-in-node="0">Coloración volcánica:</b> Haciendo honor a su nombre, muestra hojas en intensos tonos <b data-path-to-node="5,0,0" data-index-in-node="75">vino tinto, bronce y púrpura</b>, que parecen brillar como lava a la luz del sol.</p>
</li>
<li>
<p data-path-to-node="5,1,0"><b data-path-to-node="5,1,0" data-index-in-node="0">Acabado nacarado:</b> A diferencia de las variedades mates, presenta una ligera iridiscencia en la superficie de las hojas, lo que le confiere un aspecto <b data-path-to-node="5,1,0" data-index-in-node="131">satinado</b> que refleja los tonos metálicos.</p>
</li>
<li>
<p data-path-to-node="5,2,0"><b data-path-to-node="5,2,0" data-index-in-node="0">Forma escultural compacta:</b> Las hojas cortas y carnosas se organizan en una roseta extremadamente densa y simétrica, manteniendo un porte elegante.</p>
</li>
<li>
<p data-path-to-node="5,3,0"><b data-path-to-node="5,3,0" data-index-in-node="0">Intensidad del estrés:</b> Bajo una exposición adecuada al sol y a las variaciones de temperatura, los bordes de las hojas se vuelven de un <b data-path-to-node="5,3,0" data-index-in-node="116">rojo vivo y brillante,</b> maximizando su impacto visual.</p>
</li>
</ul>
<h2 data-path-to-node="6">Cuidado:</h2>
<p data-path-to-node="7"><b data-path-to-node="7" data-index-in-node="2">La &#8216;Perla de Magma&#8217;</b> es una planta robusta, pero requiere atención a la luz para conservar su color característico y su forma compacta.</p>
<ul data-path-to-node="8">
<li>
<p data-path-to-node="8,0,0"><b data-path-to-node="8,0,0" data-index-in-node="0">Riego:</b> Siga la regla de oro de las suculentas: riegue generosamente sólo cuando la tierra esté <b data-path-to-node="8,0,0" data-index-in-node="92">completamente seca</b>.</p>
</li>
<li>
<p data-path-to-node="8,1,0">&#x2600;&#xfe0f; <b data-path-to-node="8,1,0" data-index-in-node="3">Iluminación:</b> Prefiere <b data-path-to-node="8,1,0" data-index-in-node="23">pleno sol</b> o luz solar directa durante al menos 6 horas al día. La luz intensa es crucial para mantener los tonos oscuros del &#8220;magma&#8221;; en lugares con poca luz, puede perder su color y volverse verdoso. </p>
</li>
<li>
<p data-path-to-node="8,2,0"><b data-path-to-node="8,2,0" data-index-in-node="0">Suelo:</b> Utilice un sustrato con <b data-path-to-node="8,2,0" data-index-in-node="31">un drenaje excelente</b>, preferiblemente una mezcla específica para suculentas con una buena proporción de material mineral (como perlita o arena gruesa).</p>
</li>
<li>
<p data-path-to-node="8,3,0">&#x2744;&#xfe0f; <b data-path-to-node="8,3,0" data-index-in-node="3">Temperatura:</b> Protéjala de las heladas y de las temperaturas bajo cero. En climas muy cálidos, asegúrese de que haya una buena ventilación entre las plantas. </p>
</li>
</ul>

<p>Echeveria Magma Pearl</p>
<p>Jarrón 5,5</p>
<p>Origen: Híbrido</p>
