{"id":68565,"date":"2025-12-05T10:08:59","date_gmt":"2025-12-05T09:08:59","guid":{"rendered":"https:\/\/jardimdapini.pt\/product\/echeveria-black-rose-variegata\/"},"modified":"2026-04-11T15:22:13","modified_gmt":"2026-04-11T14:22:13","slug":"echeveria-black-rose-variegata","status":"publish","type":"product","link":"https:\/\/jardimdapini.pt\/es\/product\/echeveria-black-rose-variegata\/","title":{"rendered":"Echeveria Black Rose Variegata"},"content":{"rendered":"<h2 data-path-to-node=\"3\">  Echeveria Rosa Negra Variegata: Drama y elegancia<\/h2>\n<p data-path-to-node=\"4\">Esta rara suculenta har\u00e1 las delicias de cualquier amante de las suculentas al ofrecer un contraste de color y textura que la convierte en un punto focal en cualquier colecci\u00f3n.<\/p>\n<ul data-path-to-node=\"6\">\n<li>\n<p data-path-to-node=\"6,0,0\"><b>Vivo contraste de color:<\/b> La base de la planta es de un p\u00farpura intenso, a veces casi negro (de ah\u00ed el nombre de &#8220;rosa negra&#8221;), que se funde con manchas de <b>color crema brillante, verde lima y rosa suave<\/b> debido a la variegaci\u00f3n.<\/p>\n<\/li>\n<li>\n<p data-path-to-node=\"6,2,0\"><b>Transformaci\u00f3n solar:<\/b> La intensidad del p\u00farpura oscuro y la vivacidad de las zonas abigarradas se maximizan con una luz solar intensa, lo que la convierte en una planta que evoluciona con las estaciones.<\/p>\n<\/li>\n<li>\n<p data-path-to-node=\"6,3,0\"><b>Crecimiento ex\u00f3tico:<\/b> Una planta que crece moderadamente pero que ofrece un impacto visual inmediato y duradero.<\/p>\n<\/li>\n<\/ul>\n<p>&nbsp;<\/p>\n<h3 data-path-to-node=\"7\">  Cuidados esenciales:<\/h3>\n<ul>\n<li>\n<p data-path-to-node=\"9,0,0\"> <b> Riego:<\/b> Siga la regla para suculentas: riegue s\u00f3lo cuando la tierra est\u00e9 completamente seca. Evite mojar las hojas para no eliminar la floraci\u00f3n. <\/p>\n<\/li>\n<li>\n<p data-path-to-node=\"9,1,0\"><b>\u2600\ufe0f Iluminaci\u00f3n:<\/b> Necesita una luz muy brillante (sol directo por la ma\u00f1ana o sol filtrado todo el d\u00eda). La falta de luz provoca la p\u00e9rdida de color oscuro y el alargamiento. <\/p>\n<\/li>\n<li>\n<p data-path-to-node=\"9,2,0\"> <b> Tierra:<\/b> Utilice un sustrato con un drenaje excelente, espec\u00edfico para cactus y suculentas, retire las hojas secas o muertas de la base para permitir que circule el aire y evitar la aparici\u00f3n de hongos.<\/p>\n<\/li>\n<li>\n<p data-path-to-node=\"9,3,0\"><b>\u2744\ufe0f Temperatura:<\/b> Proteger de las heladas.<\/p>\n<\/li>\n<\/ul>\n<p>&nbsp;<\/p>\n","protected":false},"excerpt":{"rendered":"<p>Echeveria Rosa Negra Variegata<\/p>\n<p>Maceta 8<\/p>\n<p>Origen: Corea del Sur \/ Vivero<\/p>\n","protected":false},"featured_media":68456,"comment_status":"open","ping_status":"closed","template":"","meta":[],"etheme_brands":[],"product_brand":[],"product_cat":[197,223,201,209],"product_tag":[],"class_list":["post-68565","product","type-product","status-publish","has-post-thumbnail","product_cat-suculentas-es","product_cat-echeveria-es","product_cat-suculentas-coreanas-es","product_cat-suculentas-variegatas","first","instock","sale","taxable","shipping-taxable","purchasable","product-type-simple"],"_links":{"self":[{"href":"https:\/\/jardimdapini.pt\/es\/wp-json\/wp\/v2\/product\/68565","targetHints":{"allow":["GET"]}}],"collection":[{"href":"https:\/\/jardimdapini.pt\/es\/wp-json\/wp\/v2\/product"}],"about":[{"href":"https:\/\/jardimdapini.pt\/es\/wp-json\/wp\/v2\/types\/product"}],"replies":[{"embeddable":true,"href":"https:\/\/jardimdapini.pt\/es\/wp-json\/wp\/v2\/comments?post=68565"}],"wp:featuredmedia":[{"embeddable":true,"href":"https:\/\/jardimdapini.pt\/es\/wp-json\/wp\/v2\/media\/68456"}],"wp:attachment":[{"href":"https:\/\/jardimdapini.pt\/es\/wp-json\/wp\/v2\/media?parent=68565"}],"wp:term":[{"taxonomy":"brand","embeddable":true,"href":"https:\/\/jardimdapini.pt\/es\/wp-json\/wp\/v2\/etheme_brands?post=68565"},{"taxonomy":"product_brand","embeddable":true,"href":"https:\/\/jardimdapini.pt\/es\/wp-json\/wp\/v2\/product_brand?post=68565"},{"taxonomy":"product_cat","embeddable":true,"href":"https:\/\/jardimdapini.pt\/es\/wp-json\/wp\/v2\/product_cat?post=68565"},{"taxonomy":"product_tag","embeddable":true,"href":"https:\/\/jardimdapini.pt\/es\/wp-json\/wp\/v2\/product_tag?post=68565"}],"curies":[{"name":"wp","href":"https:\/\/api.w.org\/{rel}","templated":true}]}}

<h2 data-path-to-node="3">  Echeveria Rosa Negra Variegata: Drama y elegancia</h2>
<p data-path-to-node="4">Esta rara suculenta hará las delicias de cualquier amante de las suculentas al ofrecer un contraste de color y textura que la convierte en un punto focal en cualquier colección.</p>
<ul data-path-to-node="6">
<li>
<p data-path-to-node="6,0,0"><b>Vivo contraste de color:</b> La base de la planta es de un púrpura intenso, a veces casi negro (de ahí el nombre de &#8220;rosa negra&#8221;), que se funde con manchas de <b>color crema brillante, verde lima y rosa suave</b> debido a la variegación.</p>
</li>
<li>
<p data-path-to-node="6,2,0"><b>Transformación solar:</b> La intensidad del púrpura oscuro y la vivacidad de las zonas abigarradas se maximizan con una luz solar intensa, lo que la convierte en una planta que evoluciona con las estaciones.</p>
</li>
<li>
<p data-path-to-node="6,3,0"><b>Crecimiento exótico:</b> Una planta que crece moderadamente pero que ofrece un impacto visual inmediato y duradero.</p>
</li>
</ul>
<p>&nbsp;</p>
<h3 data-path-to-node="7">  Cuidados esenciales:</h3>
<ul>
<li>
<p data-path-to-node="9,0,0"> <b> Riego:</b> Siga la regla para suculentas: riegue sólo cuando la tierra esté completamente seca. Evite mojar las hojas para no eliminar la floración. </p>
</li>
<li>
<p data-path-to-node="9,1,0"><b>☀️ Iluminación:</b> Necesita una luz muy brillante (sol directo por la mañana o sol filtrado todo el día). La falta de luz provoca la pérdida de color oscuro y el alargamiento. </p>
</li>
<li>
<p data-path-to-node="9,2,0"> <b> Tierra:</b> Utilice un sustrato con un drenaje excelente, específico para cactus y suculentas, retire las hojas secas o muertas de la base para permitir que circule el aire y evitar la aparición de hongos.</p>
</li>
<li>
<p data-path-to-node="9,3,0"><b>❄️ Temperatura:</b> Proteger de las heladas.</p>
</li>
</ul>
<p>&nbsp;</p>
