{"id":67587,"date":"2025-10-15T10:27:12","date_gmt":"2025-10-15T09:27:12","guid":{"rendered":"https:\/\/jardimdapini.pt\/product\/echeveria-dark-ice\/"},"modified":"2026-07-03T12:34:31","modified_gmt":"2026-07-03T11:34:31","slug":"echeveria-dark-ice","status":"publish","type":"product","link":"https:\/\/jardimdapini.pt\/es\/product\/echeveria-dark-ice\/","title":{"rendered":"Echeveria Dark-Ice"},"content":{"rendered":"<h2>Echeveria hielo oscuro<\/h2>\n<p>&nbsp;<\/p>\n<p><b>La Echeveria Dark Ice <\/b>es una suculenta de vivos colores, ideal para coleccionistas y amantes de las plantas que destacan. Su nombre hace referencia al espectacular contraste entre el centro gris azulado (&#8220;Hielo&#8221;) y los bordes oscuros y rojizos (&#8220;Oscuro&#8221;). <\/p>\n<p>&nbsp;<\/p>\n<h3>Caracter\u00edsticas ornamentales<\/h3>\n<p>&nbsp;<\/p>\n<ul>\n<li><b>Forma:<\/b> Forma rosetas compactas y sim\u00e9tricas de tama\u00f1o medio.<\/li>\n<li><b>Follaje:<\/b> Tiene hojas carnosas, en forma de cuchara, que est\u00e1n recubiertas de una <b>fina capa de pruina<\/b> (un polvo blanco natural) que les da una textura aterciopelada y un color de base <b>gris azulado o verde azulado<\/b>.<\/li>\n<li><b>Coloraci\u00f3n &#8220;hielo oscuro&#8221;:<\/b> La caracter\u00edstica m\u00e1s llamativa es su intenso color. Cuando se exponen a pleno sol o a temperaturas m\u00e1s fr\u00edas (el llamado &#8220;estr\u00e9s controlado&#8221;), los bordes y las puntas de las hojas se vuelven de un <b>p\u00farpura intenso, rojo oscuro o casi negro<\/b>, creando un fascinante contraste con el centro m\u00e1s claro. <\/li>\n<\/ul>\n<p>&nbsp;<\/p>\n<h3>Cuidado y cultivo<\/h3>\n<p>&nbsp;<\/p>\n<ul>\n<li><b>Luz:<\/b> Requiere <b>pleno sol o luz solar indirecta muy brillante<\/b> para mantener la forma compacta de la roseta e intensificar la coloraci\u00f3n p\u00farpura\/roja de los bordes de las hojas. La falta de luz puede provocar estiolado (crecimiento alargado y d\u00e9bil). <\/li>\n<li><b>Riego:<\/b> Se aplica el m\u00e9todo<i>&#8220;remojar y<\/i> secar&#8221;. Riegue abundantemente, pero s\u00f3lo cuando el sustrato est\u00e9 <b>completamente seco<\/b>. <\/li>\n<li><b>Sustrato:<\/b> Utilice un sustrato muy poroso con <b>un excelente drenaje<\/b>, espec\u00edfico para cactus y suculentas.<\/li>\n<li><b>Temperatura:<\/b> Se adapta bien a temperaturas suaves. Debe protegerse de las heladas y de las temperaturas inferiores a 2\u00b0C.<span class=\"math-inline\"><br \/>\n  <span class=\"katex\"><br \/>\n    <span class=\"katex-html\" aria-hidden=\"true\"><br \/>\n      <span class=\"base\"><br \/>\n        <span class=\"mord\"><br \/>\n          <span class=\"msupsub\"><br \/>\n            <span class=\"vlist-t\"><br \/>\n              <span class=\"vlist-r\"><br \/>\n                <span class=\"vlist\"><br \/>\n                  <span class=\"\"><br \/>\n                    <span class=\"sizing reset-size6 size3 mtight\"><br \/>\n                      <span class=\"mbin mtight\">\u2218<\/span><br \/>\n                    <\/span><br \/>\n                  <\/span><br \/>\n                <\/span><br \/>\n              <\/span><br \/>\n            <\/span><br \/>\n          <\/span><br \/>\n        <\/span><br \/>\n        <span class=\"mord text\"><br \/>\n          <span class=\"mord\">C<\/span><br \/>\n        <\/span><br \/>\n      <\/span><br \/>\n    <\/span><br \/>\n  <\/span><br \/>\n<\/span>. <\/li>\n<li><b>Propagaci\u00f3n:<\/b> Relativamente f\u00e1cil de propagar por esquejes de hoja y v\u00e1stagos.<\/li>\n<\/ul>\n","protected":false},"excerpt":{"rendered":"<p>Echeveria Dark-Ice<\/p>\n<p>Jarr\u00f3n 5,5<\/p>\n<p>Origen: Corea del Sur\/H\u00edbrido<\/p>\n","protected":false},"featured_media":67473,"comment_status":"open","ping_status":"closed","template":"","meta":[],"etheme_brands":[],"product_brand":[],"product_cat":[223,250,197,201],"product_tag":[],"class_list":["post-67587","product","type-product","status-publish","has-post-thumbnail","product_cat-echeveria-es","product_cat-coleccionistas","product_cat-suculentas-es","product_cat-suculentas-coreanas-es","first","instock","taxable","shipping-taxable","purchasable","product-type-simple"],"_links":{"self":[{"href":"https:\/\/jardimdapini.pt\/es\/wp-json\/wp\/v2\/product\/67587","targetHints":{"allow":["GET"]}}],"collection":[{"href":"https:\/\/jardimdapini.pt\/es\/wp-json\/wp\/v2\/product"}],"about":[{"href":"https:\/\/jardimdapini.pt\/es\/wp-json\/wp\/v2\/types\/product"}],"replies":[{"embeddable":true,"href":"https:\/\/jardimdapini.pt\/es\/wp-json\/wp\/v2\/comments?post=67587"}],"wp:featuredmedia":[{"embeddable":true,"href":"https:\/\/jardimdapini.pt\/es\/wp-json\/wp\/v2\/media\/67473"}],"wp:attachment":[{"href":"https:\/\/jardimdapini.pt\/es\/wp-json\/wp\/v2\/media?parent=67587"}],"wp:term":[{"taxonomy":"brand","embeddable":true,"href":"https:\/\/jardimdapini.pt\/es\/wp-json\/wp\/v2\/etheme_brands?post=67587"},{"taxonomy":"product_brand","embeddable":true,"href":"https:\/\/jardimdapini.pt\/es\/wp-json\/wp\/v2\/product_brand?post=67587"},{"taxonomy":"product_cat","embeddable":true,"href":"https:\/\/jardimdapini.pt\/es\/wp-json\/wp\/v2\/product_cat?post=67587"},{"taxonomy":"product_tag","embeddable":true,"href":"https:\/\/jardimdapini.pt\/es\/wp-json\/wp\/v2\/product_tag?post=67587"}],"curies":[{"name":"wp","href":"https:\/\/api.w.org\/{rel}","templated":true}]}}

<h2>Echeveria hielo oscuro</h2>
<p>&nbsp;</p>
<p><b>La Echeveria Dark Ice </b>es una suculenta de vivos colores, ideal para coleccionistas y amantes de las plantas que destacan. Su nombre hace referencia al espectacular contraste entre el centro gris azulado (&#8220;Hielo&#8221;) y los bordes oscuros y rojizos (&#8220;Oscuro&#8221;). </p>
<p>&nbsp;</p>
<h3>Características ornamentales</h3>
<p>&nbsp;</p>
<ul>
<li><b>Forma:</b> Forma rosetas compactas y simétricas de tamaño medio.</li>
<li><b>Follaje:</b> Tiene hojas carnosas, en forma de cuchara, que están recubiertas de una <b>fina capa de pruina</b> (un polvo blanco natural) que les da una textura aterciopelada y un color de base <b>gris azulado o verde azulado</b>.</li>
<li><b>Coloración &#8220;hielo oscuro&#8221;:</b> La característica más llamativa es su intenso color. Cuando se exponen a pleno sol o a temperaturas más frías (el llamado &#8220;estrés controlado&#8221;), los bordes y las puntas de las hojas se vuelven de un <b>púrpura intenso, rojo oscuro o casi negro</b>, creando un fascinante contraste con el centro más claro. </li>
</ul>
<p>&nbsp;</p>
<h3>Cuidado y cultivo</h3>
<p>&nbsp;</p>
<ul>
<li><b>Luz:</b> Requiere <b>pleno sol o luz solar indirecta muy brillante</b> para mantener la forma compacta de la roseta e intensificar la coloración púrpura/roja de los bordes de las hojas. La falta de luz puede provocar estiolado (crecimiento alargado y débil). </li>
<li><b>Riego:</b> Se aplica el método<i>&#8220;remojar y</i> secar&#8221;. Riegue abundantemente, pero sólo cuando el sustrato esté <b>completamente seco</b>. </li>
<li><b>Sustrato:</b> Utilice un sustrato muy poroso con <b>un excelente drenaje</b>, específico para cactus y suculentas.</li>
<li><b>Temperatura:</b> Se adapta bien a temperaturas suaves. Debe protegerse de las heladas y de las temperaturas inferiores a 2°C.<span class="math-inline"><br />
  <span class="katex"><br />
    <span class="katex-html" aria-hidden="true"><br />
      <span class="base"><br />
        <span class="mord"><br />
          <span class="msupsub"><br />
            <span class="vlist-t"><br />
              <span class="vlist-r"><br />
                <span class="vlist"><br />
                  <span class=""><br />
                    <span class="sizing reset-size6 size3 mtight"><br />
                      <span class="mbin mtight">∘</span><br />
                    </span><br />
                  </span><br />
                </span><br />
              </span><br />
            </span><br />
          </span><br />
        </span><br />
        <span class="mord text"><br />
          <span class="mord">C</span><br />
        </span><br />
      </span><br />
    </span><br />
  </span><br />
</span>. </li>
<li><b>Propagación:</b> Relativamente fácil de propagar por esquejes de hoja y vástagos.</li>
</ul>

<p>Echeveria Dark-Ice</p>
<p>Jarrón 5,5</p>
<p>Origen: Corea del Sur/Híbrido</p>
