{"id":64947,"date":"2025-04-16T12:48:38","date_gmt":"2025-04-16T11:48:38","guid":{"rendered":"https:\/\/jardimdapini.pt\/product\/conophytum-uviforme\/"},"modified":"2026-07-03T12:34:32","modified_gmt":"2026-07-03T11:34:32","slug":"conophytum-uviforme","status":"publish","type":"product","link":"https:\/\/jardimdapini.pt\/es\/product\/conophytum-uviforme\/","title":{"rendered":"Conophytum Uviforme"},"content":{"rendered":"<p data-sourcepos=\"3:1-3:381\"><strong>El Conophytum uviforme<\/strong> es una peque\u00f1a suculenta de crecimiento lento perteneciente al grupo de las \u201cConos\u201d. Originaria de las regiones \u00e1ridas de Sud\u00e1frica, este peque\u00f1o tesoro de la naturaleza encanta con su forma \u00fanica, que recuerda a peque\u00f1os racimos de uvas o corazones unidos. Sus vibrantes colores y su suave textura la convierten en un extravagante y encantador complemento para cualquier colecci\u00f3n de suculentas.  <\/p>\n<p data-sourcepos=\"5:1-5:20\"><strong>Caracter\u00edsticas:<\/strong><\/p>\n<ul data-sourcepos=\"7:1-12:0\">\n<li data-sourcepos=\"7:1-7:210\"><strong>Forma:<\/strong> Pares de hojas carnosas, fusionadas, que forman cuerpos globulares u ovales, con una fisura en la parte superior por la que emergen las nuevas hojas y la flor. Parecen peque\u00f1os racimos de uvas o corazones unidos. <\/li>\n<li data-sourcepos=\"8:1-8:176\"><strong>Color:<\/strong> Var\u00eda mucho entre subespecies y variedades, incluyendo tonos de verde, gris, rojo, rosa, amarillo y naranja, a menudo con dibujos y manchas distintivos.<\/li>\n<li data-sourcepos=\"9:1-9:94\"><strong>Tama\u00f1o:<\/strong> Muy peque\u00f1o, normalmente cada \u201ccabeza\u201d mide entre 1 y 3 cm de di\u00e1metro.<\/li>\n<li data-sourcepos=\"10:1-10:86\"><strong>Crecimiento: Crecimiento<\/strong> lento, formando peque\u00f1os racimos con el tiempo.<\/li>\n<li data-sourcepos=\"11:1-12:0\"><strong>Floraci\u00f3n:<\/strong> Produce peque\u00f1as flores solitarias que emergen de la fisura en oto\u00f1o, normalmente en tonos blancos, rosas, amarillos o naranjas, a menudo con un suave aroma.<\/li>\n<\/ul>\n<p data-sourcepos=\"13:1-13:13\"><strong>Cuidado:<\/strong><\/p>\n<ul data-sourcepos=\"15:1-20:0\">\n<li data-sourcepos=\"15:1-15:170\"><strong>Luz:<\/strong> Aprecia la luz brillante e indirecta a pleno sol suave, especialmente durante la temporada de crecimiento (oto\u00f1o e invierno). Evite el sol fuerte del mediod\u00eda en verano. <\/li>\n<li data-sourcepos=\"16:1-16:270\">Riego<strong>:<\/strong> El riego es estacional. Riegue moderadamente durante el oto\u00f1o y el invierno, cuando las plantas est\u00e1n activas. Deje de regar casi por completo durante el periodo de reposo estival, cuando las hojas exteriores se secan y protegen las nuevas hojas en desarrollo.  <\/li>\n<li data-sourcepos=\"17:1-17:106\"><strong>Sustrato:<\/strong> Utilice un sustrato arenoso bien drenado, espec\u00edfico para suculentas, con buena aireaci\u00f3n.<\/li>\n<li data-sourcepos=\"18:1-18:142\"><strong>Temperatura:<\/strong> Prefiere las temperaturas suaves durante el per\u00edodo vegetativo (10-25\u00b0C). Proteger de las heladas fuertes y del calor extremo en verano. <\/li>\n<li data-sourcepos=\"19:1-20:0\">Periodo de latencia<strong>:<\/strong> Esencial para su ciclo vital. Respete el periodo de latencia en verano manteniendo las plantas secas y en un lugar fresco y sombreado. <\/li>\n<\/ul>\n<p data-sourcepos=\"21:1-21:18\"><strong>D\u00f3nde cultivar:<\/strong><\/p>\n<ul data-sourcepos=\"23:1-26:0\">\n<li data-sourcepos=\"23:1-23:116\"><strong>Macetas peque\u00f1as:<\/strong> Ideal para cultivar en macetas peque\u00f1as, lo que permite apreciar los detalles de sus formas y colores.<\/li>\n<li data-sourcepos=\"24:1-24:124\"><strong>Mini jardines y terrarios abiertos:<\/strong> Pueden incluirse en mini jardines de suculentas, a\u00f1adiendo un toque de delicadeza.<\/li>\n<li data-sourcepos=\"25:1-26:0\"><strong>Colecciones de suculentas:<\/strong> Un complemento fascinante y codiciado por los coleccionistas.<\/li>\n<\/ul>\n","protected":false},"excerpt":{"rendered":"<p>Conophytum Uviforme<\/p>\n<p>Maceta 5,5<\/p>\n<p>Origen: Sud\u00e1frica<\/p>\n","protected":false},"featured_media":63807,"comment_status":"open","ping_status":"closed","template":"","meta":[],"etheme_brands":[],"product_brand":[],"product_cat":[197,535],"product_tag":[],"class_list":["post-64947","product","type-product","status-publish","has-post-thumbnail","product_cat-suculentas-es","product_cat-conophytum-es","first","instock","taxable","shipping-taxable","purchasable","product-type-simple"],"_links":{"self":[{"href":"https:\/\/jardimdapini.pt\/es\/wp-json\/wp\/v2\/product\/64947","targetHints":{"allow":["GET"]}}],"collection":[{"href":"https:\/\/jardimdapini.pt\/es\/wp-json\/wp\/v2\/product"}],"about":[{"href":"https:\/\/jardimdapini.pt\/es\/wp-json\/wp\/v2\/types\/product"}],"replies":[{"embeddable":true,"href":"https:\/\/jardimdapini.pt\/es\/wp-json\/wp\/v2\/comments?post=64947"}],"wp:featuredmedia":[{"embeddable":true,"href":"https:\/\/jardimdapini.pt\/es\/wp-json\/wp\/v2\/media\/63807"}],"wp:attachment":[{"href":"https:\/\/jardimdapini.pt\/es\/wp-json\/wp\/v2\/media?parent=64947"}],"wp:term":[{"taxonomy":"brand","embeddable":true,"href":"https:\/\/jardimdapini.pt\/es\/wp-json\/wp\/v2\/etheme_brands?post=64947"},{"taxonomy":"product_brand","embeddable":true,"href":"https:\/\/jardimdapini.pt\/es\/wp-json\/wp\/v2\/product_brand?post=64947"},{"taxonomy":"product_cat","embeddable":true,"href":"https:\/\/jardimdapini.pt\/es\/wp-json\/wp\/v2\/product_cat?post=64947"},{"taxonomy":"product_tag","embeddable":true,"href":"https:\/\/jardimdapini.pt\/es\/wp-json\/wp\/v2\/product_tag?post=64947"}],"curies":[{"name":"wp","href":"https:\/\/api.w.org\/{rel}","templated":true}]}}

<p data-sourcepos="3:1-3:381"><strong>El Conophytum uviforme</strong> es una pequeña suculenta de crecimiento lento perteneciente al grupo de las “Conos”. Originaria de las regiones áridas de Sudáfrica, este pequeño tesoro de la naturaleza encanta con su forma única, que recuerda a pequeños racimos de uvas o corazones unidos. Sus vibrantes colores y su suave textura la convierten en un extravagante y encantador complemento para cualquier colección de suculentas.  </p>
<p data-sourcepos="5:1-5:20"><strong>Características:</strong></p>
<ul data-sourcepos="7:1-12:0">
<li data-sourcepos="7:1-7:210"><strong>Forma:</strong> Pares de hojas carnosas, fusionadas, que forman cuerpos globulares u ovales, con una fisura en la parte superior por la que emergen las nuevas hojas y la flor. Parecen pequeños racimos de uvas o corazones unidos. </li>
<li data-sourcepos="8:1-8:176"><strong>Color:</strong> Varía mucho entre subespecies y variedades, incluyendo tonos de verde, gris, rojo, rosa, amarillo y naranja, a menudo con dibujos y manchas distintivos.</li>
<li data-sourcepos="9:1-9:94"><strong>Tamaño:</strong> Muy pequeño, normalmente cada “cabeza” mide entre 1 y 3 cm de diámetro.</li>
<li data-sourcepos="10:1-10:86"><strong>Crecimiento: Crecimiento</strong> lento, formando pequeños racimos con el tiempo.</li>
<li data-sourcepos="11:1-12:0"><strong>Floración:</strong> Produce pequeñas flores solitarias que emergen de la fisura en otoño, normalmente en tonos blancos, rosas, amarillos o naranjas, a menudo con un suave aroma.</li>
</ul>
<p data-sourcepos="13:1-13:13"><strong>Cuidado:</strong></p>
<ul data-sourcepos="15:1-20:0">
<li data-sourcepos="15:1-15:170"><strong>Luz:</strong> Aprecia la luz brillante e indirecta a pleno sol suave, especialmente durante la temporada de crecimiento (otoño e invierno). Evite el sol fuerte del mediodía en verano. </li>
<li data-sourcepos="16:1-16:270">Riego<strong>:</strong> El riego es estacional. Riegue moderadamente durante el otoño y el invierno, cuando las plantas están activas. Deje de regar casi por completo durante el periodo de reposo estival, cuando las hojas exteriores se secan y protegen las nuevas hojas en desarrollo.  </li>
<li data-sourcepos="17:1-17:106"><strong>Sustrato:</strong> Utilice un sustrato arenoso bien drenado, específico para suculentas, con buena aireación.</li>
<li data-sourcepos="18:1-18:142"><strong>Temperatura:</strong> Prefiere las temperaturas suaves durante el período vegetativo (10-25°C). Proteger de las heladas fuertes y del calor extremo en verano. </li>
<li data-sourcepos="19:1-20:0">Periodo de latencia<strong>:</strong> Esencial para su ciclo vital. Respete el periodo de latencia en verano manteniendo las plantas secas y en un lugar fresco y sombreado. </li>
</ul>
<p data-sourcepos="21:1-21:18"><strong>Dónde cultivar:</strong></p>
<ul data-sourcepos="23:1-26:0">
<li data-sourcepos="23:1-23:116"><strong>Macetas pequeñas:</strong> Ideal para cultivar en macetas pequeñas, lo que permite apreciar los detalles de sus formas y colores.</li>
<li data-sourcepos="24:1-24:124"><strong>Mini jardines y terrarios abiertos:</strong> Pueden incluirse en mini jardines de suculentas, añadiendo un toque de delicadeza.</li>
<li data-sourcepos="25:1-26:0"><strong>Colecciones de suculentas:</strong> Un complemento fascinante y codiciado por los coleccionistas.</li>
</ul>

<p>Conophytum Uviforme</p>
<p>Maceta 5,5</p>
<p>Origen: Sudáfrica</p>
