{"id":64941,"date":"2025-04-16T13:41:31","date_gmt":"2025-04-16T12:41:31","guid":{"rendered":"https:\/\/jardimdapini.pt\/product\/echeveria-black-pink-variegata\/"},"modified":"2026-03-30T00:06:42","modified_gmt":"2026-03-29T23:06:42","slug":"echeveria-black-pink-variegata","status":"publish","type":"product","link":"https:\/\/jardimdapini.pt\/es\/product\/echeveria-black-pink-variegata\/","title":{"rendered":"Echeveria Black pink variegata"},"content":{"rendered":"<p data-sourcepos=\"3:1-3:518\">La Echeveria rosa negra variegata es una suculenta fascinante que combina la intensidad oscura del pr\u00edncipe negro con la vivacidad del rosa. Con rosetas compactas y bien definidas y hojas carnosas que var\u00edan entre el verde oscuro, el negro, el rosa, el rojo y el amarillo, una suculenta llena de contrastes, esta variegaci\u00f3n \u00fanica crea un efecto visual sorprendente, haciendo de esta Echeveria una verdadera joya para los coleccionistas. <\/p>\n<p data-sourcepos=\"5:1-5:20\"><strong>Caracter\u00edsticas:<\/strong><\/p>\n<ul data-sourcepos=\"7:1-12:0\">\n<li data-sourcepos=\"7:1-7:105\"><strong>Hojas:<\/strong> Carnosas, de forma variable de lanceoladas a espatuladas, dispuestas en rosetas compactas.<\/li>\n<li data-sourcepos=\"8:1-8:158\"><strong>Color:<\/strong> Predomina el verde oscuro hasta el p\u00farpura intenso y la base negra, con bordes abigarrados en tonos rosa fuerte, crema o blanco, que crean contrastes llamativos.<\/li>\n<li data-sourcepos=\"9:1-9:87\"><strong>Tama\u00f1o:<\/strong> Rosetas de tama\u00f1o medio, ideales para macetas individuales o en composiciones.<\/li>\n<li data-sourcepos=\"10:1-10:73\"><strong>Crecimiento:<\/strong> De lento a moderado, manteniendo la forma compacta de la roseta.<\/li>\n<li data-sourcepos=\"11:1-12:0\"><strong>Floraci\u00f3n:<\/strong> Produce tallos florales con peque\u00f1as flores anaranjadas o rojas, que proporcionan un bello contraste con el follaje.<\/li>\n<\/ul>\n<p data-sourcepos=\"13:1-13:13\"><strong>Cuidado:<\/strong><\/p>\n<ul data-sourcepos=\"15:1-19:0\">\n<li data-sourcepos=\"15:1-15:183\"><strong>Luz:<\/strong> Prefiere la luz directa del sol o una luz indirecta brillante para intensificar los colores oscuros y vibrantes de la variegaci\u00f3n. La falta de luz puede provocar una p\u00e9rdida de intensidad del color. <\/li>\n<li data-sourcepos=\"16:1-16:165\"><strong>Riego:<\/strong> Riegue moderadamente, dejando que el sustrato se seque completamente entre riegos. Evite el riego excesivo, que puede provocar la pudrici\u00f3n de las ra\u00edces. <\/li>\n<li data-sourcepos=\"17:1-17:79\"><strong>Sustrato:<\/strong> Utilice un sustrato bien drenado espec\u00edfico para suculentas.<\/li>\n<li data-sourcepos=\"18:1-19:0\"><strong>Temperatura:<\/strong> Se adapta a una amplia gama de temperaturas, pero protege de las heladas severas.<\/li>\n<\/ul>\n<p data-sourcepos=\"20:1-20:18\"><strong>D\u00f3nde cultivar:<\/strong><\/p>\n<ul data-sourcepos=\"22:1-25:0\">\n<li data-sourcepos=\"22:1-22:113\"><strong>Macetas:<\/strong> Ideal para cultivar en macetas, tanto en interiores bien iluminados como en balcones y patios.<\/li>\n<li data-sourcepos=\"23:1-23:120\"><strong>Arreglos:<\/strong> Perfecta para integrar arreglos con otras suculentas, a\u00f1adiendo un atrevido toque de color.<\/li>\n<li data-sourcepos=\"24:1-25:0\"><strong>Colecciones:<\/strong> Una adici\u00f3n notable y muy buscada por los coleccionistas de suculentas variegadas.<\/li>\n<\/ul>\n","protected":false},"excerpt":{"rendered":"<p>Echeveria Rosa negra variegata<\/p>\n<p>Maceta 10,5<\/p>\n<p>Origen: Vivero<\/p>\n","protected":false},"featured_media":63812,"comment_status":"open","ping_status":"closed","template":"","meta":[],"etheme_brands":[],"product_brand":[],"product_cat":[223,250,197,209],"product_tag":[],"class_list":["post-64941","product","type-product","status-publish","has-post-thumbnail","product_cat-echeveria-es","product_cat-coleccionistas","product_cat-suculentas-es","product_cat-suculentas-variegatas","first","outofstock","sale","taxable","shipping-taxable","purchasable","product-type-simple"],"_links":{"self":[{"href":"https:\/\/jardimdapini.pt\/es\/wp-json\/wp\/v2\/product\/64941","targetHints":{"allow":["GET"]}}],"collection":[{"href":"https:\/\/jardimdapini.pt\/es\/wp-json\/wp\/v2\/product"}],"about":[{"href":"https:\/\/jardimdapini.pt\/es\/wp-json\/wp\/v2\/types\/product"}],"replies":[{"embeddable":true,"href":"https:\/\/jardimdapini.pt\/es\/wp-json\/wp\/v2\/comments?post=64941"}],"wp:featuredmedia":[{"embeddable":true,"href":"https:\/\/jardimdapini.pt\/es\/wp-json\/wp\/v2\/media\/63812"}],"wp:attachment":[{"href":"https:\/\/jardimdapini.pt\/es\/wp-json\/wp\/v2\/media?parent=64941"}],"wp:term":[{"taxonomy":"brand","embeddable":true,"href":"https:\/\/jardimdapini.pt\/es\/wp-json\/wp\/v2\/etheme_brands?post=64941"},{"taxonomy":"product_brand","embeddable":true,"href":"https:\/\/jardimdapini.pt\/es\/wp-json\/wp\/v2\/product_brand?post=64941"},{"taxonomy":"product_cat","embeddable":true,"href":"https:\/\/jardimdapini.pt\/es\/wp-json\/wp\/v2\/product_cat?post=64941"},{"taxonomy":"product_tag","embeddable":true,"href":"https:\/\/jardimdapini.pt\/es\/wp-json\/wp\/v2\/product_tag?post=64941"}],"curies":[{"name":"wp","href":"https:\/\/api.w.org\/{rel}","templated":true}]}}

<p data-sourcepos="3:1-3:518">La Echeveria rosa negra variegata es una suculenta fascinante que combina la intensidad oscura del príncipe negro con la vivacidad del rosa. Con rosetas compactas y bien definidas y hojas carnosas que varían entre el verde oscuro, el negro, el rosa, el rojo y el amarillo, una suculenta llena de contrastes, esta variegación única crea un efecto visual sorprendente, haciendo de esta Echeveria una verdadera joya para los coleccionistas. </p>
<p data-sourcepos="5:1-5:20"><strong>Características:</strong></p>
<ul data-sourcepos="7:1-12:0">
<li data-sourcepos="7:1-7:105"><strong>Hojas:</strong> Carnosas, de forma variable de lanceoladas a espatuladas, dispuestas en rosetas compactas.</li>
<li data-sourcepos="8:1-8:158"><strong>Color:</strong> Predomina el verde oscuro hasta el púrpura intenso y la base negra, con bordes abigarrados en tonos rosa fuerte, crema o blanco, que crean contrastes llamativos.</li>
<li data-sourcepos="9:1-9:87"><strong>Tamaño:</strong> Rosetas de tamaño medio, ideales para macetas individuales o en composiciones.</li>
<li data-sourcepos="10:1-10:73"><strong>Crecimiento:</strong> De lento a moderado, manteniendo la forma compacta de la roseta.</li>
<li data-sourcepos="11:1-12:0"><strong>Floración:</strong> Produce tallos florales con pequeñas flores anaranjadas o rojas, que proporcionan un bello contraste con el follaje.</li>
</ul>
<p data-sourcepos="13:1-13:13"><strong>Cuidado:</strong></p>
<ul data-sourcepos="15:1-19:0">
<li data-sourcepos="15:1-15:183"><strong>Luz:</strong> Prefiere la luz directa del sol o una luz indirecta brillante para intensificar los colores oscuros y vibrantes de la variegación. La falta de luz puede provocar una pérdida de intensidad del color. </li>
<li data-sourcepos="16:1-16:165"><strong>Riego:</strong> Riegue moderadamente, dejando que el sustrato se seque completamente entre riegos. Evite el riego excesivo, que puede provocar la pudrición de las raíces. </li>
<li data-sourcepos="17:1-17:79"><strong>Sustrato:</strong> Utilice un sustrato bien drenado específico para suculentas.</li>
<li data-sourcepos="18:1-19:0"><strong>Temperatura:</strong> Se adapta a una amplia gama de temperaturas, pero protege de las heladas severas.</li>
</ul>
<p data-sourcepos="20:1-20:18"><strong>Dónde cultivar:</strong></p>
<ul data-sourcepos="22:1-25:0">
<li data-sourcepos="22:1-22:113"><strong>Macetas:</strong> Ideal para cultivar en macetas, tanto en interiores bien iluminados como en balcones y patios.</li>
<li data-sourcepos="23:1-23:120"><strong>Arreglos:</strong> Perfecta para integrar arreglos con otras suculentas, añadiendo un atrevido toque de color.</li>
<li data-sourcepos="24:1-25:0"><strong>Colecciones:</strong> Una adición notable y muy buscada por los coleccionistas de suculentas variegadas.</li>
</ul>
