{"id":64920,"date":"2025-05-30T11:03:21","date_gmt":"2025-05-30T10:03:21","guid":{"rendered":"https:\/\/jardimdapini.pt\/product\/coryphantha-elephantidens\/"},"modified":"2025-05-30T11:17:41","modified_gmt":"2025-05-30T10:17:41","slug":"coryphantha-elephantidens","status":"publish","type":"product","link":"https:\/\/jardimdapini.pt\/es\/product\/coryphantha-elephantidens\/","title":{"rendered":"Coryphantha Elephantidens"},"content":{"rendered":"<h2 data-sourcepos=\"1:1-1:70\">Coryphantha elephantidens: el cactus escultural<\/h2>\n<p data-sourcepos=\"3:1-3:507\"><strong>La Coryphantha elephantidens<\/strong> es un impresionante cactus apreciado por los coleccionistas por su forma robusta y sus espectaculares flores. Originario de los paisajes semides\u00e9rticos de M\u00e9xico, este cactus solitario o que forma peque\u00f1os racimos, destaca por sus grandes y prominentes tub\u00e9rculos, que se asemejan a la piel de un elefante, de ah\u00ed su cari\u00f1oso nombre. <\/p>\n<p data-sourcepos=\"5:1-5:20\"><strong>Caracter\u00edsticas:<\/strong><\/p>\n<ul data-sourcepos=\"7:1-11:0\">\n<li data-sourcepos=\"7:1-7:305\"><strong>Cuerpo:<\/strong> Globoso, normalmente solitario cuando es joven, pero puede formar peque\u00f1os grupos con la edad. Su color var\u00eda del verde gris\u00e1ceo al verde azulado. Su superficie est\u00e1 cubierta de <strong>tub\u00e9rculos grandes, redondeados y prominentes<\/strong> con surcos marcados, que le dan una textura rugosa \u00fanica.  <\/li>\n<li data-sourcepos=\"8:1-8:249\"><strong>Espinas:<\/strong> Normalmente cortas, gruesas y curvadas, emergen de la parte superior de los tub\u00e9rculos. El n\u00famero y el tama\u00f1o de las espinas puede variar, pero suelen ser menos densas que en otros cactus, lo que permite apreciar la belleza del cuerpo. <\/li>\n<li data-sourcepos=\"9:1-9:123\"><strong>Crecimiento:<\/strong> De lento a moderado, pero puede alcanzar tama\u00f1os considerables con el tiempo (hasta 15-20 cm de di\u00e1metro o m\u00e1s).<\/li>\n<li data-sourcepos=\"10:1-11:0\"><strong>Floraci\u00f3n:<\/strong> \u00a1Lo m\u00e1s destacado de esta especie! Produce <strong>unas flores grandes y espectaculares<\/strong>, de hasta 7-8 cm de di\u00e1metro, que emergen del \u00e1pice de la planta. Las flores tienen forma de embudo, con p\u00e9talos sedosos en tonos vibrantes de <strong>rosa intenso, magenta o rojo p\u00farpura<\/strong>, a veces con un centro m\u00e1s claro. La floraci\u00f3n suele producirse a finales de verano o principios de oto\u00f1o.   <\/li>\n<\/ul>\n<p data-sourcepos=\"12:1-12:13\"><strong>Cuidado:<\/strong><\/p>\n<ul data-sourcepos=\"14:1-19:0\">\n<li data-sourcepos=\"14:1-14:247\"><strong>Luz:<\/strong> Necesita <strong>luz solar directa e intensa<\/strong> durante la mayor parte del d\u00eda para favorecer un crecimiento compacto y una floraci\u00f3n abundante. En climas muy c\u00e1lidos, puede ser beneficiosa la protecci\u00f3n lum\u00ednica en las horas de mayor insolaci\u00f3n. <\/li>\n<li data-sourcepos=\"15:1-15:323\"><strong>Riego:<\/strong> Riegue moderadamente durante la temporada de crecimiento (primavera y verano), dejando que el sustrato se seque completamente entre riegos. Es crucial <strong>evitar el riego excesivo<\/strong>, que es la principal causa de podredumbre en los cactus. <\/li>\n<li data-sourcepos=\"16:1-16:192\"><strong>Sustrato:<\/strong> Esencialmente <strong>mineral y con un excelente drenaje<\/strong>. Una mezcla ideal incluye arena gruesa, perlita, piedra p\u00f3mez y\/o akadama, con un peque\u00f1o porcentaje de materia org\u00e1nica. <\/li>\n<li data-sourcepos=\"18:1-19:0\"><strong>Ventilaci\u00f3n:<\/strong> Una buena circulaci\u00f3n de aire es importante para evitar la acumulaci\u00f3n de humedad y las enfermedades f\u00fangicas.<\/li>\n<\/ul>\n<p data-sourcepos=\"20:1-20:18\"><strong>D\u00f3nde cultivar:<\/strong><\/p>\n<ul data-sourcepos=\"22:1-25:0\">\n<li data-sourcepos=\"22:1-22:157\"><strong>Macetas:<\/strong> Ideal para cultivar en macetas que le permitan expandirse, donde se puede apreciar plenamente su forma escultural y la belleza de sus flores.<\/li>\n<li data-sourcepos=\"23:1-23:139\"><strong>Jardines de cactus y suculentas:<\/strong> En climas secos con buen drenaje, puede destacar en jardines de rocas o parterres tem\u00e1ticos.<\/li>\n<li data-sourcepos=\"24:1-25:0\"><strong>Colecciones de cactus:<\/strong> Una pieza central para los coleccionistas debido a su tama\u00f1o, belleza y espectacular floraci\u00f3n.<\/li>\n<\/ul>\n","protected":false},"excerpt":{"rendered":"<p>Coryphantha Elephantidens<\/p>\n<p>Jarr\u00f3n 8,5<\/p>\n<p>Origen: M\u00e9xico<\/p>\n","protected":false},"featured_media":64911,"comment_status":"open","ping_status":"closed","template":"","meta":[],"etheme_brands":[],"product_brand":[],"product_cat":[189,551,197],"product_tag":[],"class_list":["post-64920","product","type-product","status-publish","has-post-thumbnail","product_cat-cactus-es-suculentas-es","product_cat-coryphantha-es","product_cat-suculentas-es","first","instock","taxable","shipping-taxable","purchasable","product-type-simple"],"_links":{"self":[{"href":"https:\/\/jardimdapini.pt\/es\/wp-json\/wp\/v2\/product\/64920","targetHints":{"allow":["GET"]}}],"collection":[{"href":"https:\/\/jardimdapini.pt\/es\/wp-json\/wp\/v2\/product"}],"about":[{"href":"https:\/\/jardimdapini.pt\/es\/wp-json\/wp\/v2\/types\/product"}],"replies":[{"embeddable":true,"href":"https:\/\/jardimdapini.pt\/es\/wp-json\/wp\/v2\/comments?post=64920"}],"wp:featuredmedia":[{"embeddable":true,"href":"https:\/\/jardimdapini.pt\/es\/wp-json\/wp\/v2\/media\/64911"}],"wp:attachment":[{"href":"https:\/\/jardimdapini.pt\/es\/wp-json\/wp\/v2\/media?parent=64920"}],"wp:term":[{"taxonomy":"brand","embeddable":true,"href":"https:\/\/jardimdapini.pt\/es\/wp-json\/wp\/v2\/etheme_brands?post=64920"},{"taxonomy":"product_brand","embeddable":true,"href":"https:\/\/jardimdapini.pt\/es\/wp-json\/wp\/v2\/product_brand?post=64920"},{"taxonomy":"product_cat","embeddable":true,"href":"https:\/\/jardimdapini.pt\/es\/wp-json\/wp\/v2\/product_cat?post=64920"},{"taxonomy":"product_tag","embeddable":true,"href":"https:\/\/jardimdapini.pt\/es\/wp-json\/wp\/v2\/product_tag?post=64920"}],"curies":[{"name":"wp","href":"https:\/\/api.w.org\/{rel}","templated":true}]}}

<h2 data-sourcepos="1:1-1:70">Coryphantha elephantidens: el cactus escultural</h2>
<p data-sourcepos="3:1-3:507"><strong>La Coryphantha elephantidens</strong> es un impresionante cactus apreciado por los coleccionistas por su forma robusta y sus espectaculares flores. Originario de los paisajes semidesérticos de México, este cactus solitario o que forma pequeños racimos, destaca por sus grandes y prominentes tubérculos, que se asemejan a la piel de un elefante, de ahí su cariñoso nombre. </p>
<p data-sourcepos="5:1-5:20"><strong>Características:</strong></p>
<ul data-sourcepos="7:1-11:0">
<li data-sourcepos="7:1-7:305"><strong>Cuerpo:</strong> Globoso, normalmente solitario cuando es joven, pero puede formar pequeños grupos con la edad. Su color varía del verde grisáceo al verde azulado. Su superficie está cubierta de <strong>tubérculos grandes, redondeados y prominentes</strong> con surcos marcados, que le dan una textura rugosa única.  </li>
<li data-sourcepos="8:1-8:249"><strong>Espinas:</strong> Normalmente cortas, gruesas y curvadas, emergen de la parte superior de los tubérculos. El número y el tamaño de las espinas puede variar, pero suelen ser menos densas que en otros cactus, lo que permite apreciar la belleza del cuerpo. </li>
<li data-sourcepos="9:1-9:123"><strong>Crecimiento:</strong> De lento a moderado, pero puede alcanzar tamaños considerables con el tiempo (hasta 15-20 cm de diámetro o más).</li>
<li data-sourcepos="10:1-11:0"><strong>Floración:</strong> ¡Lo más destacado de esta especie! Produce <strong>unas flores grandes y espectaculares</strong>, de hasta 7-8 cm de diámetro, que emergen del ápice de la planta. Las flores tienen forma de embudo, con pétalos sedosos en tonos vibrantes de <strong>rosa intenso, magenta o rojo púrpura</strong>, a veces con un centro más claro. La floración suele producirse a finales de verano o principios de otoño.   </li>
</ul>
<p data-sourcepos="12:1-12:13"><strong>Cuidado:</strong></p>
<ul data-sourcepos="14:1-19:0">
<li data-sourcepos="14:1-14:247"><strong>Luz:</strong> Necesita <strong>luz solar directa e intensa</strong> durante la mayor parte del día para favorecer un crecimiento compacto y una floración abundante. En climas muy cálidos, puede ser beneficiosa la protección lumínica en las horas de mayor insolación. </li>
<li data-sourcepos="15:1-15:323"><strong>Riego:</strong> Riegue moderadamente durante la temporada de crecimiento (primavera y verano), dejando que el sustrato se seque completamente entre riegos. Es crucial <strong>evitar el riego excesivo</strong>, que es la principal causa de podredumbre en los cactus. </li>
<li data-sourcepos="16:1-16:192"><strong>Sustrato:</strong> Esencialmente <strong>mineral y con un excelente drenaje</strong>. Una mezcla ideal incluye arena gruesa, perlita, piedra pómez y/o akadama, con un pequeño porcentaje de materia orgánica. </li>
<li data-sourcepos="18:1-19:0"><strong>Ventilación:</strong> Una buena circulación de aire es importante para evitar la acumulación de humedad y las enfermedades fúngicas.</li>
</ul>
<p data-sourcepos="20:1-20:18"><strong>Dónde cultivar:</strong></p>
<ul data-sourcepos="22:1-25:0">
<li data-sourcepos="22:1-22:157"><strong>Macetas:</strong> Ideal para cultivar en macetas que le permitan expandirse, donde se puede apreciar plenamente su forma escultural y la belleza de sus flores.</li>
<li data-sourcepos="23:1-23:139"><strong>Jardines de cactus y suculentas:</strong> En climas secos con buen drenaje, puede destacar en jardines de rocas o parterres temáticos.</li>
<li data-sourcepos="24:1-25:0"><strong>Colecciones de cactus:</strong> Una pieza central para los coleccionistas debido a su tamaño, belleza y espectacular floración.</li>
</ul>

<p>Coryphantha Elephantidens</p>
<p>Jarrón 8,5</p>
<p>Origen: México</p>
