{"id":58352,"date":"2019-12-05T15:56:09","date_gmt":"2019-12-05T14:56:09","guid":{"rendered":"https:\/\/jardimdapini.pt\/product\/echeveria-affinis-black-prince\/"},"modified":"2026-05-17T13:48:28","modified_gmt":"2026-05-17T12:48:28","slug":"echeveria-affinis-black-prince","status":"publish","type":"product","link":"https:\/\/jardimdapini.pt\/es\/product\/echeveria-affinis-black-prince\/","title":{"rendered":"Echeveria Affinis &#8216;Black Prince&#8217;"},"content":{"rendered":"<p>La Echeveria &#8216;Black Prince&#8217; es una suculenta favorita de quienes gustan de las suculentas de colores oscuros. Las hojas ser\u00e1n primero de color verde oscuro y a medida que la planta se desarrolle se volver\u00e1n de un p\u00farpura oscuro, casi negro.<br \/>\nEl centro de la planta suele ser verde, por lo que esta echeveria es ideal para complementar un conjunto con sus tonos negros. <em>Vea <strong><a href=\"https:\/\/jardimdapini.pt\/os-nossos-formatos-de-vasos\/\" target=\"_blank\" rel=\"noopener noreferrer\">aqu\u00ed<\/a> <\/strong>nuestra comparaci\u00f3n del tama\u00f1o de las macetas que solemos utilizar y consejos para el cuidado de suculentas y cactus<strong> <a href=\"https:\/\/jardimdapini.pt\/dicas-simples-para-cuidar-das-suas-suculentas-e-cactos\/\" target=\"_blank\" rel=\"noopener noreferrer\">.<\/a><\/strong><\/em> <\/p>\n<p>&nbsp;<\/p>\n","protected":false},"excerpt":{"rendered":"<p>Echeveria Affinis &#8216;Pr\u00edncipe negro&#8217; Maceta 8,5 Origen: M\u00e9xico<\/p>\n","protected":false},"featured_media":44371,"comment_status":"open","ping_status":"closed","template":"","meta":[],"etheme_brands":[],"product_brand":[],"product_cat":[223,197],"product_tag":[],"class_list":["post-58352","product","type-product","status-publish","has-post-thumbnail","product_cat-echeveria-es","product_cat-suculentas-es","first","instock","taxable","shipping-taxable","purchasable","product-type-simple"],"_links":{"self":[{"href":"https:\/\/jardimdapini.pt\/es\/wp-json\/wp\/v2\/product\/58352","targetHints":{"allow":["GET"]}}],"collection":[{"href":"https:\/\/jardimdapini.pt\/es\/wp-json\/wp\/v2\/product"}],"about":[{"href":"https:\/\/jardimdapini.pt\/es\/wp-json\/wp\/v2\/types\/product"}],"replies":[{"embeddable":true,"href":"https:\/\/jardimdapini.pt\/es\/wp-json\/wp\/v2\/comments?post=58352"}],"wp:featuredmedia":[{"embeddable":true,"href":"https:\/\/jardimdapini.pt\/es\/wp-json\/wp\/v2\/media\/44371"}],"wp:attachment":[{"href":"https:\/\/jardimdapini.pt\/es\/wp-json\/wp\/v2\/media?parent=58352"}],"wp:term":[{"taxonomy":"brand","embeddable":true,"href":"https:\/\/jardimdapini.pt\/es\/wp-json\/wp\/v2\/etheme_brands?post=58352"},{"taxonomy":"product_brand","embeddable":true,"href":"https:\/\/jardimdapini.pt\/es\/wp-json\/wp\/v2\/product_brand?post=58352"},{"taxonomy":"product_cat","embeddable":true,"href":"https:\/\/jardimdapini.pt\/es\/wp-json\/wp\/v2\/product_cat?post=58352"},{"taxonomy":"product_tag","embeddable":true,"href":"https:\/\/jardimdapini.pt\/es\/wp-json\/wp\/v2\/product_tag?post=58352"}],"curies":[{"name":"wp","href":"https:\/\/api.w.org\/{rel}","templated":true}]}}

<p>La Echeveria &#8216;Black Prince&#8217; es una suculenta favorita de quienes gustan de las suculentas de colores oscuros. Las hojas serán primero de color verde oscuro y a medida que la planta se desarrolle se volverán de un púrpura oscuro, casi negro.<br />
El centro de la planta suele ser verde, por lo que esta echeveria es ideal para complementar un conjunto con sus tonos negros. <em>Vea <strong><a href="https://jardimdapini.pt/os-nossos-formatos-de-vasos/" target="_blank" rel="noopener noreferrer">aquí</a> </strong>nuestra comparación del tamaño de las macetas que solemos utilizar y consejos para el cuidado de suculentas y cactus<strong> <a href="https://jardimdapini.pt/dicas-simples-para-cuidar-das-suas-suculentas-e-cactos/" target="_blank" rel="noopener noreferrer">.</a></strong></em> </p>
<p>&nbsp;</p>

<p>Echeveria Affinis &#8216;Príncipe negro&#8217; Maceta 8,5 Origen: México</p>
