{"id":58287,"date":"2020-05-25T12:31:27","date_gmt":"2024-09-09T19:53:11","guid":{"rendered":"https:\/\/jardimdapini.pt\/product\/echeveria-melaco\/"},"modified":"2024-09-09T20:53:11","modified_gmt":"2024-09-09T19:53:11","slug":"echeveria-melaco","status":"publish","type":"product","link":"https:\/\/jardimdapini.pt\/es\/product\/echeveria-melaco\/","title":{"rendered":"Echeveria Melaco"},"content":{"rendered":"<p>La Echeveria &#8216;Melaco&#8217; destaca por su altura y su coloraci\u00f3n distintiva.<br \/>\nEl degradado de tonos puede incluir tonos cobrizos, ciruela, salm\u00f3n y chocolate, a veces con un centro verde mar.<br \/>\nSi la coloca en interior, mant\u00e9ngala cerca de una ventana con exposici\u00f3n solar para obtener los colores m\u00e1s brillantes.<br \/>\nSus hojas ricas y brillantes son la inspiraci\u00f3n del nombre &#8216;Melaco&#8217;, o &#8220;melaza&#8221; en portugu\u00e9s. <em>Vea <strong><a href=\"https:\/\/jardimdapini.pt\/os-nossos-formatos-de-vasos\/\" target=\"_blank\" rel=\"noopener noreferrer\">aqu\u00ed<\/a> <\/strong>nuestra comparaci\u00f3n del tama\u00f1o de las macetas que solemos utilizar y consejos para el cuidado de suculentas y cactus<strong> <a href=\"https:\/\/jardimdapini.pt\/dicas-simples-para-cuidar-das-suas-suculentas-e-cactos\/\" target=\"_blank\" rel=\"noopener noreferrer\">.<\/a><\/strong><\/em>   <\/p>\n","protected":false},"excerpt":{"rendered":"<p>Echeveria Melaco Jarr\u00f3n 8 Origen: M\u00e9xico<\/p>\n","protected":false},"featured_media":45271,"comment_status":"open","ping_status":"closed","template":"","meta":[],"etheme_brands":[],"product_brand":[],"product_cat":[223,197],"product_tag":[],"class_list":["post-58287","product","type-product","status-publish","has-post-thumbnail","product_cat-echeveria-es","product_cat-suculentas-es","first","outofstock","taxable","shipping-taxable","purchasable","product-type-simple"],"_links":{"self":[{"href":"https:\/\/jardimdapini.pt\/es\/wp-json\/wp\/v2\/product\/58287","targetHints":{"allow":["GET"]}}],"collection":[{"href":"https:\/\/jardimdapini.pt\/es\/wp-json\/wp\/v2\/product"}],"about":[{"href":"https:\/\/jardimdapini.pt\/es\/wp-json\/wp\/v2\/types\/product"}],"replies":[{"embeddable":true,"href":"https:\/\/jardimdapini.pt\/es\/wp-json\/wp\/v2\/comments?post=58287"}],"wp:featuredmedia":[{"embeddable":true,"href":"https:\/\/jardimdapini.pt\/es\/wp-json\/wp\/v2\/media\/45271"}],"wp:attachment":[{"href":"https:\/\/jardimdapini.pt\/es\/wp-json\/wp\/v2\/media?parent=58287"}],"wp:term":[{"taxonomy":"brand","embeddable":true,"href":"https:\/\/jardimdapini.pt\/es\/wp-json\/wp\/v2\/etheme_brands?post=58287"},{"taxonomy":"product_brand","embeddable":true,"href":"https:\/\/jardimdapini.pt\/es\/wp-json\/wp\/v2\/product_brand?post=58287"},{"taxonomy":"product_cat","embeddable":true,"href":"https:\/\/jardimdapini.pt\/es\/wp-json\/wp\/v2\/product_cat?post=58287"},{"taxonomy":"product_tag","embeddable":true,"href":"https:\/\/jardimdapini.pt\/es\/wp-json\/wp\/v2\/product_tag?post=58287"}],"curies":[{"name":"wp","href":"https:\/\/api.w.org\/{rel}","templated":true}]}}

<p>La Echeveria &#8216;Melaco&#8217; destaca por su altura y su coloración distintiva.<br />
El degradado de tonos puede incluir tonos cobrizos, ciruela, salmón y chocolate, a veces con un centro verde mar.<br />
Si la coloca en interior, manténgala cerca de una ventana con exposición solar para obtener los colores más brillantes.<br />
Sus hojas ricas y brillantes son la inspiración del nombre &#8216;Melaco&#8217;, o &#8220;melaza&#8221; en portugués. <em>Vea <strong><a href="https://jardimdapini.pt/os-nossos-formatos-de-vasos/" target="_blank" rel="noopener noreferrer">aquí</a> </strong>nuestra comparación del tamaño de las macetas que solemos utilizar y consejos para el cuidado de suculentas y cactus<strong> <a href="https://jardimdapini.pt/dicas-simples-para-cuidar-das-suas-suculentas-e-cactos/" target="_blank" rel="noopener noreferrer">.</a></strong></em>   </p>

<p>Echeveria Melaco Jarrón 8 Origen: México</p>
