{"id":58050,"date":"2020-07-21T11:43:35","date_gmt":"2024-09-09T19:46:17","guid":{"rendered":"https:\/\/jardimdapini.pt\/product\/adromischus-marianiae-herrei\/"},"modified":"2024-09-09T20:46:17","modified_gmt":"2024-09-09T19:46:17","slug":"adromischus-marianiae-herrei","status":"publish","type":"product","link":"https:\/\/jardimdapini.pt\/es\/product\/adromischus-marianiae-herrei\/","title":{"rendered":"Adromischus Marianiae Herrei"},"content":{"rendered":"<p>El Adromischus marianae herrei es un peque\u00f1o arbusto suculento de crecimiento lento, contra\u00eddo en la base, de tama\u00f1o variable que puede alcanzar los 10 cm de altura, con muchas ramas delgadas y muy cortas.<br \/>\nActualmente se cree que no es m\u00e1s que una poblaci\u00f3n de color marr\u00f3n rojizo de Adromischus marianiae con hojas muy \u00e1speras que parecen sultanas secas.<br \/>\nEsta especie es muy variable y cada clon es distintivo y merece la pena cultivar m\u00e1s de una muestra.<br \/>\nLos Adromischus tienen tendencia a que sus hojas se caigan con bastante facilidad, a pesar de nuestro cuidado al acomodar las plantas puede ocurrir y no hay ning\u00fan problema para la planta, las hojas que se caen enra\u00edzan r\u00e1pidamente creando as\u00ed nuevos ejemplares del g\u00e9nero. <em>Vea <strong><a href=\"https:\/\/jardimdapini.pt\/os-nossos-formatos-de-vasos\/\" target=\"_blank\" rel=\"noopener noreferrer\">aqu\u00ed<\/a> <\/strong>nuestra comparaci\u00f3n del tama\u00f1o de las macetas que solemos utilizar y consejos para el cuidado de suculentas y cactus<strong> <a href=\"https:\/\/jardimdapini.pt\/dicas-simples-para-cuidar-das-suas-suculentas-e-cactos\/\" target=\"_blank\" rel=\"noopener noreferrer\">.<\/a><\/strong><\/em>   <\/p>\n","protected":false},"excerpt":{"rendered":"<p>Adromischus Marianiae Herrei Jarr\u00f3n 8,5 Origen: Sud\u00e1frica<\/p>\n","protected":false},"featured_media":45799,"comment_status":"open","ping_status":"closed","template":"","meta":[],"etheme_brands":[],"product_brand":[],"product_cat":[229,250,197],"product_tag":[],"class_list":["post-58050","product","type-product","status-publish","has-post-thumbnail","product_cat-adromischus-es","product_cat-coleccionistas","product_cat-suculentas-es","first","outofstock","taxable","shipping-taxable","purchasable","product-type-simple"],"_links":{"self":[{"href":"https:\/\/jardimdapini.pt\/es\/wp-json\/wp\/v2\/product\/58050","targetHints":{"allow":["GET"]}}],"collection":[{"href":"https:\/\/jardimdapini.pt\/es\/wp-json\/wp\/v2\/product"}],"about":[{"href":"https:\/\/jardimdapini.pt\/es\/wp-json\/wp\/v2\/types\/product"}],"replies":[{"embeddable":true,"href":"https:\/\/jardimdapini.pt\/es\/wp-json\/wp\/v2\/comments?post=58050"}],"wp:featuredmedia":[{"embeddable":true,"href":"https:\/\/jardimdapini.pt\/es\/wp-json\/wp\/v2\/media\/45799"}],"wp:attachment":[{"href":"https:\/\/jardimdapini.pt\/es\/wp-json\/wp\/v2\/media?parent=58050"}],"wp:term":[{"taxonomy":"brand","embeddable":true,"href":"https:\/\/jardimdapini.pt\/es\/wp-json\/wp\/v2\/etheme_brands?post=58050"},{"taxonomy":"product_brand","embeddable":true,"href":"https:\/\/jardimdapini.pt\/es\/wp-json\/wp\/v2\/product_brand?post=58050"},{"taxonomy":"product_cat","embeddable":true,"href":"https:\/\/jardimdapini.pt\/es\/wp-json\/wp\/v2\/product_cat?post=58050"},{"taxonomy":"product_tag","embeddable":true,"href":"https:\/\/jardimdapini.pt\/es\/wp-json\/wp\/v2\/product_tag?post=58050"}],"curies":[{"name":"wp","href":"https:\/\/api.w.org\/{rel}","templated":true}]}}

<p>El Adromischus marianae herrei es un pequeño arbusto suculento de crecimiento lento, contraído en la base, de tamaño variable que puede alcanzar los 10 cm de altura, con muchas ramas delgadas y muy cortas.<br />
Actualmente se cree que no es más que una población de color marrón rojizo de Adromischus marianiae con hojas muy ásperas que parecen sultanas secas.<br />
Esta especie es muy variable y cada clon es distintivo y merece la pena cultivar más de una muestra.<br />
Los Adromischus tienen tendencia a que sus hojas se caigan con bastante facilidad, a pesar de nuestro cuidado al acomodar las plantas puede ocurrir y no hay ningún problema para la planta, las hojas que se caen enraízan rápidamente creando así nuevos ejemplares del género. <em>Vea <strong><a href="https://jardimdapini.pt/os-nossos-formatos-de-vasos/" target="_blank" rel="noopener noreferrer">aquí</a> </strong>nuestra comparación del tamaño de las macetas que solemos utilizar y consejos para el cuidado de suculentas y cactus<strong> <a href="https://jardimdapini.pt/dicas-simples-para-cuidar-das-suas-suculentas-e-cactos/" target="_blank" rel="noopener noreferrer">.</a></strong></em>   </p>

<p>Adromischus Marianiae Herrei Jarrón 8,5 Origen: Sudáfrica</p>
