{"id":57925,"date":"2020-06-19T12:35:05","date_gmt":"2024-09-09T19:44:05","guid":{"rendered":"https:\/\/jardimdapini.pt\/product\/echeveria-opalina\/"},"modified":"2026-01-09T14:50:54","modified_gmt":"2026-01-09T13:50:54","slug":"echeveria-opalina","status":"publish","type":"product","link":"https:\/\/jardimdapini.pt\/es\/product\/echeveria-opalina\/","title":{"rendered":"Echeveria Opalina"},"content":{"rendered":"<p>La &#8216;Opalina&#8217; (Echeveria colorata \u00d7 Graptopetalum amethystinum) es una echeveria de muy bajo mantenimiento.<br \/>\nMant\u00e9ngala en sol parcial y tendr\u00e1 un color verde azulado.<br \/>\nTrasl\u00e1dela a condiciones m\u00e1s soleadas y se volver\u00e1 rosa en los bordes, prospera en lugares soleados y en macetas y suelos con un excelente drenaje.<br \/>\nRiegue en profundidad pero s\u00f3lo cuando la tierra est\u00e9 completamente seca. <em>Vea <strong><a href=\"https:\/\/jardimdapini.pt\/os-nossos-formatos-de-vasos\/\" target=\"_blank\" rel=\"noopener noreferrer\">aqu\u00ed<\/a> <\/strong>nuestra comparaci\u00f3n del tama\u00f1o de las macetas que solemos utilizar y consejos para el cuidado de suculentas y cactus<strong> <a href=\"https:\/\/jardimdapini.pt\/dicas-simples-para-cuidar-das-suas-suculentas-e-cactos\/\" target=\"_blank\" rel=\"noopener noreferrer\">.<\/a><\/strong><\/em>   <\/p>\n","protected":false},"excerpt":{"rendered":"<p>Echeveria Opalina Maceta 8 Origen: H\u00edbrido<\/p>\n","protected":false},"featured_media":45555,"comment_status":"open","ping_status":"closed","template":"","meta":[],"etheme_brands":[],"product_brand":[],"product_cat":[223,235,197],"product_tag":[],"class_list":["post-57925","product","type-product","status-publish","has-post-thumbnail","product_cat-echeveria-es","product_cat-graptoveria-es","product_cat-suculentas-es","first","outofstock","taxable","shipping-taxable","purchasable","product-type-simple"],"_links":{"self":[{"href":"https:\/\/jardimdapini.pt\/es\/wp-json\/wp\/v2\/product\/57925","targetHints":{"allow":["GET"]}}],"collection":[{"href":"https:\/\/jardimdapini.pt\/es\/wp-json\/wp\/v2\/product"}],"about":[{"href":"https:\/\/jardimdapini.pt\/es\/wp-json\/wp\/v2\/types\/product"}],"replies":[{"embeddable":true,"href":"https:\/\/jardimdapini.pt\/es\/wp-json\/wp\/v2\/comments?post=57925"}],"wp:featuredmedia":[{"embeddable":true,"href":"https:\/\/jardimdapini.pt\/es\/wp-json\/wp\/v2\/media\/45555"}],"wp:attachment":[{"href":"https:\/\/jardimdapini.pt\/es\/wp-json\/wp\/v2\/media?parent=57925"}],"wp:term":[{"taxonomy":"brand","embeddable":true,"href":"https:\/\/jardimdapini.pt\/es\/wp-json\/wp\/v2\/etheme_brands?post=57925"},{"taxonomy":"product_brand","embeddable":true,"href":"https:\/\/jardimdapini.pt\/es\/wp-json\/wp\/v2\/product_brand?post=57925"},{"taxonomy":"product_cat","embeddable":true,"href":"https:\/\/jardimdapini.pt\/es\/wp-json\/wp\/v2\/product_cat?post=57925"},{"taxonomy":"product_tag","embeddable":true,"href":"https:\/\/jardimdapini.pt\/es\/wp-json\/wp\/v2\/product_tag?post=57925"}],"curies":[{"name":"wp","href":"https:\/\/api.w.org\/{rel}","templated":true}]}}

<p>La &#8216;Opalina&#8217; (Echeveria colorata × Graptopetalum amethystinum) es una echeveria de muy bajo mantenimiento.<br />
Manténgala en sol parcial y tendrá un color verde azulado.<br />
Trasládela a condiciones más soleadas y se volverá rosa en los bordes, prospera en lugares soleados y en macetas y suelos con un excelente drenaje.<br />
Riegue en profundidad pero sólo cuando la tierra esté completamente seca. <em>Vea <strong><a href="https://jardimdapini.pt/os-nossos-formatos-de-vasos/" target="_blank" rel="noopener noreferrer">aquí</a> </strong>nuestra comparación del tamaño de las macetas que solemos utilizar y consejos para el cuidado de suculentas y cactus<strong> <a href="https://jardimdapini.pt/dicas-simples-para-cuidar-das-suas-suculentas-e-cactos/" target="_blank" rel="noopener noreferrer">.</a></strong></em>   </p>

<p>Echeveria Opalina Maceta 8 Origen: Híbrido</p>
