{"id":57458,"date":"2020-10-24T11:17:55","date_gmt":"2024-09-09T19:24:14","guid":{"rendered":"https:\/\/jardimdapini.pt\/product\/echeveria-lola\/"},"modified":"2024-12-18T16:55:46","modified_gmt":"2024-12-18T15:55:46","slug":"echeveria-lola","status":"publish","type":"product","link":"https:\/\/jardimdapini.pt\/es\/product\/echeveria-lola\/","title":{"rendered":"Echeveria Lola"},"content":{"rendered":"<p>Un resultado fant\u00e1stico del cruce de E. lilacina x E. &#8216;Deresina&#8217; que confiere a esta echeveria un aspecto \u00fanico de m\u00e1rmol perlado con tonos rosados y blanquecinos.<\/p>\n","protected":false},"excerpt":{"rendered":"<p>Echeveria Lola Maceta 8,5 Origen: H\u00edbrido<\/p>\n","protected":false},"featured_media":47886,"comment_status":"open","ping_status":"closed","template":"","meta":[],"etheme_brands":[],"product_brand":[],"product_cat":[223,197],"product_tag":[],"class_list":["post-57458","product","type-product","status-publish","has-post-thumbnail","product_cat-echeveria-es","product_cat-suculentas-es","first","outofstock","taxable","shipping-taxable","purchasable","product-type-simple"],"_links":{"self":[{"href":"https:\/\/jardimdapini.pt\/es\/wp-json\/wp\/v2\/product\/57458","targetHints":{"allow":["GET"]}}],"collection":[{"href":"https:\/\/jardimdapini.pt\/es\/wp-json\/wp\/v2\/product"}],"about":[{"href":"https:\/\/jardimdapini.pt\/es\/wp-json\/wp\/v2\/types\/product"}],"replies":[{"embeddable":true,"href":"https:\/\/jardimdapini.pt\/es\/wp-json\/wp\/v2\/comments?post=57458"}],"wp:featuredmedia":[{"embeddable":true,"href":"https:\/\/jardimdapini.pt\/es\/wp-json\/wp\/v2\/media\/47886"}],"wp:attachment":[{"href":"https:\/\/jardimdapini.pt\/es\/wp-json\/wp\/v2\/media?parent=57458"}],"wp:term":[{"taxonomy":"brand","embeddable":true,"href":"https:\/\/jardimdapini.pt\/es\/wp-json\/wp\/v2\/etheme_brands?post=57458"},{"taxonomy":"product_brand","embeddable":true,"href":"https:\/\/jardimdapini.pt\/es\/wp-json\/wp\/v2\/product_brand?post=57458"},{"taxonomy":"product_cat","embeddable":true,"href":"https:\/\/jardimdapini.pt\/es\/wp-json\/wp\/v2\/product_cat?post=57458"},{"taxonomy":"product_tag","embeddable":true,"href":"https:\/\/jardimdapini.pt\/es\/wp-json\/wp\/v2\/product_tag?post=57458"}],"curies":[{"name":"wp","href":"https:\/\/api.w.org\/{rel}","templated":true}]}}

<p>Un resultado fantástico del cruce de E. lilacina x E. &#8216;Deresina&#8217; que confiere a esta echeveria un aspecto único de mármol perlado con tonos rosados y blanquecinos.</p>

<p>Echeveria Lola Maceta 8,5 Origen: Híbrido</p>
