{"id":56445,"date":"2024-01-22T14:01:04","date_gmt":"2024-09-09T18:58:32","guid":{"rendered":"https:\/\/jardimdapini.pt\/product\/echeveria-cuspidata-var-zaragozae\/"},"modified":"2024-09-09T19:58:32","modified_gmt":"2024-09-09T18:58:32","slug":"echeveria-cuspidata-var-zaragozae","status":"publish","type":"product","link":"https:\/\/jardimdapini.pt\/es\/product\/echeveria-cuspidata-var-zaragozae\/","title":{"rendered":"Echeveria cuspidata var. zaragozae"},"content":{"rendered":"<p>La Echeveria cuspidata var.<br \/>\nzaragozae forma peque\u00f1as rosetas compactas de hojas azul claro con puntas p\u00farpuras, las hojas desarrollan un color ros\u00e1ceo a medida que envejecen. <\/p>\n","protected":false},"excerpt":{"rendered":"<p>Echeveria cuspidata var.<br \/>\nzaragozae Jarr\u00f3n 8 Origen: <\/p>\n","protected":false},"featured_media":52224,"comment_status":"open","ping_status":"closed","template":"","meta":[],"etheme_brands":[],"product_brand":[],"product_cat":[223,197],"product_tag":[],"class_list":["post-56445","product","type-product","status-publish","has-post-thumbnail","product_cat-echeveria-es","product_cat-suculentas-es","first","outofstock","taxable","shipping-taxable","purchasable","product-type-simple"],"_links":{"self":[{"href":"https:\/\/jardimdapini.pt\/es\/wp-json\/wp\/v2\/product\/56445","targetHints":{"allow":["GET"]}}],"collection":[{"href":"https:\/\/jardimdapini.pt\/es\/wp-json\/wp\/v2\/product"}],"about":[{"href":"https:\/\/jardimdapini.pt\/es\/wp-json\/wp\/v2\/types\/product"}],"replies":[{"embeddable":true,"href":"https:\/\/jardimdapini.pt\/es\/wp-json\/wp\/v2\/comments?post=56445"}],"wp:featuredmedia":[{"embeddable":true,"href":"https:\/\/jardimdapini.pt\/es\/wp-json\/wp\/v2\/media\/52224"}],"wp:attachment":[{"href":"https:\/\/jardimdapini.pt\/es\/wp-json\/wp\/v2\/media?parent=56445"}],"wp:term":[{"taxonomy":"brand","embeddable":true,"href":"https:\/\/jardimdapini.pt\/es\/wp-json\/wp\/v2\/etheme_brands?post=56445"},{"taxonomy":"product_brand","embeddable":true,"href":"https:\/\/jardimdapini.pt\/es\/wp-json\/wp\/v2\/product_brand?post=56445"},{"taxonomy":"product_cat","embeddable":true,"href":"https:\/\/jardimdapini.pt\/es\/wp-json\/wp\/v2\/product_cat?post=56445"},{"taxonomy":"product_tag","embeddable":true,"href":"https:\/\/jardimdapini.pt\/es\/wp-json\/wp\/v2\/product_tag?post=56445"}],"curies":[{"name":"wp","href":"https:\/\/api.w.org\/{rel}","templated":true}]}}

<p>La Echeveria cuspidata var.<br />
zaragozae forma pequeñas rosetas compactas de hojas azul claro con puntas púrpuras, las hojas desarrollan un color rosáceo a medida que envejecen. </p>

<p>Echeveria cuspidata var.<br />
zaragozae Jarrón 8 Origen: </p>
