{"id":56153,"date":"2024-08-23T11:47:33","date_gmt":"2024-08-23T10:47:33","guid":{"rendered":"https:\/\/jardimdapini.pt\/colaboracion\/"},"modified":"2024-08-26T13:46:21","modified_gmt":"2024-08-26T12:46:21","slug":"colaboracion","status":"publish","type":"page","link":"https:\/\/jardimdapini.pt\/es\/colaboracion\/","title":{"rendered":"Cubiertas vegetales"},"content":{"rendered":"<div class=\"wpb-content-wrapper\" id=\"wpb-content-root\"><p>[vc_row][vc_column][vc_single_image image=&#8221;56144&#8243; img_size=&#8221;medium&#8221; css=&#8221;&#8221;][\/vc_column][\/vc_row][vc_row][vc_column width=&#8221;1\/2&#8243;][vc_single_image image=&#8221;56131&#8243; img_size=&#8221;large&#8221; alignment=&#8221;center&#8221; css=&#8221;&#8221;][vc_empty_space height=&#8221;22px&#8221;][\/vc_column][vc_column width=&#8221;1\/2&#8243;][vc_column_text css=&#8221;&#8221;]Las cubiertas vegetales de Sedum, tambi\u00e9n conocidas como cubiertas verdes, son una soluci\u00f3n innovadora y sostenible que combina belleza y funcionalidad. Adem\u00e1s de brindar una vista incre\u00edble, los techos verdes contribuyen a mejorar la calidad del aire, reducir las temperaturas urbanas y aumentar la biodiversidad, visite <strong><a href=\"https:\/\/greentop.pt\/\" target=\"_blank\" rel=\"noopener\">Greentop<\/a><\/strong> nuestra empresa colaboradora en este \u00e1mbito y descubra soluciones inspiradoras para transformar los entornos urbanos.[\/vc_column_text][vc_empty_space height=&#8221;22px&#8221;][\/vc_column][\/vc_row]<\/p>\n<\/div>","protected":false},"excerpt":{"rendered":"","protected":false},"author":2,"featured_media":0,"parent":0,"menu_order":0,"comment_status":"closed","ping_status":"closed","template":"","meta":{"footnotes":""},"class_list":["post-56153","page","type-page","status-publish","hentry"],"_links":{"self":[{"href":"https:\/\/jardimdapini.pt\/es\/wp-json\/wp\/v2\/pages\/56153","targetHints":{"allow":["GET"]}}],"collection":[{"href":"https:\/\/jardimdapini.pt\/es\/wp-json\/wp\/v2\/pages"}],"about":[{"href":"https:\/\/jardimdapini.pt\/es\/wp-json\/wp\/v2\/types\/page"}],"author":[{"embeddable":true,"href":"https:\/\/jardimdapini.pt\/es\/wp-json\/wp\/v2\/users\/2"}],"replies":[{"embeddable":true,"href":"https:\/\/jardimdapini.pt\/es\/wp-json\/wp\/v2\/comments?post=56153"}],"version-history":[{"count":5,"href":"https:\/\/jardimdapini.pt\/es\/wp-json\/wp\/v2\/pages\/56153\/revisions"}],"predecessor-version":[{"id":56194,"href":"https:\/\/jardimdapini.pt\/es\/wp-json\/wp\/v2\/pages\/56153\/revisions\/56194"}],"wp:attachment":[{"href":"https:\/\/jardimdapini.pt\/es\/wp-json\/wp\/v2\/media?parent=56153"}],"curies":[{"name":"wp","href":"https:\/\/api.w.org\/{rel}","templated":true}]}}

<div class="wpb-content-wrapper" id="wpb-content-root"><p>[vc_row][vc_column][vc_single_image image=&#8221;56144&#8243; img_size=&#8221;medium&#8221; css=&#8221;&#8221;][/vc_column][/vc_row][vc_row][vc_column width=&#8221;1/2&#8243;][vc_single_image image=&#8221;56131&#8243; img_size=&#8221;large&#8221; alignment=&#8221;center&#8221; css=&#8221;&#8221;][vc_empty_space height=&#8221;22px&#8221;][/vc_column][vc_column width=&#8221;1/2&#8243;][vc_column_text css=&#8221;&#8221;]Las cubiertas vegetales de Sedum, también conocidas como cubiertas verdes, son una solución innovadora y sostenible que combina belleza y funcionalidad. Además de brindar una vista increíble, los techos verdes contribuyen a mejorar la calidad del aire, reducir las temperaturas urbanas y aumentar la biodiversidad, visite <strong><a href="https://greentop.pt/" target="_blank" rel="noopener">Greentop</a></strong> nuestra empresa colaboradora en este ámbito y descubra soluciones inspiradoras para transformar los entornos urbanos.[/vc_column_text][vc_empty_space height=&#8221;22px&#8221;][/vc_column][/vc_row]</p>
</div>
