{"id":71475,"date":"2026-05-12T16:36:22","date_gmt":"2026-05-12T15:36:22","guid":{"rendered":"https:\/\/jardimdapini.pt\/?post_type=product&#038;p=71475"},"modified":"2026-07-26T19:04:06","modified_gmt":"2026-07-26T18:04:06","slug":"echeveria-sensation","status":"publish","type":"product","link":"https:\/\/jardimdapini.pt\/en\/product\/echeveria-sensation\/","title":{"rendered":"Echeveria Sensation"},"content":{"rendered":"<h2 data-path-to-node=\"3\"><b data-path-to-node=\"3\" data-index-in-node=\"0\">Echeveria Sensation\u00a0<\/b><\/h2>\n<p data-path-to-node=\"5\">A <b data-path-to-node=\"5\" data-index-in-node=\"2\">Echeveria &#8216;Sensation&#8217;<\/b> \u00e9 um h\u00edbrido de origem coreana que exemplifica o rigor est\u00e9tico da hibridiza\u00e7\u00e3o asi\u00e1tica. Os cultivadores coreanos s\u00e3o conhecidos por selecionar exemplares com extrema simetria, cores saturadas e alta concentra\u00e7\u00e3o de pru\u00edna ou acabamentos cuticulares \u00fanicos. A &#8216;Sensation&#8217; \u00e9 uma planta de &#8220;metabolismo visual&#8221; responsivo, alterando drasticamente a sua apar\u00eancia conforme o ambiente.<\/p>\n<h3 data-path-to-node=\"6\"><b data-path-to-node=\"9\" data-index-in-node=\"0\">Guia de Cultivo\u00a0<\/b><\/h3>\n<ul data-path-to-node=\"10\">\n<li>\n<p data-path-to-node=\"10,0,0\"><b data-path-to-node=\"10,0,0\" data-index-in-node=\"0\">Substrato:<\/b> Recomenda-se o uso de uma mistura com alta percentagem de materiais inorg\u00e2nicos, como <b data-path-to-node=\"10,0,0\" data-index-in-node=\"126\">Akadama, Perlite ou Pomice<\/b>.<\/p>\n<\/li>\n<li>\n<p data-path-to-node=\"10,1,0\"><b data-path-to-node=\"10,1,0\" data-index-in-node=\"0\">Exposi\u00e7\u00e3o solar:<\/b> Requer exposi\u00e7\u00e3o direta para manter a satura\u00e7\u00e3o das cores. A aus\u00eancia de UV causa a revers\u00e3o para tons mais esverdeados e o alongamento (estiolamento) caso a exposi\u00e7\u00e3o ao sol n\u00e3o seja suficiente.<\/p>\n<\/li>\n<li>\n<p data-path-to-node=\"10,2,0\"><b data-path-to-node=\"10,2,0\" data-index-in-node=\"0\">Rega e fertiliza\u00e7\u00e3o:<\/b> A rega deve ser feita apenas quando o substrato estiver seco, o\u00a0 uso de fertilizantes com baixo teor de Nitrog\u00e9nio e alto teor de Pot\u00e1ssio ajuda a manter a estrutura r\u00edgida e as pontas acentuadas.<\/p>\n<\/li>\n<\/ul>\n","protected":false},"excerpt":{"rendered":"<p>Echeveria Sensation<\/p>\n<p>Vaso 5.5<\/p>\n<p>Origem: Coreia do Sul<\/p>\n","protected":false},"featured_media":71466,"comment_status":"open","ping_status":"closed","template":"","meta":[],"etheme_brands":[],"product_brand":[],"product_cat":[44,65,162],"product_tag":[],"class_list":["post-71475","product","type-product","status-publish","has-post-thumbnail","product_cat-suculentas","product_cat-echeveria","product_cat-suculentas-coreanas","first","instock","sale","taxable","shipping-taxable","purchasable","product-type-simple"],"_links":{"self":[{"href":"https:\/\/jardimdapini.pt\/en\/wp-json\/wp\/v2\/product\/71475","targetHints":{"allow":["GET"]}}],"collection":[{"href":"https:\/\/jardimdapini.pt\/en\/wp-json\/wp\/v2\/product"}],"about":[{"href":"https:\/\/jardimdapini.pt\/en\/wp-json\/wp\/v2\/types\/product"}],"replies":[{"embeddable":true,"href":"https:\/\/jardimdapini.pt\/en\/wp-json\/wp\/v2\/comments?post=71475"}],"wp:featuredmedia":[{"embeddable":true,"href":"https:\/\/jardimdapini.pt\/en\/wp-json\/wp\/v2\/media\/71466"}],"wp:attachment":[{"href":"https:\/\/jardimdapini.pt\/en\/wp-json\/wp\/v2\/media?parent=71475"}],"wp:term":[{"taxonomy":"brand","embeddable":true,"href":"https:\/\/jardimdapini.pt\/en\/wp-json\/wp\/v2\/etheme_brands?post=71475"},{"taxonomy":"product_brand","embeddable":true,"href":"https:\/\/jardimdapini.pt\/en\/wp-json\/wp\/v2\/product_brand?post=71475"},{"taxonomy":"product_cat","embeddable":true,"href":"https:\/\/jardimdapini.pt\/en\/wp-json\/wp\/v2\/product_cat?post=71475"},{"taxonomy":"product_tag","embeddable":true,"href":"https:\/\/jardimdapini.pt\/en\/wp-json\/wp\/v2\/product_tag?post=71475"}],"curies":[{"name":"wp","href":"https:\/\/api.w.org\/{rel}","templated":true}]}}

<h2 data-path-to-node="3"><b data-path-to-node="3" data-index-in-node="0">Echeveria Sensation </b></h2>
<p data-path-to-node="5">A <b data-path-to-node="5" data-index-in-node="2">Echeveria &#8216;Sensation&#8217;</b> é um híbrido de origem coreana que exemplifica o rigor estético da hibridização asiática. Os cultivadores coreanos são conhecidos por selecionar exemplares com extrema simetria, cores saturadas e alta concentração de pruína ou acabamentos cuticulares únicos. A &#8216;Sensation&#8217; é uma planta de &#8220;metabolismo visual&#8221; responsivo, alterando drasticamente a sua aparência conforme o ambiente.</p>
<h3 data-path-to-node="6"><b data-path-to-node="9" data-index-in-node="0">Guia de Cultivo </b></h3>
<ul data-path-to-node="10">
<li>
<p data-path-to-node="10,0,0"><b data-path-to-node="10,0,0" data-index-in-node="0">Substrato:</b> Recomenda-se o uso de uma mistura com alta percentagem de materiais inorgânicos, como <b data-path-to-node="10,0,0" data-index-in-node="126">Akadama, Perlite ou Pomice</b>.</p>
</li>
<li>
<p data-path-to-node="10,1,0"><b data-path-to-node="10,1,0" data-index-in-node="0">Exposição solar:</b> Requer exposição direta para manter a saturação das cores. A ausência de UV causa a reversão para tons mais esverdeados e o alongamento (estiolamento) caso a exposição ao sol não seja suficiente.</p>
</li>
<li>
<p data-path-to-node="10,2,0"><b data-path-to-node="10,2,0" data-index-in-node="0">Rega e fertilização:</b> A rega deve ser feita apenas quando o substrato estiver seco, o  uso de fertilizantes com baixo teor de Nitrogénio e alto teor de Potássio ajuda a manter a estrutura rígida e as pontas acentuadas.</p>
</li>
</ul>
