{"id":72352,"date":"2026-06-16T12:43:59","date_gmt":"2026-06-16T11:43:59","guid":{"rendered":"https:\/\/jardimdapini.pt\/?post_type=product&#038;p=72352"},"modified":"2026-07-30T09:19:22","modified_gmt":"2026-07-30T08:19:22","slug":"sedum-sunsparkler-wildfire","status":"publish","type":"product","link":"https:\/\/jardimdapini.pt\/de\/produkt\/sedum-sunsparkler-wildfire\/","title":{"rendered":"Sedum Sunsparkler &#8216;Wildfire&#8217;"},"content":{"rendered":"<h3>Sedum Sunsparkler &#8216;Wildfire&#8217;<\/h3>\n<p>O <strong>Sedum Sunsparkler &#8216;Wildfire&#8217;<\/strong> \u00e9 uma suculenta perene que se destaca pela sua folhagem ornamental de cor bord\u00f4 intenso com margens rosa-vivo, ele mant\u00e9m um elevado valor decorativo ao longo de grande parte do ano. Apresenta um crescimento compacto e ramificado, formando tapetes densos que conferem textura e contraste em jardins e vasos.<\/p>\n<p><strong>Caracter\u00edsticas e Cuidados:<\/strong><\/p>\n<ul>\n<li>Fam\u00edlia: Crassulaceae<\/li>\n<li>Tipo: Suculenta perene<\/li>\n<li>Porte: 10\u201315 cm de altura<\/li>\n<li>Exposi\u00e7\u00e3o: Sol pleno<\/li>\n<li>Rega: Como as restantes suculentas regar apenas quando o substrato estiver seco<\/li>\n<li>Substrato: Com boa drenagem<\/li>\n<li>Flora\u00e7\u00e3o: Flores rosa-vivo no final do ver\u00e3o e in\u00edcio do outono<\/li>\n<\/ul>\n<p>&nbsp;<\/p>\n","protected":false},"excerpt":{"rendered":"<p>Sedum Sunsparkler &#8216;Wildfire&#8217;<\/p>\n<p>Vaso 8<\/p>\n<p>Origem: Viveiro<\/p>\n","protected":false},"featured_media":72292,"comment_status":"open","ping_status":"closed","template":"","meta":[],"etheme_brands":[],"product_brand":[],"product_cat":[53,44],"product_tag":[],"class_list":["post-72352","product","type-product","status-publish","has-post-thumbnail","product_cat-sedum","product_cat-suculentas","first","instock","taxable","shipping-taxable","purchasable","product-type-simple"],"_links":{"self":[{"href":"https:\/\/jardimdapini.pt\/de\/wp-json\/wp\/v2\/product\/72352","targetHints":{"allow":["GET"]}}],"collection":[{"href":"https:\/\/jardimdapini.pt\/de\/wp-json\/wp\/v2\/product"}],"about":[{"href":"https:\/\/jardimdapini.pt\/de\/wp-json\/wp\/v2\/types\/product"}],"replies":[{"embeddable":true,"href":"https:\/\/jardimdapini.pt\/de\/wp-json\/wp\/v2\/comments?post=72352"}],"wp:featuredmedia":[{"embeddable":true,"href":"https:\/\/jardimdapini.pt\/de\/wp-json\/wp\/v2\/media\/72292"}],"wp:attachment":[{"href":"https:\/\/jardimdapini.pt\/de\/wp-json\/wp\/v2\/media?parent=72352"}],"wp:term":[{"taxonomy":"brand","embeddable":true,"href":"https:\/\/jardimdapini.pt\/de\/wp-json\/wp\/v2\/etheme_brands?post=72352"},{"taxonomy":"product_brand","embeddable":true,"href":"https:\/\/jardimdapini.pt\/de\/wp-json\/wp\/v2\/product_brand?post=72352"},{"taxonomy":"product_cat","embeddable":true,"href":"https:\/\/jardimdapini.pt\/de\/wp-json\/wp\/v2\/product_cat?post=72352"},{"taxonomy":"product_tag","embeddable":true,"href":"https:\/\/jardimdapini.pt\/de\/wp-json\/wp\/v2\/product_tag?post=72352"}],"curies":[{"name":"wp","href":"https:\/\/api.w.org\/{rel}","templated":true}]}}

<h3>Sedum Sunsparkler &#8216;Wildfire&#8217;</h3>
<p>O <strong>Sedum Sunsparkler &#8216;Wildfire&#8217;</strong> é uma suculenta perene que se destaca pela sua folhagem ornamental de cor bordô intenso com margens rosa-vivo, ele mantém um elevado valor decorativo ao longo de grande parte do ano. Apresenta um crescimento compacto e ramificado, formando tapetes densos que conferem textura e contraste em jardins e vasos.</p>
<p><strong>Características e Cuidados:</strong></p>
<ul>
<li>Família: Crassulaceae</li>
<li>Tipo: Suculenta perene</li>
<li>Porte: 10–15 cm de altura</li>
<li>Exposição: Sol pleno</li>
<li>Rega: Como as restantes suculentas regar apenas quando o substrato estiver seco</li>
<li>Substrato: Com boa drenagem</li>
<li>Floração: Flores rosa-vivo no final do verão e início do outono</li>
</ul>
<p>&nbsp;</p>
