{"id":70156,"date":"2026-03-04T15:42:02","date_gmt":"2026-03-04T14:42:02","guid":{"rendered":"https:\/\/jardimdapini.pt\/product\/sedum-commixtum\/"},"modified":"2026-03-09T12:55:45","modified_gmt":"2026-03-09T11:55:45","slug":"sedum-commixtum","status":"publish","type":"product","link":"https:\/\/jardimdapini.pt\/de\/produkt\/sedum-commixtum\/","title":{"rendered":"Sedum Commixtum"},"content":{"rendered":"<h2 data-path-to-node=\"2\">Sedum Commixtum: Die Wachsskulptur<\/h2>\n<p data-path-to-node=\"3\">Lernen Sie <b data-path-to-node=\"3\" data-index-in-node=\"10\">Sedum Commixtum<\/b> kennen, eine Sukkulente mit einem robusten Aussehen und sanften Farben, die wie ein in Kaltwachs gegossenes Kunstwerk aussieht.<\/p>\n<h2 data-path-to-node=\"4\">Details, die es einzigartig machen:<\/h2>\n<ul data-path-to-node=\"5\">\n<li>\n<p data-path-to-node=\"5,0,0\"><b data-path-to-node=\"5,0,0\" data-index-in-node=\"0\">Zylindrisches und fleischiges Laub:<\/b> Die Bl\u00e4tter sind extrem dick, rundlich und kurz und wachsen dicht an den St\u00e4ngeln entlang, was der Pflanze ein <b data-path-to-node=\"5,0,0\" data-index-in-node=\"172\">skulpturales und taktiles<\/b> Aussehen verleiht.<\/p>\n<\/li>\n<li>\n<p data-path-to-node=\"5,1,0\"><b data-path-to-node=\"5,1,0\" data-index-in-node=\"0\">Blue-Glaucus Palette:<\/b> Die Grundfarbe ist ein <b data-path-to-node=\"5,1,0\" data-index-in-node=\"36\">blasses<\/b>, fast silbernes <b data-path-to-node=\"5,1,0\" data-index-in-node=\"36\">Blaugrau<\/b>, das jeder sukkulenten Komposition ein Gef\u00fchl von Frische und Eleganz verleiht.<\/p>\n<\/li>\n<li>\n<p data-path-to-node=\"5,2,0\"><b data-path-to-node=\"5,2,0\" data-index-in-node=\"0\">Intense Pruine:<\/b> Sie ist mit einer gro\u00dfz\u00fcgigen Schicht Pruine (dem nat\u00fcrlichen &#8220;Wachs&#8221;) \u00fcberzogen, die eine<b data-path-to-node=\"5,2,0\" data-index-in-node=\"118\"> matte, samtige<\/b> Oberfl\u00e4che verleiht und die Pflanze vor der rauen Sonne sch\u00fctzt.<\/p>\n<\/li>\n<li>\n<p data-path-to-node=\"5,3,0\"><b data-path-to-node=\"5,3,0\" data-index-in-node=\"0\">Brushstrokes of Fire:<\/b> Bei Sonnenstress oder starker K\u00e4lte f\u00e4rben sich die Spitzen der abgerundeten Bl\u00e4tter <b data-path-to-node=\"5,3,0\" data-index-in-node=\"111\">orange-rot oder violett<\/b> und bilden einen lebhaften Kontrast zum bl\u00e4ulichen K\u00f6rper der Pflanze.<\/p>\n<\/li>\n<\/ul>\n<h2 data-path-to-node=\"6\">Pflege:<\/h2>\n<p data-path-to-node=\"7\"><b data-path-to-node=\"7\" data-index-in-node=\"2\">Sedum Commixtum<\/b> ist eine m\u00e4\u00dfig wachsende und sehr robuste Pflanze, die sich hervorragend f\u00fcr diejenigen eignet, die Volumen und Farbe im Garten suchen.<\/p>\n<ul data-path-to-node=\"8\">\n<li>\n<p data-path-to-node=\"8,0,0\"><b data-path-to-node=\"8,0,0\" data-index-in-node=\"0\">Gie\u00dfen:<\/b> Halten Sie sich an die Regel f\u00fcr Sukkulenten: Gie\u00dfen Sie nur, wenn die Erde <b data-path-to-node=\"8,0,0\" data-index-in-node=\"71\">v\u00f6llig trocken<\/b> ist. Da sie sehr dicke Bl\u00e4tter hat, speichert sie viel Wasser und ist extrem trockenheitstolerant. <\/p>\n<\/li>\n<li>\n<p data-path-to-node=\"8,1,0\">&#x2600;&#xfe0f; <b data-path-to-node=\"8,1,0\" data-index-in-node=\"3\">Beleuchtung:<\/b> Bevorzugt <b data-path-to-node=\"8,1,0\" data-index-in-node=\"23\">volle Sonne<\/b> oder direktes Sonnenlicht f\u00fcr mehrere Stunden. Intensives Licht ist das Geheimnis, um die kompakte Form der Rosetten und die r\u00f6tliche Farbe an den Spitzen zu erhalten. <\/p>\n<\/li>\n<li>\n<p data-path-to-node=\"8,2,0\"><b data-path-to-node=\"8,2,0\" data-index-in-node=\"0\">Boden:<\/b> Verwenden Sie ein Substrat mit <b data-path-to-node=\"8,2,0\" data-index-in-node=\"31\">hervorragender Drainage<\/b>, vorzugsweise sandig oder mit einem guten Mineralgehalt, um zu verhindern, dass sich Feuchtigkeit an der Basis der St\u00e4mme ansammelt.<\/p>\n<\/li>\n<li>\n<p data-path-to-node=\"8,3,0\">&#x2744;&#xfe0f; <b data-path-to-node=\"8,3,0\" data-index-in-node=\"3\">Temperatur:<\/b> Sch\u00fctzen Sie sie vor strengen Fr\u00f6sten. Sie ist eine Pflanze, die gut bel\u00fcftete Umgebungen sch\u00e4tzt und starke Hitze gut vertr\u00e4gt, solange der Boden trocken ist. <\/p>\n<\/li>\n<\/ul>\n","protected":false},"excerpt":{"rendered":"<p>Sedum Commixtum<\/p>\n<p>Vase 5.5<\/p>\n<p>Herkunft:<\/p>\n","protected":false},"featured_media":69998,"comment_status":"open","ping_status":"closed","template":"","meta":[],"etheme_brands":[],"product_brand":[],"product_cat":[196,292],"product_tag":[],"class_list":["post-70156","product","type-product","status-publish","has-post-thumbnail","product_cat-sukkulenten","product_cat-sedum-de","first","instock","taxable","shipping-taxable","purchasable","product-type-simple"],"_links":{"self":[{"href":"https:\/\/jardimdapini.pt\/de\/wp-json\/wp\/v2\/product\/70156","targetHints":{"allow":["GET"]}}],"collection":[{"href":"https:\/\/jardimdapini.pt\/de\/wp-json\/wp\/v2\/product"}],"about":[{"href":"https:\/\/jardimdapini.pt\/de\/wp-json\/wp\/v2\/types\/product"}],"replies":[{"embeddable":true,"href":"https:\/\/jardimdapini.pt\/de\/wp-json\/wp\/v2\/comments?post=70156"}],"wp:featuredmedia":[{"embeddable":true,"href":"https:\/\/jardimdapini.pt\/de\/wp-json\/wp\/v2\/media\/69998"}],"wp:attachment":[{"href":"https:\/\/jardimdapini.pt\/de\/wp-json\/wp\/v2\/media?parent=70156"}],"wp:term":[{"taxonomy":"brand","embeddable":true,"href":"https:\/\/jardimdapini.pt\/de\/wp-json\/wp\/v2\/etheme_brands?post=70156"},{"taxonomy":"product_brand","embeddable":true,"href":"https:\/\/jardimdapini.pt\/de\/wp-json\/wp\/v2\/product_brand?post=70156"},{"taxonomy":"product_cat","embeddable":true,"href":"https:\/\/jardimdapini.pt\/de\/wp-json\/wp\/v2\/product_cat?post=70156"},{"taxonomy":"product_tag","embeddable":true,"href":"https:\/\/jardimdapini.pt\/de\/wp-json\/wp\/v2\/product_tag?post=70156"}],"curies":[{"name":"wp","href":"https:\/\/api.w.org\/{rel}","templated":true}]}}

<h2 data-path-to-node="2">Sedum Commixtum: Die Wachsskulptur</h2>
<p data-path-to-node="3">Lernen Sie <b data-path-to-node="3" data-index-in-node="10">Sedum Commixtum</b> kennen, eine Sukkulente mit einem robusten Aussehen und sanften Farben, die wie ein in Kaltwachs gegossenes Kunstwerk aussieht.</p>
<h2 data-path-to-node="4">Details, die es einzigartig machen:</h2>
<ul data-path-to-node="5">
<li>
<p data-path-to-node="5,0,0"><b data-path-to-node="5,0,0" data-index-in-node="0">Zylindrisches und fleischiges Laub:</b> Die Blätter sind extrem dick, rundlich und kurz und wachsen dicht an den Stängeln entlang, was der Pflanze ein <b data-path-to-node="5,0,0" data-index-in-node="172">skulpturales und taktiles</b> Aussehen verleiht.</p>
</li>
<li>
<p data-path-to-node="5,1,0"><b data-path-to-node="5,1,0" data-index-in-node="0">Blue-Glaucus Palette:</b> Die Grundfarbe ist ein <b data-path-to-node="5,1,0" data-index-in-node="36">blasses</b>, fast silbernes <b data-path-to-node="5,1,0" data-index-in-node="36">Blaugrau</b>, das jeder sukkulenten Komposition ein Gefühl von Frische und Eleganz verleiht.</p>
</li>
<li>
<p data-path-to-node="5,2,0"><b data-path-to-node="5,2,0" data-index-in-node="0">Intense Pruine:</b> Sie ist mit einer großzügigen Schicht Pruine (dem natürlichen &#8220;Wachs&#8221;) überzogen, die eine<b data-path-to-node="5,2,0" data-index-in-node="118"> matte, samtige</b> Oberfläche verleiht und die Pflanze vor der rauen Sonne schützt.</p>
</li>
<li>
<p data-path-to-node="5,3,0"><b data-path-to-node="5,3,0" data-index-in-node="0">Brushstrokes of Fire:</b> Bei Sonnenstress oder starker Kälte färben sich die Spitzen der abgerundeten Blätter <b data-path-to-node="5,3,0" data-index-in-node="111">orange-rot oder violett</b> und bilden einen lebhaften Kontrast zum bläulichen Körper der Pflanze.</p>
</li>
</ul>
<h2 data-path-to-node="6">Pflege:</h2>
<p data-path-to-node="7"><b data-path-to-node="7" data-index-in-node="2">Sedum Commixtum</b> ist eine mäßig wachsende und sehr robuste Pflanze, die sich hervorragend für diejenigen eignet, die Volumen und Farbe im Garten suchen.</p>
<ul data-path-to-node="8">
<li>
<p data-path-to-node="8,0,0"><b data-path-to-node="8,0,0" data-index-in-node="0">Gießen:</b> Halten Sie sich an die Regel für Sukkulenten: Gießen Sie nur, wenn die Erde <b data-path-to-node="8,0,0" data-index-in-node="71">völlig trocken</b> ist. Da sie sehr dicke Blätter hat, speichert sie viel Wasser und ist extrem trockenheitstolerant. </p>
</li>
<li>
<p data-path-to-node="8,1,0">&#x2600;&#xfe0f; <b data-path-to-node="8,1,0" data-index-in-node="3">Beleuchtung:</b> Bevorzugt <b data-path-to-node="8,1,0" data-index-in-node="23">volle Sonne</b> oder direktes Sonnenlicht für mehrere Stunden. Intensives Licht ist das Geheimnis, um die kompakte Form der Rosetten und die rötliche Farbe an den Spitzen zu erhalten. </p>
</li>
<li>
<p data-path-to-node="8,2,0"><b data-path-to-node="8,2,0" data-index-in-node="0">Boden:</b> Verwenden Sie ein Substrat mit <b data-path-to-node="8,2,0" data-index-in-node="31">hervorragender Drainage</b>, vorzugsweise sandig oder mit einem guten Mineralgehalt, um zu verhindern, dass sich Feuchtigkeit an der Basis der Stämme ansammelt.</p>
</li>
<li>
<p data-path-to-node="8,3,0">&#x2744;&#xfe0f; <b data-path-to-node="8,3,0" data-index-in-node="3">Temperatur:</b> Schützen Sie sie vor strengen Frösten. Sie ist eine Pflanze, die gut belüftete Umgebungen schätzt und starke Hitze gut verträgt, solange der Boden trocken ist. </p>
</li>
</ul>
