{"id":70142,"date":"2026-03-04T13:27:34","date_gmt":"2026-03-04T12:27:34","guid":{"rendered":"https:\/\/jardimdapini.pt\/product\/echeveria-magma-pearl\/"},"modified":"2026-05-19T14:28:01","modified_gmt":"2026-05-19T13:28:01","slug":"echeveria-magma-pearl","status":"publish","type":"product","link":"https:\/\/jardimdapini.pt\/de\/produkt\/echeveria-magma-pearl\/","title":{"rendered":"Echeveria Magma Pearl"},"content":{"rendered":"<h2 data-path-to-node=\"2\">Echeveria Magma Pearl : Die vulkanische Sukkulente<\/h2>\n<p data-path-to-node=\"5\">&#8216;Magma Pearl&#8217; f\u00e4llt durch ihre <b data-path-to-node=\"5\" data-index-in-node=\"36\">intensive und wechselhafte F\u00e4rbung auf. <\/b>Ihre kurzen, dreieckigen Bl\u00e4tter bilden eine \u00e4u\u00dferst kompakte Rosette. Die Grundfarbe variiert zwischen tiefem Wein und Schokolade, aber im richtigen Licht offenbart sie einen schillernden Glanz &#8211; die &#8220;Perle&#8221; im Namen &#8211; der metallische und r\u00f6tliche T\u00f6ne reflektiert. <\/p>\n<h2 data-path-to-node=\"4\">Details, die es einzigartig machen:<\/h2>\n<ul data-path-to-node=\"5\">\n<li>\n<p data-path-to-node=\"5,0,0\"><b data-path-to-node=\"5,0,0\" data-index-in-node=\"0\">Vulkanische F\u00e4rbung:<\/b> Sie macht ihrem Namen alle Ehre und zeigt Bl\u00e4tter in intensiven <b data-path-to-node=\"5,0,0\" data-index-in-node=\"75\">Rotwein-, Bronze- und Purpurt\u00f6nen<\/b>, die im Sonnenlicht wie Lava zu gl\u00fchen scheinen.<\/p>\n<\/li>\n<li>\n<p data-path-to-node=\"5,1,0\"><b data-path-to-node=\"5,1,0\" data-index-in-node=\"0\">Perlmutt-Finish:<\/b> Im Gegensatz zu den matten Sorten hat es einen leichten Schimmer auf der Oberfl\u00e4che der Bl\u00e4tter, was ihm ein <b data-path-to-node=\"5,1,0\" data-index-in-node=\"131\">satiniertes<\/b> Aussehen verleiht, das metallische T\u00f6ne reflektiert.<\/p>\n<\/li>\n<li>\n<p data-path-to-node=\"5,2,0\"><b data-path-to-node=\"5,2,0\" data-index-in-node=\"0\">Kompakte skulpturale Form:<\/b> Kurze, fleischige Bl\u00e4tter sind in einer extrem dichten und symmetrischen Rosette angeordnet, die eine elegante Haltung beibeh\u00e4lt.<\/p>\n<\/li>\n<li>\n<p data-path-to-node=\"5,3,0\"><b data-path-to-node=\"5,3,0\" data-index-in-node=\"0\">Stressintensit\u00e4t:<\/b> Bei ausreichender Sonneneinstrahlung und Temperaturschwankungen f\u00e4rben sich die R\u00e4nder der Bl\u00e4tter in einem <b data-path-to-node=\"5,3,0\" data-index-in-node=\"116\">hellen, leuchtenden Rot, was<\/b> ihre optische Wirkung maximiert.<\/p>\n<\/li>\n<\/ul>\n<h2 data-path-to-node=\"6\">Pflege:<\/h2>\n<p data-path-to-node=\"7\"><b data-path-to-node=\"7\" data-index-in-node=\"2\">Magma Pearl&#8217;<\/b> ist eine robuste Pflanze, aber sie braucht viel Licht, um ihre charakteristische Farbe und kompakte Form zu erhalten.<\/p>\n<ul data-path-to-node=\"8\">\n<li>\n<p data-path-to-node=\"8,0,0\"><b data-path-to-node=\"8,0,0\" data-index-in-node=\"0\">Gie\u00dfen:<\/b> Halten Sie sich an die goldene Regel f\u00fcr Sukkulenten: Gie\u00dfen Sie erst dann gro\u00dfz\u00fcgig, wenn die Erde <b data-path-to-node=\"8,0,0\" data-index-in-node=\"92\">v\u00f6llig trocken<\/b> ist.<\/p>\n<\/li>\n<li>\n<p data-path-to-node=\"8,1,0\">&#x2600;&#xfe0f; <b data-path-to-node=\"8,1,0\" data-index-in-node=\"3\">Beleuchtung:<\/b> Bevorzugt <b data-path-to-node=\"8,1,0\" data-index-in-node=\"23\">volle Sonne<\/b> oder direktes Sonnenlicht f\u00fcr mindestens 6 Stunden pro Tag. Intensives Licht ist entscheidend f\u00fcr die Erhaltung der dunklen Farbt\u00f6ne von &#8220;Magma&#8221;. An Orten mit wenig Licht kann sie ihre Farbe verlieren und gr\u00fcnlich werden. <\/p>\n<\/li>\n<li>\n<p data-path-to-node=\"8,2,0\"><b data-path-to-node=\"8,2,0\" data-index-in-node=\"0\">Erde:<\/b> Verwenden Sie ein Substrat mit <b data-path-to-node=\"8,2,0\" data-index-in-node=\"31\">hervorragender Drainage<\/b>, vorzugsweise eine spezielle Mischung f\u00fcr Sukkulenten mit einem guten Anteil an mineralischem Material (z. B. Perlit oder grober Sand).<\/p>\n<\/li>\n<li>\n<p data-path-to-node=\"8,3,0\">&#x2744;&#xfe0f; <b data-path-to-node=\"8,3,0\" data-index-in-node=\"3\">Temperatur:<\/b> Sch\u00fctzen Sie die Pflanze vor Frost und Minusgraden. Sorgen Sie in sehr hei\u00dfen Klimazonen f\u00fcr eine gute Bel\u00fcftung zwischen den Pflanzen. <\/p>\n<\/li>\n<\/ul>\n","protected":false},"excerpt":{"rendered":"<p>Echeveria Magma Pearl<\/p>\n<p>Vase 5.5<\/p>\n<p>Herkunft: Hybride<\/p>\n","protected":false},"featured_media":69968,"comment_status":"open","ping_status":"closed","template":"","meta":[],"etheme_brands":[],"product_brand":[],"product_cat":[196,301],"product_tag":[],"class_list":["post-70142","product","type-product","status-publish","has-post-thumbnail","product_cat-sukkulenten","product_cat-echeveria-de","first","outofstock","taxable","shipping-taxable","purchasable","product-type-simple"],"_links":{"self":[{"href":"https:\/\/jardimdapini.pt\/de\/wp-json\/wp\/v2\/product\/70142","targetHints":{"allow":["GET"]}}],"collection":[{"href":"https:\/\/jardimdapini.pt\/de\/wp-json\/wp\/v2\/product"}],"about":[{"href":"https:\/\/jardimdapini.pt\/de\/wp-json\/wp\/v2\/types\/product"}],"replies":[{"embeddable":true,"href":"https:\/\/jardimdapini.pt\/de\/wp-json\/wp\/v2\/comments?post=70142"}],"wp:featuredmedia":[{"embeddable":true,"href":"https:\/\/jardimdapini.pt\/de\/wp-json\/wp\/v2\/media\/69968"}],"wp:attachment":[{"href":"https:\/\/jardimdapini.pt\/de\/wp-json\/wp\/v2\/media?parent=70142"}],"wp:term":[{"taxonomy":"brand","embeddable":true,"href":"https:\/\/jardimdapini.pt\/de\/wp-json\/wp\/v2\/etheme_brands?post=70142"},{"taxonomy":"product_brand","embeddable":true,"href":"https:\/\/jardimdapini.pt\/de\/wp-json\/wp\/v2\/product_brand?post=70142"},{"taxonomy":"product_cat","embeddable":true,"href":"https:\/\/jardimdapini.pt\/de\/wp-json\/wp\/v2\/product_cat?post=70142"},{"taxonomy":"product_tag","embeddable":true,"href":"https:\/\/jardimdapini.pt\/de\/wp-json\/wp\/v2\/product_tag?post=70142"}],"curies":[{"name":"wp","href":"https:\/\/api.w.org\/{rel}","templated":true}]}}

<h2 data-path-to-node="2">Echeveria Magma Pearl : Die vulkanische Sukkulente</h2>
<p data-path-to-node="5">&#8216;Magma Pearl&#8217; fällt durch ihre <b data-path-to-node="5" data-index-in-node="36">intensive und wechselhafte Färbung auf. </b>Ihre kurzen, dreieckigen Blätter bilden eine äußerst kompakte Rosette. Die Grundfarbe variiert zwischen tiefem Wein und Schokolade, aber im richtigen Licht offenbart sie einen schillernden Glanz &#8211; die &#8220;Perle&#8221; im Namen &#8211; der metallische und rötliche Töne reflektiert. </p>
<h2 data-path-to-node="4">Details, die es einzigartig machen:</h2>
<ul data-path-to-node="5">
<li>
<p data-path-to-node="5,0,0"><b data-path-to-node="5,0,0" data-index-in-node="0">Vulkanische Färbung:</b> Sie macht ihrem Namen alle Ehre und zeigt Blätter in intensiven <b data-path-to-node="5,0,0" data-index-in-node="75">Rotwein-, Bronze- und Purpurtönen</b>, die im Sonnenlicht wie Lava zu glühen scheinen.</p>
</li>
<li>
<p data-path-to-node="5,1,0"><b data-path-to-node="5,1,0" data-index-in-node="0">Perlmutt-Finish:</b> Im Gegensatz zu den matten Sorten hat es einen leichten Schimmer auf der Oberfläche der Blätter, was ihm ein <b data-path-to-node="5,1,0" data-index-in-node="131">satiniertes</b> Aussehen verleiht, das metallische Töne reflektiert.</p>
</li>
<li>
<p data-path-to-node="5,2,0"><b data-path-to-node="5,2,0" data-index-in-node="0">Kompakte skulpturale Form:</b> Kurze, fleischige Blätter sind in einer extrem dichten und symmetrischen Rosette angeordnet, die eine elegante Haltung beibehält.</p>
</li>
<li>
<p data-path-to-node="5,3,0"><b data-path-to-node="5,3,0" data-index-in-node="0">Stressintensität:</b> Bei ausreichender Sonneneinstrahlung und Temperaturschwankungen färben sich die Ränder der Blätter in einem <b data-path-to-node="5,3,0" data-index-in-node="116">hellen, leuchtenden Rot, was</b> ihre optische Wirkung maximiert.</p>
</li>
</ul>
<h2 data-path-to-node="6">Pflege:</h2>
<p data-path-to-node="7"><b data-path-to-node="7" data-index-in-node="2">Magma Pearl&#8217;</b> ist eine robuste Pflanze, aber sie braucht viel Licht, um ihre charakteristische Farbe und kompakte Form zu erhalten.</p>
<ul data-path-to-node="8">
<li>
<p data-path-to-node="8,0,0"><b data-path-to-node="8,0,0" data-index-in-node="0">Gießen:</b> Halten Sie sich an die goldene Regel für Sukkulenten: Gießen Sie erst dann großzügig, wenn die Erde <b data-path-to-node="8,0,0" data-index-in-node="92">völlig trocken</b> ist.</p>
</li>
<li>
<p data-path-to-node="8,1,0">&#x2600;&#xfe0f; <b data-path-to-node="8,1,0" data-index-in-node="3">Beleuchtung:</b> Bevorzugt <b data-path-to-node="8,1,0" data-index-in-node="23">volle Sonne</b> oder direktes Sonnenlicht für mindestens 6 Stunden pro Tag. Intensives Licht ist entscheidend für die Erhaltung der dunklen Farbtöne von &#8220;Magma&#8221;. An Orten mit wenig Licht kann sie ihre Farbe verlieren und grünlich werden. </p>
</li>
<li>
<p data-path-to-node="8,2,0"><b data-path-to-node="8,2,0" data-index-in-node="0">Erde:</b> Verwenden Sie ein Substrat mit <b data-path-to-node="8,2,0" data-index-in-node="31">hervorragender Drainage</b>, vorzugsweise eine spezielle Mischung für Sukkulenten mit einem guten Anteil an mineralischem Material (z. B. Perlit oder grober Sand).</p>
</li>
<li>
<p data-path-to-node="8,3,0">&#x2744;&#xfe0f; <b data-path-to-node="8,3,0" data-index-in-node="3">Temperatur:</b> Schützen Sie die Pflanze vor Frost und Minusgraden. Sorgen Sie in sehr heißen Klimazonen für eine gute Belüftung zwischen den Pflanzen. </p>
</li>
</ul>
