{"id":68576,"date":"2025-12-05T10:56:50","date_gmt":"2025-12-05T09:56:50","guid":{"rendered":"https:\/\/jardimdapini.pt\/product\/echeveria-lilacina-variegata\/"},"modified":"2025-12-07T17:34:00","modified_gmt":"2025-12-07T16:34:00","slug":"echeveria-lilacina-variegata","status":"publish","type":"product","link":"https:\/\/jardimdapini.pt\/de\/produkt\/echeveria-lilacina-variegata\/","title":{"rendered":"Echeveria Lilacina Variegata"},"content":{"rendered":"<h2 data-path-to-node=\"3\">  Echeveria Lilacina Variegata: Rosette aus Marmor und Porzellan<\/h2>\n<p data-path-to-node=\"4\">Lernen Sie die <b>Echeveria &#8216;Lilacina&#8217; Variegata<\/b> kennen. Diese besondere Sorte kombiniert die nat\u00fcrliche Anmut der Rosetten der &#8216;Lilacina&#8217; &#8211; bekannt f\u00fcr ihre flachen Bl\u00e4tter und ihre zarte Farbe &#8211; mit einem Panaschiermuster in Cremet\u00f6nen, das sie zu einem echten St\u00fcck lebenden Porzellans macht.<\/p>\n<h3 data-path-to-node=\"5\">Merkmale:<\/h3>\n<ul data-path-to-node=\"6\">\n<li>\n<p data-path-to-node=\"6,0,0\"><b>Panaschierung:<\/b> Das Highlight ist die Panaschierung in <b>hellen Creme- und zarten Gelbt\u00f6nen<\/b>, die in Form von Streifen oder Flecken erscheint und einen feinen Kontrast zum <b>lavendelgrauen und hellrosa<\/b> Hintergrund der Pflanze bildet.<\/p>\n<\/li>\n<li>\n<p data-path-to-node=\"6,1,0\"><b>Porzellanfarbe:<\/b> Die breiten, flachen Bl\u00e4tter sind mit einer dicken Schicht Bloom (dem sch\u00fctzenden Pulver) \u00fcberzogen, was ihnen ein mattes, glattes, k\u00fchles Aussehen verleiht, das an Porzellan oder Marmor erinnert.<\/p>\n<\/li>\n<li>\n<p data-path-to-node=\"6,2,0\"><b>Offene Bl\u00fctenform:<\/b> W\u00e4chst in symmetrischen, relativ flachen Rosetten, die einer zart ge\u00f6ffneten Bl\u00fcte \u00e4hneln und ein Gef\u00fchl von Ruhe und Eleganz ausstrahlen.<\/p>\n<\/li>\n<li>\n<p data-path-to-node=\"6,3,0\"><b>Einzigartiger Farbton:<\/b> Die lavendelfarbene Farbe wird unter starkem Licht akzentuiert, wobei sich blassrosa und violette T\u00f6ne an den R\u00e4ndern intensivieren und eine m\u00e4rchenhafte Farbpalette schaffen.<\/p>\n<\/li>\n<\/ul>\n<h3 data-path-to-node=\"7\">  Pflege:<\/h3>\n<p data-path-to-node=\"8\">Lilacina&#8217; Variegata erfordert besondere Aufmerksamkeit, um ihre Gesundheit und ihre leuchtenden Farben zu erhalten.<\/p>\n<p data-path-to-node=\"8\"><span data-path-to-node=\"9,1,0,0\">  Gie\u00dfen<b>: <\/b>Gie\u00dfen Sie nur, wenn sich die Erde v\u00f6llig trocken anf\u00fchlt. Diese Pflanze ist anf\u00e4llig f\u00fcr F\u00e4ulnis durch \u00dcberw\u00e4sserung. <\/span><\/p>\n<p data-path-to-node=\"8\"><span data-path-to-node=\"9,2,0,0\"><b>\u2600\ufe0f Beleuchtung: <\/b>Ben\u00f6tigt sehr helles indirektes Licht oder direkte Morgensonne. Angemessenes Licht ist entscheidend, um die kompakte Form und die Helligkeit der Farbe zu erhalten. <\/span><\/p>\n<p data-path-to-node=\"8\"><span data-path-to-node=\"9,3,0,0\"> <b> Erde: <\/b>Verwenden Sie ein extrem leichtes und por\u00f6ses Substrat mit guter Drainage, ideal f\u00fcr Sukkulenten.<\/span><\/p>\n<p>&nbsp;<\/p>\n","protected":false},"excerpt":{"rendered":"<p>Echeveria Lilacina Variegata<\/p>\n<p>Topf 10.5<\/p>\n<p>Herkunft: Baumschule<\/p>\n","protected":false},"featured_media":68460,"comment_status":"open","ping_status":"closed","template":"","meta":[],"etheme_brands":[],"product_brand":[],"product_cat":[196,301,328,208],"product_tag":[],"class_list":["post-68576","product","type-product","status-publish","has-post-thumbnail","product_cat-sukkulenten","product_cat-echeveria-de","product_cat-sammler-spot","product_cat-variegata-sukkulenten","first","instock","sale","taxable","shipping-taxable","purchasable","product-type-simple"],"_links":{"self":[{"href":"https:\/\/jardimdapini.pt\/de\/wp-json\/wp\/v2\/product\/68576","targetHints":{"allow":["GET"]}}],"collection":[{"href":"https:\/\/jardimdapini.pt\/de\/wp-json\/wp\/v2\/product"}],"about":[{"href":"https:\/\/jardimdapini.pt\/de\/wp-json\/wp\/v2\/types\/product"}],"replies":[{"embeddable":true,"href":"https:\/\/jardimdapini.pt\/de\/wp-json\/wp\/v2\/comments?post=68576"}],"wp:featuredmedia":[{"embeddable":true,"href":"https:\/\/jardimdapini.pt\/de\/wp-json\/wp\/v2\/media\/68460"}],"wp:attachment":[{"href":"https:\/\/jardimdapini.pt\/de\/wp-json\/wp\/v2\/media?parent=68576"}],"wp:term":[{"taxonomy":"brand","embeddable":true,"href":"https:\/\/jardimdapini.pt\/de\/wp-json\/wp\/v2\/etheme_brands?post=68576"},{"taxonomy":"product_brand","embeddable":true,"href":"https:\/\/jardimdapini.pt\/de\/wp-json\/wp\/v2\/product_brand?post=68576"},{"taxonomy":"product_cat","embeddable":true,"href":"https:\/\/jardimdapini.pt\/de\/wp-json\/wp\/v2\/product_cat?post=68576"},{"taxonomy":"product_tag","embeddable":true,"href":"https:\/\/jardimdapini.pt\/de\/wp-json\/wp\/v2\/product_tag?post=68576"}],"curies":[{"name":"wp","href":"https:\/\/api.w.org\/{rel}","templated":true}]}}

<h2 data-path-to-node="3">  Echeveria Lilacina Variegata: Rosette aus Marmor und Porzellan</h2>
<p data-path-to-node="4">Lernen Sie die <b>Echeveria &#8216;Lilacina&#8217; Variegata</b> kennen. Diese besondere Sorte kombiniert die natürliche Anmut der Rosetten der &#8216;Lilacina&#8217; &#8211; bekannt für ihre flachen Blätter und ihre zarte Farbe &#8211; mit einem Panaschiermuster in Cremetönen, das sie zu einem echten Stück lebenden Porzellans macht.</p>
<h3 data-path-to-node="5">Merkmale:</h3>
<ul data-path-to-node="6">
<li>
<p data-path-to-node="6,0,0"><b>Panaschierung:</b> Das Highlight ist die Panaschierung in <b>hellen Creme- und zarten Gelbtönen</b>, die in Form von Streifen oder Flecken erscheint und einen feinen Kontrast zum <b>lavendelgrauen und hellrosa</b> Hintergrund der Pflanze bildet.</p>
</li>
<li>
<p data-path-to-node="6,1,0"><b>Porzellanfarbe:</b> Die breiten, flachen Blätter sind mit einer dicken Schicht Bloom (dem schützenden Pulver) überzogen, was ihnen ein mattes, glattes, kühles Aussehen verleiht, das an Porzellan oder Marmor erinnert.</p>
</li>
<li>
<p data-path-to-node="6,2,0"><b>Offene Blütenform:</b> Wächst in symmetrischen, relativ flachen Rosetten, die einer zart geöffneten Blüte ähneln und ein Gefühl von Ruhe und Eleganz ausstrahlen.</p>
</li>
<li>
<p data-path-to-node="6,3,0"><b>Einzigartiger Farbton:</b> Die lavendelfarbene Farbe wird unter starkem Licht akzentuiert, wobei sich blassrosa und violette Töne an den Rändern intensivieren und eine märchenhafte Farbpalette schaffen.</p>
</li>
</ul>
<h3 data-path-to-node="7">  Pflege:</h3>
<p data-path-to-node="8">Lilacina&#8217; Variegata erfordert besondere Aufmerksamkeit, um ihre Gesundheit und ihre leuchtenden Farben zu erhalten.</p>
<p data-path-to-node="8"><span data-path-to-node="9,1,0,0">  Gießen<b>: </b>Gießen Sie nur, wenn sich die Erde völlig trocken anfühlt. Diese Pflanze ist anfällig für Fäulnis durch Überwässerung. </span></p>
<p data-path-to-node="8"><span data-path-to-node="9,2,0,0"><b>☀️ Beleuchtung: </b>Benötigt sehr helles indirektes Licht oder direkte Morgensonne. Angemessenes Licht ist entscheidend, um die kompakte Form und die Helligkeit der Farbe zu erhalten. </span></p>
<p data-path-to-node="8"><span data-path-to-node="9,3,0,0"> <b> Erde: </b>Verwenden Sie ein extrem leichtes und poröses Substrat mit guter Drainage, ideal für Sukkulenten.</span></p>
<p>&nbsp;</p>
