{"id":64934,"date":"2025-05-22T18:33:09","date_gmt":"2025-05-22T17:33:09","guid":{"rendered":"https:\/\/jardimdapini.pt\/product\/conophytum-minimum-wittebergense\/"},"modified":"2025-12-07T15:05:48","modified_gmt":"2025-12-07T14:05:48","slug":"conophytum-minimum-wittebergense","status":"publish","type":"product","link":"https:\/\/jardimdapini.pt\/de\/produkt\/conophytum-minimum-wittebergense\/","title":{"rendered":"Conophytum minimum Wittebergense"},"content":{"rendered":"<h2 data-sourcepos=\"1:1-1:69\">Conophytum minimum \u201eWittebergense\u201c: Die getarnte Bergsukkulente<\/h2>\n<p data-sourcepos=\"3:1-3:551\"><strong>Conophytum minimum Wittebergense<\/strong> ist eine faszinierende Sukkulente f\u00fcr Sammler und Liebhaber seltener Pflanzen. Diese urspr\u00fcnglich aus der Region Witteberg in S\u00fcdafrika stammende Pflanze geh\u00f6rt zur Gruppe der \u201eLithops\u201c oder \u201eSteinpflanzen\u201c und f\u00e4llt durch ihre fast unsichtbare Form auf, die die Felsen und den Boden ihres nat\u00fcrlichen Lebensraums nachahmt. Jeder \u201eK\u00f6rper\u201c des Conophytum ist eine Verschmelzung von zwei Bl\u00e4ttern, die eine kleine Kugel oder einen Kegel bilden. Die Muster und Farben variieren, um sich perfekt an die Umgebung anzupassen.  <\/p>\n<p data-sourcepos=\"5:1-5:20\"><strong>Merkmale:<\/strong><\/p>\n<ul data-sourcepos=\"7:1-11:0\">\n<li data-sourcepos=\"7:1-7:392\"><strong>K\u00f6rper (Bl\u00e4tter):<\/strong> Klein, in der Regel einige Millimeter bis knapp \u00fcber einen Zentimeter im Durchmesser, bilden sie eine gelappte Struktur, die einem kleinen Stein oder zwei verschmolzenen Lappen \u00e4hnelt. Ihre F\u00e4rbung variiert zwischen graugr\u00fcnen, violetten, braunen und roten T\u00f6nen, mit Mustern und Flecken, die zu ihrer Tarnung beitragen. Die Epidermis kann glatt oder leicht rau sein.  <\/li>\n<li data-sourcepos=\"8:1-8:200\"><strong>Form:<\/strong> W\u00e4chst in dichten B\u00fcscheln und bildet kleine \u201eKissen\u201c, die am Substrat haften. Jedes Paar der einj\u00e4hrigen Bl\u00e4tter trocknet aus und \u00f6ffnet sich, um ein oder mehrere neue Blattpaare im Inneren zu enth\u00fcllen. <\/li>\n<li data-sourcepos=\"9:1-9:97\"><strong>Wachstum:<\/strong> \u00c4u\u00dferst langsam, was sie zu einer wertvollen und anspruchsvollen Sammelpflanze macht.<\/li>\n<li data-sourcepos=\"10:1-11:0\"><strong>Bl\u00fcte:<\/strong> Die Pflanze bildet tags\u00fcber kleine Bl\u00fcten, meist in Gelb-, Wei\u00df- oder Rosat\u00f6nen, die aus der Spalte zwischen den Lappen herausragen und dem felsigen Aussehen einen Hauch von Zartheit verleihen. Die Bl\u00fcte findet normalerweise im Herbst statt. <\/li>\n<\/ul>\n<p data-sourcepos=\"12:1-12:25\"><strong>Besondere Pflege:<\/strong><\/p>\n<ul data-sourcepos=\"14:1-19:0\">\n<li data-sourcepos=\"14:1-14:231\"><strong>Licht:<\/strong> Sie braucht direktes und intensives Sonnenlicht, aber mit guter Bel\u00fcftung, vor allem w\u00e4hrend ihrer Wachstumsperiode (Herbst\/Winter). Im Sommer, w\u00e4hrend der Ruhephase, sollte die Pflanze vor der st\u00e4rksten direkten Sonneneinstrahlung gesch\u00fctzt werden. <\/li>\n<li data-sourcepos=\"15:1-15:353\"><strong>Bew\u00e4sserung:<\/strong> Der wichtigste Aspekt Ihres Anbaus. Gie\u00dfen Sie nur w\u00e4hrend der aktiven Wachstumsphase (Herbst\/Winter)<strong> sorgf\u00e4ltig<\/strong>. Im Sommer (Ruhephase) muss die Bew\u00e4sserung kontrolliert werden, um F\u00e4ulnis zu verhindern. Am besten gie\u00dfen Sie, wenn die K\u00f6rper beginnen, leicht zu welken&#8221;.   <\/li>\n<li data-sourcepos=\"16:1-16:225\"><strong>Substrat:<\/strong> Entscheidend f\u00fcr den Erfolg. Sie ben\u00f6tigt ein extrem gut durchl\u00e4ssiges, mineralisches Substrat mit wenig organischem Material. Eine ideale Mischung besteht aus Bimsstein, grobem Sand, Perlit und Pflanzenerde.  <\/li>\n<li data-sourcepos=\"17:1-17:181\"><strong>Temperatur:<\/strong> Vertr\u00e4gt Temperaturschwankungen, sch\u00fctzt aber vor starkem Frost und \u00fcberm\u00e4\u00dfiger Hitze und Feuchtigkeit im Sommer. Die Sommerruhe ist f\u00fcr sein \u00dcberleben unerl\u00e4sslich. <\/li>\n<li data-sourcepos=\"18:1-19:0\"><strong>Bel\u00fcftung:<\/strong> Unerl\u00e4sslich, um Feuchtigkeitsstau und Pilzerkrankungen zu vermeiden.<\/li>\n<\/ul>\n<p data-sourcepos=\"20:1-20:18\"><strong>Wo man anbaut:<\/strong><\/p>\n<ul data-sourcepos=\"22:1-25:0\">\n<li data-sourcepos=\"22:1-22:134\"><strong>Flache T\u00f6pfe:<\/strong> Ideal f\u00fcr den Anbau in flachen T\u00f6pfen mit ausgezeichneter Drainage, wo ihre kompakte, getarnte Form zur Geltung kommt.<\/li>\n<li data-sourcepos=\"23:1-23:101\"><strong>Seltene Sukkulenten-Sammlungen:<\/strong> Ein Herzst\u00fcck f\u00fcr Sammler von Lithops und anderen Mesembs.<\/li>\n<li data-sourcepos=\"24:1-25:0\"><strong>Kontrollierte Umgebungen:<\/strong> Perfekt f\u00fcr Gew\u00e4chsh\u00e4user oder Orte mit pr\u00e4ziser Kontrolle von Bew\u00e4sserung und Licht.<\/li>\n<\/ul>\n","protected":false},"excerpt":{"rendered":"<p>Conophytum minimum Wittebergense<\/p>\n<p>Vase 7<\/p>\n<p>Herkunft: S\u00fcdafrika<\/p>\n","protected":false},"featured_media":64605,"comment_status":"open","ping_status":"closed","template":"","meta":[],"etheme_brands":[],"product_brand":[],"product_cat":[196,529,328],"product_tag":[],"class_list":["post-64934","product","type-product","status-publish","has-post-thumbnail","product_cat-sukkulenten","product_cat-conophytum-de","product_cat-sammler-spot","first","outofstock","taxable","shipping-taxable","purchasable","product-type-simple"],"_links":{"self":[{"href":"https:\/\/jardimdapini.pt\/de\/wp-json\/wp\/v2\/product\/64934","targetHints":{"allow":["GET"]}}],"collection":[{"href":"https:\/\/jardimdapini.pt\/de\/wp-json\/wp\/v2\/product"}],"about":[{"href":"https:\/\/jardimdapini.pt\/de\/wp-json\/wp\/v2\/types\/product"}],"replies":[{"embeddable":true,"href":"https:\/\/jardimdapini.pt\/de\/wp-json\/wp\/v2\/comments?post=64934"}],"wp:featuredmedia":[{"embeddable":true,"href":"https:\/\/jardimdapini.pt\/de\/wp-json\/wp\/v2\/media\/64605"}],"wp:attachment":[{"href":"https:\/\/jardimdapini.pt\/de\/wp-json\/wp\/v2\/media?parent=64934"}],"wp:term":[{"taxonomy":"brand","embeddable":true,"href":"https:\/\/jardimdapini.pt\/de\/wp-json\/wp\/v2\/etheme_brands?post=64934"},{"taxonomy":"product_brand","embeddable":true,"href":"https:\/\/jardimdapini.pt\/de\/wp-json\/wp\/v2\/product_brand?post=64934"},{"taxonomy":"product_cat","embeddable":true,"href":"https:\/\/jardimdapini.pt\/de\/wp-json\/wp\/v2\/product_cat?post=64934"},{"taxonomy":"product_tag","embeddable":true,"href":"https:\/\/jardimdapini.pt\/de\/wp-json\/wp\/v2\/product_tag?post=64934"}],"curies":[{"name":"wp","href":"https:\/\/api.w.org\/{rel}","templated":true}]}}

<h2 data-sourcepos="1:1-1:69">Conophytum minimum „Wittebergense“: Die getarnte Bergsukkulente</h2>
<p data-sourcepos="3:1-3:551"><strong>Conophytum minimum Wittebergense</strong> ist eine faszinierende Sukkulente für Sammler und Liebhaber seltener Pflanzen. Diese ursprünglich aus der Region Witteberg in Südafrika stammende Pflanze gehört zur Gruppe der „Lithops“ oder „Steinpflanzen“ und fällt durch ihre fast unsichtbare Form auf, die die Felsen und den Boden ihres natürlichen Lebensraums nachahmt. Jeder „Körper“ des Conophytum ist eine Verschmelzung von zwei Blättern, die eine kleine Kugel oder einen Kegel bilden. Die Muster und Farben variieren, um sich perfekt an die Umgebung anzupassen.  </p>
<p data-sourcepos="5:1-5:20"><strong>Merkmale:</strong></p>
<ul data-sourcepos="7:1-11:0">
<li data-sourcepos="7:1-7:392"><strong>Körper (Blätter):</strong> Klein, in der Regel einige Millimeter bis knapp über einen Zentimeter im Durchmesser, bilden sie eine gelappte Struktur, die einem kleinen Stein oder zwei verschmolzenen Lappen ähnelt. Ihre Färbung variiert zwischen graugrünen, violetten, braunen und roten Tönen, mit Mustern und Flecken, die zu ihrer Tarnung beitragen. Die Epidermis kann glatt oder leicht rau sein.  </li>
<li data-sourcepos="8:1-8:200"><strong>Form:</strong> Wächst in dichten Büscheln und bildet kleine „Kissen“, die am Substrat haften. Jedes Paar der einjährigen Blätter trocknet aus und öffnet sich, um ein oder mehrere neue Blattpaare im Inneren zu enthüllen. </li>
<li data-sourcepos="9:1-9:97"><strong>Wachstum:</strong> Äußerst langsam, was sie zu einer wertvollen und anspruchsvollen Sammelpflanze macht.</li>
<li data-sourcepos="10:1-11:0"><strong>Blüte:</strong> Die Pflanze bildet tagsüber kleine Blüten, meist in Gelb-, Weiß- oder Rosatönen, die aus der Spalte zwischen den Lappen herausragen und dem felsigen Aussehen einen Hauch von Zartheit verleihen. Die Blüte findet normalerweise im Herbst statt. </li>
</ul>
<p data-sourcepos="12:1-12:25"><strong>Besondere Pflege:</strong></p>
<ul data-sourcepos="14:1-19:0">
<li data-sourcepos="14:1-14:231"><strong>Licht:</strong> Sie braucht direktes und intensives Sonnenlicht, aber mit guter Belüftung, vor allem während ihrer Wachstumsperiode (Herbst/Winter). Im Sommer, während der Ruhephase, sollte die Pflanze vor der stärksten direkten Sonneneinstrahlung geschützt werden. </li>
<li data-sourcepos="15:1-15:353"><strong>Bewässerung:</strong> Der wichtigste Aspekt Ihres Anbaus. Gießen Sie nur während der aktiven Wachstumsphase (Herbst/Winter)<strong> sorgfältig</strong>. Im Sommer (Ruhephase) muss die Bewässerung kontrolliert werden, um Fäulnis zu verhindern. Am besten gießen Sie, wenn die Körper beginnen, leicht zu welken&#8221;.   </li>
<li data-sourcepos="16:1-16:225"><strong>Substrat:</strong> Entscheidend für den Erfolg. Sie benötigt ein extrem gut durchlässiges, mineralisches Substrat mit wenig organischem Material. Eine ideale Mischung besteht aus Bimsstein, grobem Sand, Perlit und Pflanzenerde.  </li>
<li data-sourcepos="17:1-17:181"><strong>Temperatur:</strong> Verträgt Temperaturschwankungen, schützt aber vor starkem Frost und übermäßiger Hitze und Feuchtigkeit im Sommer. Die Sommerruhe ist für sein Überleben unerlässlich. </li>
<li data-sourcepos="18:1-19:0"><strong>Belüftung:</strong> Unerlässlich, um Feuchtigkeitsstau und Pilzerkrankungen zu vermeiden.</li>
</ul>
<p data-sourcepos="20:1-20:18"><strong>Wo man anbaut:</strong></p>
<ul data-sourcepos="22:1-25:0">
<li data-sourcepos="22:1-22:134"><strong>Flache Töpfe:</strong> Ideal für den Anbau in flachen Töpfen mit ausgezeichneter Drainage, wo ihre kompakte, getarnte Form zur Geltung kommt.</li>
<li data-sourcepos="23:1-23:101"><strong>Seltene Sukkulenten-Sammlungen:</strong> Ein Herzstück für Sammler von Lithops und anderen Mesembs.</li>
<li data-sourcepos="24:1-25:0"><strong>Kontrollierte Umgebungen:</strong> Perfekt für Gewächshäuser oder Orte mit präziser Kontrolle von Bewässerung und Licht.</li>
</ul>

<p>Conophytum minimum Wittebergense</p>
<p>Vase 7</p>
<p>Herkunft: Südafrika</p>
