{"id":64921,"date":"2025-05-30T11:03:21","date_gmt":"2025-05-30T10:03:21","guid":{"rendered":"https:\/\/jardimdapini.pt\/product\/coryphantha-elephantidens\/"},"modified":"2025-11-18T20:03:36","modified_gmt":"2025-11-18T19:03:36","slug":"coryphantha-elephantidens","status":"publish","type":"product","link":"https:\/\/jardimdapini.pt\/de\/produkt\/coryphantha-elephantidens\/","title":{"rendered":"Coryphantha Elephantidens"},"content":{"rendered":"<h2 data-sourcepos=\"1:1-1:70\">Coryphantha elephantidens: Der Skulpturenkaktus<\/h2>\n<p data-sourcepos=\"3:1-3:507\"><strong>Coryphantha elephantidens<\/strong> ist ein beeindruckender Kaktus, der von Sammlern f\u00fcr seine robuste Form und spektakul\u00e4ren Bl\u00fcten gesch\u00e4tzt wird. Dieser in den Halbw\u00fcsten Mexikos beheimatete Kaktus, der einzeln oder in kleinen B\u00fcscheln w\u00e4chst, zeichnet sich durch seine gro\u00dfen, auff\u00e4lligen Knollen aus, die der Haut eines Elefanten \u00e4hneln, daher sein liebevoller Name. <\/p>\n<p data-sourcepos=\"5:1-5:20\"><strong>Merkmale:<\/strong><\/p>\n<ul data-sourcepos=\"7:1-11:0\">\n<li data-sourcepos=\"7:1-7:305\"><strong>K\u00f6rper:<\/strong> Kugelf\u00f6rmig, in der Regel einzeln, wenn sie jung sind, aber mit zunehmendem Alter k\u00f6nnen sie kleine Gruppen bilden. Die Farbe variiert von grau-gr\u00fcn bis bl\u00e4ulich-gr\u00fcn. Seine Oberfl\u00e4che ist mit <strong>gro\u00dfen, abgerundeten, markanten H\u00f6ckern<\/strong> mit deutlichen Rillen bedeckt, die ihm eine einzigartige raue Textur verleihen.  <\/li>\n<li data-sourcepos=\"8:1-8:249\"><strong>Dornen:<\/strong> Sie sind in der Regel kurz, dick und gebogen und entspringen dem oberen Teil der Knollen. Die Anzahl und Gr\u00f6\u00dfe der Stacheln kann variieren, aber sie sind im Allgemeinen weniger dicht als bei anderen Kakteen, so dass die Sch\u00f6nheit des K\u00f6rpers besser zur Geltung kommt. <\/li>\n<li data-sourcepos=\"9:1-9:123\"><strong>Wachstum:<\/strong> Langsam bis m\u00e4\u00dfig, kann aber mit der Zeit beachtliche Gr\u00f6\u00dfen erreichen (bis zu 15-20 cm Durchmesser oder mehr).<\/li>\n<li data-sourcepos=\"10:1-11:0\"><strong>Bl\u00fcte:<\/strong> Der H\u00f6hepunkt dieser Art! Sie produziert <strong>gro\u00dfe, spektakul\u00e4re Bl\u00fcten<\/strong> mit einem Durchmesser von bis zu 7-8 cm, die aus dem Scheitel der Pflanze herausragen. Die Bl\u00fcten sind trichterf\u00f6rmig mit seidigen Bl\u00fctenbl\u00e4ttern in leuchtenden Farbt\u00f6nen von <strong>tiefem Rosa, Magenta oder Purpurrot<\/strong>, manchmal mit einer helleren Mitte. Die Bl\u00fctezeit ist typischerweise im Sp\u00e4tsommer oder Fr\u00fchherbst.   <\/li>\n<\/ul>\n<p data-sourcepos=\"12:1-12:13\"><strong>Pflege:<\/strong><\/p>\n<ul data-sourcepos=\"14:1-19:0\">\n<li data-sourcepos=\"14:1-14:247\"><strong>Licht:<\/strong> Sie braucht die meiste Zeit des Tages <strong>direktes, intensives Sonnenlicht<\/strong>, um ein kompaktes Wachstum und eine \u00fcppige Bl\u00fcte zu f\u00f6rdern. In sehr hei\u00dfen Klimazonen kann ein Lichtschutz w\u00e4hrend der Hauptsonnenstunden von Vorteil sein. <\/li>\n<li data-sourcepos=\"15:1-15:323\"><strong>Gie\u00dfen:<\/strong> Gie\u00dfen Sie w\u00e4hrend der Wachstumsperiode (Fr\u00fchling und Sommer) m\u00e4\u00dfig und lassen Sie das Substrat zwischen den Wassergaben vollst\u00e4ndig austrocknen. <strong>\u00dcberm\u00e4\u00dfiges Gie\u00dfen<\/strong> muss unbedingt <strong>vermieden werden<\/strong>, denn dies ist die Hauptursache f\u00fcr F\u00e4ulnis bei Kakteen. <\/li>\n<li data-sourcepos=\"16:1-16:192\"><strong>Substrat:<\/strong> Im Wesentlichen <strong>mineralisch und mit ausgezeichneter Drainage<\/strong>. Eine ideale Mischung besteht aus grobem Sand, Perlit, Bimsstein und\/oder Akadama mit einem kleinen Anteil an organischem Material. <\/li>\n<li data-sourcepos=\"18:1-19:0\"><strong>Bel\u00fcftung:<\/strong> Eine gute Luftzirkulation ist wichtig, um Feuchtigkeitsansammlungen und Pilzerkrankungen zu vermeiden.<\/li>\n<\/ul>\n<p data-sourcepos=\"20:1-20:18\"><strong>Wo man anbaut:<\/strong><\/p>\n<ul data-sourcepos=\"22:1-25:0\">\n<li data-sourcepos=\"22:1-22:157\"><strong>T\u00f6pfe:<\/strong> Ideal f\u00fcr den Anbau in T\u00f6pfen, in denen sie sich ausbreiten kann, damit ihre skulpturale Form und die Sch\u00f6nheit ihrer Bl\u00fcten voll zur Geltung kommen.<\/li>\n<li data-sourcepos=\"23:1-23:139\"><strong>Kakteen- und Sukkulenteng\u00e4rten:<\/strong> In trockenen Klimazonen mit guter Drainage kann sie ein Highlight in Steing\u00e4rten oder thematischen Beeten sein.<\/li>\n<li data-sourcepos=\"24:1-25:0\"><strong>Kaktus-Sammlungen:<\/strong> Aufgrund seiner Gr\u00f6\u00dfe, Sch\u00f6nheit und spektakul\u00e4ren Bl\u00fcte ein Herzst\u00fcck f\u00fcr Sammler.<\/li>\n<\/ul>\n","protected":false},"excerpt":{"rendered":"<p>Coryphantha Elephantidens<\/p>\n<p>Vase 8,5<\/p>\n<p>Herkunft: Mexiko<\/p>\n","protected":false},"featured_media":64910,"comment_status":"open","ping_status":"closed","template":"","meta":[],"etheme_brands":[],"product_brand":[],"product_cat":[190,552,196],"product_tag":[],"class_list":["post-64921","product","type-product","status-publish","has-post-thumbnail","product_cat-kaktus-sukkulenten","product_cat-coryphantha-de","product_cat-sukkulenten","first","instock","taxable","shipping-taxable","purchasable","product-type-simple"],"_links":{"self":[{"href":"https:\/\/jardimdapini.pt\/de\/wp-json\/wp\/v2\/product\/64921","targetHints":{"allow":["GET"]}}],"collection":[{"href":"https:\/\/jardimdapini.pt\/de\/wp-json\/wp\/v2\/product"}],"about":[{"href":"https:\/\/jardimdapini.pt\/de\/wp-json\/wp\/v2\/types\/product"}],"replies":[{"embeddable":true,"href":"https:\/\/jardimdapini.pt\/de\/wp-json\/wp\/v2\/comments?post=64921"}],"wp:featuredmedia":[{"embeddable":true,"href":"https:\/\/jardimdapini.pt\/de\/wp-json\/wp\/v2\/media\/64910"}],"wp:attachment":[{"href":"https:\/\/jardimdapini.pt\/de\/wp-json\/wp\/v2\/media?parent=64921"}],"wp:term":[{"taxonomy":"brand","embeddable":true,"href":"https:\/\/jardimdapini.pt\/de\/wp-json\/wp\/v2\/etheme_brands?post=64921"},{"taxonomy":"product_brand","embeddable":true,"href":"https:\/\/jardimdapini.pt\/de\/wp-json\/wp\/v2\/product_brand?post=64921"},{"taxonomy":"product_cat","embeddable":true,"href":"https:\/\/jardimdapini.pt\/de\/wp-json\/wp\/v2\/product_cat?post=64921"},{"taxonomy":"product_tag","embeddable":true,"href":"https:\/\/jardimdapini.pt\/de\/wp-json\/wp\/v2\/product_tag?post=64921"}],"curies":[{"name":"wp","href":"https:\/\/api.w.org\/{rel}","templated":true}]}}

<h2 data-sourcepos="1:1-1:70">Coryphantha elephantidens: Der Skulpturenkaktus</h2>
<p data-sourcepos="3:1-3:507"><strong>Coryphantha elephantidens</strong> ist ein beeindruckender Kaktus, der von Sammlern für seine robuste Form und spektakulären Blüten geschätzt wird. Dieser in den Halbwüsten Mexikos beheimatete Kaktus, der einzeln oder in kleinen Büscheln wächst, zeichnet sich durch seine großen, auffälligen Knollen aus, die der Haut eines Elefanten ähneln, daher sein liebevoller Name. </p>
<p data-sourcepos="5:1-5:20"><strong>Merkmale:</strong></p>
<ul data-sourcepos="7:1-11:0">
<li data-sourcepos="7:1-7:305"><strong>Körper:</strong> Kugelförmig, in der Regel einzeln, wenn sie jung sind, aber mit zunehmendem Alter können sie kleine Gruppen bilden. Die Farbe variiert von grau-grün bis bläulich-grün. Seine Oberfläche ist mit <strong>großen, abgerundeten, markanten Höckern</strong> mit deutlichen Rillen bedeckt, die ihm eine einzigartige raue Textur verleihen.  </li>
<li data-sourcepos="8:1-8:249"><strong>Dornen:</strong> Sie sind in der Regel kurz, dick und gebogen und entspringen dem oberen Teil der Knollen. Die Anzahl und Größe der Stacheln kann variieren, aber sie sind im Allgemeinen weniger dicht als bei anderen Kakteen, so dass die Schönheit des Körpers besser zur Geltung kommt. </li>
<li data-sourcepos="9:1-9:123"><strong>Wachstum:</strong> Langsam bis mäßig, kann aber mit der Zeit beachtliche Größen erreichen (bis zu 15-20 cm Durchmesser oder mehr).</li>
<li data-sourcepos="10:1-11:0"><strong>Blüte:</strong> Der Höhepunkt dieser Art! Sie produziert <strong>große, spektakuläre Blüten</strong> mit einem Durchmesser von bis zu 7-8 cm, die aus dem Scheitel der Pflanze herausragen. Die Blüten sind trichterförmig mit seidigen Blütenblättern in leuchtenden Farbtönen von <strong>tiefem Rosa, Magenta oder Purpurrot</strong>, manchmal mit einer helleren Mitte. Die Blütezeit ist typischerweise im Spätsommer oder Frühherbst.   </li>
</ul>
<p data-sourcepos="12:1-12:13"><strong>Pflege:</strong></p>
<ul data-sourcepos="14:1-19:0">
<li data-sourcepos="14:1-14:247"><strong>Licht:</strong> Sie braucht die meiste Zeit des Tages <strong>direktes, intensives Sonnenlicht</strong>, um ein kompaktes Wachstum und eine üppige Blüte zu fördern. In sehr heißen Klimazonen kann ein Lichtschutz während der Hauptsonnenstunden von Vorteil sein. </li>
<li data-sourcepos="15:1-15:323"><strong>Gießen:</strong> Gießen Sie während der Wachstumsperiode (Frühling und Sommer) mäßig und lassen Sie das Substrat zwischen den Wassergaben vollständig austrocknen. <strong>Übermäßiges Gießen</strong> muss unbedingt <strong>vermieden werden</strong>, denn dies ist die Hauptursache für Fäulnis bei Kakteen. </li>
<li data-sourcepos="16:1-16:192"><strong>Substrat:</strong> Im Wesentlichen <strong>mineralisch und mit ausgezeichneter Drainage</strong>. Eine ideale Mischung besteht aus grobem Sand, Perlit, Bimsstein und/oder Akadama mit einem kleinen Anteil an organischem Material. </li>
<li data-sourcepos="18:1-19:0"><strong>Belüftung:</strong> Eine gute Luftzirkulation ist wichtig, um Feuchtigkeitsansammlungen und Pilzerkrankungen zu vermeiden.</li>
</ul>
<p data-sourcepos="20:1-20:18"><strong>Wo man anbaut:</strong></p>
<ul data-sourcepos="22:1-25:0">
<li data-sourcepos="22:1-22:157"><strong>Töpfe:</strong> Ideal für den Anbau in Töpfen, in denen sie sich ausbreiten kann, damit ihre skulpturale Form und die Schönheit ihrer Blüten voll zur Geltung kommen.</li>
<li data-sourcepos="23:1-23:139"><strong>Kakteen- und Sukkulentengärten:</strong> In trockenen Klimazonen mit guter Drainage kann sie ein Highlight in Steingärten oder thematischen Beeten sein.</li>
<li data-sourcepos="24:1-25:0"><strong>Kaktus-Sammlungen:</strong> Aufgrund seiner Größe, Schönheit und spektakulären Blüte ein Herzstück für Sammler.</li>
</ul>
