{"id":58406,"date":"2020-03-06T14:40:32","date_gmt":"2020-03-06T13:40:32","guid":{"rendered":"https:\/\/jardimdapini.pt\/product\/echeveria-setosa-var-deminuta\/"},"modified":"2024-09-09T20:55:53","modified_gmt":"2024-09-09T19:55:53","slug":"echeveria-setosa-var-deminuta","status":"publish","type":"product","link":"https:\/\/jardimdapini.pt\/de\/produkt\/echeveria-setosa-var-deminuta\/","title":{"rendered":"Echeveria Setosa var Deminuta"},"content":{"rendered":"<p>Diese Miniatur-Echeveria hat kleine Rosetten mit sehr pummeligen, bl\u00e4ulichen Bl\u00e4ttern.<br \/>\nDie Bl\u00e4tter sind an den R\u00e4ndern leicht rosa und bilden normalerweise kleine B\u00fcschel.<br \/>\nDiese Echeveria produziert im sp\u00e4ten Fr\u00fchjahr kleine glockenf\u00f6rmige orangefarbene Bl\u00fcten und ihr Name <em>Deminuta <\/em>bezieht sich auf ihre kleine\/miniaturhafte Form. <em>Sehen Sie sich <strong><a href=\"https:\/\/jardimdapini.pt\/os-nossos-formatos-de-vasos\/\" target=\"_blank\" rel=\"noopener noreferrer\">hier<\/a> <\/strong>unseren Vergleich der Topfgr\u00f6\u00dfen an, die wir normalerweise verwenden, sowie Tipps zur Pflege von Sukkulenten und Kakteen<strong> <a href=\"https:\/\/jardimdapini.pt\/dicas-simples-para-cuidar-das-suas-suculentas-e-cactos\/\" target=\"_blank\" rel=\"noopener noreferrer\">!<\/a><\/strong><\/em>  <\/p>\n","protected":false},"excerpt":{"rendered":"<p>Echeveria Setosa var Deminuta Topf 5,5 Herkunft: Mexiko<\/p>\n","protected":false},"featured_media":44554,"comment_status":"open","ping_status":"closed","template":"","meta":[],"etheme_brands":[],"product_brand":[],"product_cat":[301,196],"product_tag":[],"class_list":["post-58406","product","type-product","status-publish","has-post-thumbnail","product_cat-echeveria-de","product_cat-sukkulenten","first","outofstock","taxable","shipping-taxable","purchasable","product-type-simple"],"_links":{"self":[{"href":"https:\/\/jardimdapini.pt\/de\/wp-json\/wp\/v2\/product\/58406","targetHints":{"allow":["GET"]}}],"collection":[{"href":"https:\/\/jardimdapini.pt\/de\/wp-json\/wp\/v2\/product"}],"about":[{"href":"https:\/\/jardimdapini.pt\/de\/wp-json\/wp\/v2\/types\/product"}],"replies":[{"embeddable":true,"href":"https:\/\/jardimdapini.pt\/de\/wp-json\/wp\/v2\/comments?post=58406"}],"wp:featuredmedia":[{"embeddable":true,"href":"https:\/\/jardimdapini.pt\/de\/wp-json\/wp\/v2\/media\/44554"}],"wp:attachment":[{"href":"https:\/\/jardimdapini.pt\/de\/wp-json\/wp\/v2\/media?parent=58406"}],"wp:term":[{"taxonomy":"brand","embeddable":true,"href":"https:\/\/jardimdapini.pt\/de\/wp-json\/wp\/v2\/etheme_brands?post=58406"},{"taxonomy":"product_brand","embeddable":true,"href":"https:\/\/jardimdapini.pt\/de\/wp-json\/wp\/v2\/product_brand?post=58406"},{"taxonomy":"product_cat","embeddable":true,"href":"https:\/\/jardimdapini.pt\/de\/wp-json\/wp\/v2\/product_cat?post=58406"},{"taxonomy":"product_tag","embeddable":true,"href":"https:\/\/jardimdapini.pt\/de\/wp-json\/wp\/v2\/product_tag?post=58406"}],"curies":[{"name":"wp","href":"https:\/\/api.w.org\/{rel}","templated":true}]}}

<p>Diese Miniatur-Echeveria hat kleine Rosetten mit sehr pummeligen, bläulichen Blättern.<br />
Die Blätter sind an den Rändern leicht rosa und bilden normalerweise kleine Büschel.<br />
Diese Echeveria produziert im späten Frühjahr kleine glockenförmige orangefarbene Blüten und ihr Name <em>Deminuta </em>bezieht sich auf ihre kleine/miniaturhafte Form. <em>Sehen Sie sich <strong><a href="https://jardimdapini.pt/os-nossos-formatos-de-vasos/" target="_blank" rel="noopener noreferrer">hier</a> </strong>unseren Vergleich der Topfgrößen an, die wir normalerweise verwenden, sowie Tipps zur Pflege von Sukkulenten und Kakteen<strong> <a href="https://jardimdapini.pt/dicas-simples-para-cuidar-das-suas-suculentas-e-cactos/" target="_blank" rel="noopener noreferrer">!</a></strong></em>  </p>
