{"id":58354,"date":"2019-12-05T15:56:09","date_gmt":"2019-12-05T14:56:09","guid":{"rendered":"https:\/\/jardimdapini.pt\/product\/echeveria-affinis-black-prince\/"},"modified":"2026-07-19T19:18:29","modified_gmt":"2026-07-19T18:18:29","slug":"echeveria-affinis-black-prince","status":"publish","type":"product","link":"https:\/\/jardimdapini.pt\/de\/produkt\/echeveria-affinis-black-prince\/","title":{"rendered":"Echeveria Affinis &#8216;Black Prince&#8217;"},"content":{"rendered":"<p>Echeveria &#8216;Black Prince&#8217; ist eine beliebte Sukkulente f\u00fcr alle, die eine Sukkulente mit dunklen Farben m\u00f6gen. Die Bl\u00e4tter sind zun\u00e4chst dunkelgr\u00fcn und f\u00e4rben sich im Laufe der Entwicklung der Pflanze dunkelviolett, fast schwarz.<br \/>\nDie Mitte der Pflanze ist in der Regel gr\u00fcn, so dass diese Echeveria mit ihren schwarzen T\u00f6nen ideal zur Erg\u00e4nzung eines Ensembles geeignet ist. <em>Sehen Sie sich <strong><a href=\"https:\/\/jardimdapini.pt\/os-nossos-formatos-de-vasos\/\" target=\"_blank\" rel=\"noopener noreferrer\">hier<\/a> <\/strong>unseren Vergleich der Topfgr\u00f6\u00dfen an, die wir normalerweise verwenden, und unsere Tipps f\u00fcr die Pflege von Sukkulenten und Kakteen<strong> <a href=\"https:\/\/jardimdapini.pt\/dicas-simples-para-cuidar-das-suas-suculentas-e-cactos\/\" target=\"_blank\" rel=\"noopener noreferrer\">!<\/a><\/strong><\/em> <\/p>\n<p>&nbsp;<\/p>\n","protected":false},"excerpt":{"rendered":"<p>Echeveria Affinis &#8216;Black Prince&#8217; Topf 8.5 Herkunft: Mexiko<\/p>\n","protected":false},"featured_media":44370,"comment_status":"open","ping_status":"closed","template":"","meta":[],"etheme_brands":[],"product_brand":[],"product_cat":[301,196],"product_tag":[],"class_list":["post-58354","product","type-product","status-publish","has-post-thumbnail","product_cat-echeveria-de","product_cat-sukkulenten","first","instock","taxable","shipping-taxable","purchasable","product-type-simple"],"_links":{"self":[{"href":"https:\/\/jardimdapini.pt\/de\/wp-json\/wp\/v2\/product\/58354","targetHints":{"allow":["GET"]}}],"collection":[{"href":"https:\/\/jardimdapini.pt\/de\/wp-json\/wp\/v2\/product"}],"about":[{"href":"https:\/\/jardimdapini.pt\/de\/wp-json\/wp\/v2\/types\/product"}],"replies":[{"embeddable":true,"href":"https:\/\/jardimdapini.pt\/de\/wp-json\/wp\/v2\/comments?post=58354"}],"wp:featuredmedia":[{"embeddable":true,"href":"https:\/\/jardimdapini.pt\/de\/wp-json\/wp\/v2\/media\/44370"}],"wp:attachment":[{"href":"https:\/\/jardimdapini.pt\/de\/wp-json\/wp\/v2\/media?parent=58354"}],"wp:term":[{"taxonomy":"brand","embeddable":true,"href":"https:\/\/jardimdapini.pt\/de\/wp-json\/wp\/v2\/etheme_brands?post=58354"},{"taxonomy":"product_brand","embeddable":true,"href":"https:\/\/jardimdapini.pt\/de\/wp-json\/wp\/v2\/product_brand?post=58354"},{"taxonomy":"product_cat","embeddable":true,"href":"https:\/\/jardimdapini.pt\/de\/wp-json\/wp\/v2\/product_cat?post=58354"},{"taxonomy":"product_tag","embeddable":true,"href":"https:\/\/jardimdapini.pt\/de\/wp-json\/wp\/v2\/product_tag?post=58354"}],"curies":[{"name":"wp","href":"https:\/\/api.w.org\/{rel}","templated":true}]}}

<p>Echeveria &#8216;Black Prince&#8217; ist eine beliebte Sukkulente für alle, die eine Sukkulente mit dunklen Farben mögen. Die Blätter sind zunächst dunkelgrün und färben sich im Laufe der Entwicklung der Pflanze dunkelviolett, fast schwarz.<br />
Die Mitte der Pflanze ist in der Regel grün, so dass diese Echeveria mit ihren schwarzen Tönen ideal zur Ergänzung eines Ensembles geeignet ist. <em>Sehen Sie sich <strong><a href="https://jardimdapini.pt/os-nossos-formatos-de-vasos/" target="_blank" rel="noopener noreferrer">hier</a> </strong>unseren Vergleich der Topfgrößen an, die wir normalerweise verwenden, und unsere Tipps für die Pflege von Sukkulenten und Kakteen<strong> <a href="https://jardimdapini.pt/dicas-simples-para-cuidar-das-suas-suculentas-e-cactos/" target="_blank" rel="noopener noreferrer">!</a></strong></em> </p>
<p>&nbsp;</p>
