{"id":58058,"date":"2020-07-21T12:08:49","date_gmt":"2020-07-21T11:08:49","guid":{"rendered":"https:\/\/jardimdapini.pt\/product\/echeveria-black-knigth\/"},"modified":"2025-10-05T12:55:53","modified_gmt":"2025-10-05T11:55:53","slug":"echeveria-black-knigth","status":"publish","type":"product","link":"https:\/\/jardimdapini.pt\/de\/produkt\/echeveria-black-knigth\/","title":{"rendered":"Echeveria Black Knigth"},"content":{"rendered":"<p>Diese Sukkulente, die oft mit der Echeveria Black Prince verwechselt wird, hat l\u00e4nglichere Bl\u00e4tter und w\u00e4chst langsamer. Es handelt sich nicht um eine Hybride, sondern um eine in Mexiko heimische Art. <em>Sehen Sie sich <strong><a href=\"https:\/\/jardimdapini.pt\/os-nossos-formatos-de-vasos\/\" target=\"_blank\" rel=\"noopener noreferrer\">hier<\/a> <\/strong>unseren Vergleich der Topfgr\u00f6\u00dfen an, die wir normalerweise verwenden, sowie Tipps zur Pflege von Sukkulenten und Kakteen<strong> <a href=\"https:\/\/jardimdapini.pt\/dicas-simples-para-cuidar-das-suas-suculentas-e-cactos\/\" target=\"_blank\" rel=\"noopener noreferrer\">!<\/a><\/strong><\/em><\/p>\n","protected":false},"excerpt":{"rendered":"<p>Echeveria Schwarz Knigth Vase 8,5 Herkunft: Mexiko<\/p>\n","protected":false},"featured_media":45814,"comment_status":"open","ping_status":"closed","template":"","meta":[],"etheme_brands":[],"product_brand":[],"product_cat":[301,196],"product_tag":[],"class_list":["post-58058","product","type-product","status-publish","has-post-thumbnail","product_cat-echeveria-de","product_cat-sukkulenten","first","outofstock","taxable","shipping-taxable","purchasable","product-type-simple"],"_links":{"self":[{"href":"https:\/\/jardimdapini.pt\/de\/wp-json\/wp\/v2\/product\/58058","targetHints":{"allow":["GET"]}}],"collection":[{"href":"https:\/\/jardimdapini.pt\/de\/wp-json\/wp\/v2\/product"}],"about":[{"href":"https:\/\/jardimdapini.pt\/de\/wp-json\/wp\/v2\/types\/product"}],"replies":[{"embeddable":true,"href":"https:\/\/jardimdapini.pt\/de\/wp-json\/wp\/v2\/comments?post=58058"}],"wp:featuredmedia":[{"embeddable":true,"href":"https:\/\/jardimdapini.pt\/de\/wp-json\/wp\/v2\/media\/45814"}],"wp:attachment":[{"href":"https:\/\/jardimdapini.pt\/de\/wp-json\/wp\/v2\/media?parent=58058"}],"wp:term":[{"taxonomy":"brand","embeddable":true,"href":"https:\/\/jardimdapini.pt\/de\/wp-json\/wp\/v2\/etheme_brands?post=58058"},{"taxonomy":"product_brand","embeddable":true,"href":"https:\/\/jardimdapini.pt\/de\/wp-json\/wp\/v2\/product_brand?post=58058"},{"taxonomy":"product_cat","embeddable":true,"href":"https:\/\/jardimdapini.pt\/de\/wp-json\/wp\/v2\/product_cat?post=58058"},{"taxonomy":"product_tag","embeddable":true,"href":"https:\/\/jardimdapini.pt\/de\/wp-json\/wp\/v2\/product_tag?post=58058"}],"curies":[{"name":"wp","href":"https:\/\/api.w.org\/{rel}","templated":true}]}}

<p>Diese Sukkulente, die oft mit der Echeveria Black Prince verwechselt wird, hat länglichere Blätter und wächst langsamer. Es handelt sich nicht um eine Hybride, sondern um eine in Mexiko heimische Art. <em>Sehen Sie sich <strong><a href="https://jardimdapini.pt/os-nossos-formatos-de-vasos/" target="_blank" rel="noopener noreferrer">hier</a> </strong>unseren Vergleich der Topfgrößen an, die wir normalerweise verwenden, sowie Tipps zur Pflege von Sukkulenten und Kakteen<strong> <a href="https://jardimdapini.pt/dicas-simples-para-cuidar-das-suas-suculentas-e-cactos/" target="_blank" rel="noopener noreferrer">!</a></strong></em></p>
