{"id":57773,"date":"2020-08-28T16:41:12","date_gmt":"2024-09-09T19:31:15","guid":{"rendered":"https:\/\/jardimdapini.pt\/product\/adromischus-truncatus\/"},"modified":"2024-09-09T20:31:15","modified_gmt":"2024-09-09T19:31:15","slug":"adromischus-truncatus","status":"publish","type":"product","link":"https:\/\/jardimdapini.pt\/de\/produkt\/adromischus-truncatus\/","title":{"rendered":"Adromischus Truncatus"},"content":{"rendered":"<p>Adromischus Truncatus ist eine exquisite sukkulente Pflanze, die B\u00fcschel mit St\u00e4ngeln bildet. Die Form und Gr\u00f6\u00dfe der Bl\u00e4tter dieser Art sind sehr variabel und es lassen sich verschiedene Formen erkennen.<br \/>\nOft haben die Bl\u00e4tter r\u00f6tliche Flecken, die bei hellem Licht noch intensiver werden, manchmal haben die Bl\u00e4tter aber auch gar keine Flecken.<br \/>\nDie Bl\u00fcten sind auf der Au\u00dfenseite gr\u00fcnlich und auf der Innenseite der Bl\u00fctenbl\u00e4tter wei\u00df oder rosa.<br \/>\nAdromischus neigen dazu, dass ihre Bl\u00e4tter recht leicht abfallen. Trotz unserer Sorgfalt bei der Unterbringung der Pflanzen kann dies passieren und ist kein Problem f\u00fcr die Pflanze.   <\/p>\n","protected":false},"excerpt":{"rendered":"<p>Adromischus Truncatus Vase 5,5 Herkunft: S\u00fcdafrika<\/p>\n","protected":false},"featured_media":46146,"comment_status":"open","ping_status":"closed","template":"","meta":[],"etheme_brands":[],"product_brand":[],"product_cat":[307,196],"product_tag":[],"class_list":["post-57773","product","type-product","status-publish","has-post-thumbnail","product_cat-adromischus-de","product_cat-sukkulenten","first","outofstock","taxable","shipping-taxable","purchasable","product-type-simple"],"_links":{"self":[{"href":"https:\/\/jardimdapini.pt\/de\/wp-json\/wp\/v2\/product\/57773","targetHints":{"allow":["GET"]}}],"collection":[{"href":"https:\/\/jardimdapini.pt\/de\/wp-json\/wp\/v2\/product"}],"about":[{"href":"https:\/\/jardimdapini.pt\/de\/wp-json\/wp\/v2\/types\/product"}],"replies":[{"embeddable":true,"href":"https:\/\/jardimdapini.pt\/de\/wp-json\/wp\/v2\/comments?post=57773"}],"wp:featuredmedia":[{"embeddable":true,"href":"https:\/\/jardimdapini.pt\/de\/wp-json\/wp\/v2\/media\/46146"}],"wp:attachment":[{"href":"https:\/\/jardimdapini.pt\/de\/wp-json\/wp\/v2\/media?parent=57773"}],"wp:term":[{"taxonomy":"brand","embeddable":true,"href":"https:\/\/jardimdapini.pt\/de\/wp-json\/wp\/v2\/etheme_brands?post=57773"},{"taxonomy":"product_brand","embeddable":true,"href":"https:\/\/jardimdapini.pt\/de\/wp-json\/wp\/v2\/product_brand?post=57773"},{"taxonomy":"product_cat","embeddable":true,"href":"https:\/\/jardimdapini.pt\/de\/wp-json\/wp\/v2\/product_cat?post=57773"},{"taxonomy":"product_tag","embeddable":true,"href":"https:\/\/jardimdapini.pt\/de\/wp-json\/wp\/v2\/product_tag?post=57773"}],"curies":[{"name":"wp","href":"https:\/\/api.w.org\/{rel}","templated":true}]}}

<p>Adromischus Truncatus ist eine exquisite sukkulente Pflanze, die Büschel mit Stängeln bildet. Die Form und Größe der Blätter dieser Art sind sehr variabel und es lassen sich verschiedene Formen erkennen.<br />
Oft haben die Blätter rötliche Flecken, die bei hellem Licht noch intensiver werden, manchmal haben die Blätter aber auch gar keine Flecken.<br />
Die Blüten sind auf der Außenseite grünlich und auf der Innenseite der Blütenblätter weiß oder rosa.<br />
Adromischus neigen dazu, dass ihre Blätter recht leicht abfallen. Trotz unserer Sorgfalt bei der Unterbringung der Pflanzen kann dies passieren und ist kein Problem für die Pflanze.   </p>

<p>Adromischus Truncatus Vase 5,5 Herkunft: Südafrika</p>
