{"id":57441,"date":"2020-10-11T20:59:33","date_gmt":"2024-09-09T19:23:59","guid":{"rendered":"https:\/\/jardimdapini.pt\/product\/sempervivum-variegata\/"},"modified":"2024-09-09T20:23:59","modified_gmt":"2024-09-09T19:23:59","slug":"sempervivum-variegata","status":"publish","type":"product","link":"https:\/\/jardimdapini.pt\/de\/produkt\/sempervivum-variegata\/","title":{"rendered":"Sempervivum Variegata"},"content":{"rendered":"<p>Der Name Sempervivum kommt vom lateinischen sempre (&#8220;immer&#8221;) und vivus (&#8220;lebendig&#8221;), denn diese mehrj\u00e4hrige Pflanze beh\u00e4lt ihre Bl\u00e4tter auch im Winter und ist sehr widerstandsf\u00e4hig gegen\u00fcber schwierigen Wachstumsbedingungen.<br \/>\nEinige Waliser glauben immer noch, dass die Pflanze auf dem Dach ihres Hauses Gesundheit und Wohlstand der Bewohner garantiert.   <strong>Dieses besondere Sempervivum ist im Laufe des Jahres sehr variabel und die Panaschierung kann mehr oder weniger stark ausgepr\u00e4gt sein!<\/strong><\/p>\n","protected":false},"excerpt":{"rendered":"<p>Sempervivum Variegata Topf 5.5 Herkunft: Europa<\/p>\n","protected":false},"featured_media":46450,"comment_status":"open","ping_status":"closed","template":"","meta":[],"etheme_brands":[],"product_brand":[],"product_cat":[317,208],"product_tag":[],"class_list":["post-57441","product","type-product","status-publish","has-post-thumbnail","product_cat-sempervivum-de","product_cat-variegata-sukkulenten","first","outofstock","taxable","shipping-taxable","purchasable","product-type-simple"],"_links":{"self":[{"href":"https:\/\/jardimdapini.pt\/de\/wp-json\/wp\/v2\/product\/57441","targetHints":{"allow":["GET"]}}],"collection":[{"href":"https:\/\/jardimdapini.pt\/de\/wp-json\/wp\/v2\/product"}],"about":[{"href":"https:\/\/jardimdapini.pt\/de\/wp-json\/wp\/v2\/types\/product"}],"replies":[{"embeddable":true,"href":"https:\/\/jardimdapini.pt\/de\/wp-json\/wp\/v2\/comments?post=57441"}],"wp:featuredmedia":[{"embeddable":true,"href":"https:\/\/jardimdapini.pt\/de\/wp-json\/wp\/v2\/media\/46450"}],"wp:attachment":[{"href":"https:\/\/jardimdapini.pt\/de\/wp-json\/wp\/v2\/media?parent=57441"}],"wp:term":[{"taxonomy":"brand","embeddable":true,"href":"https:\/\/jardimdapini.pt\/de\/wp-json\/wp\/v2\/etheme_brands?post=57441"},{"taxonomy":"product_brand","embeddable":true,"href":"https:\/\/jardimdapini.pt\/de\/wp-json\/wp\/v2\/product_brand?post=57441"},{"taxonomy":"product_cat","embeddable":true,"href":"https:\/\/jardimdapini.pt\/de\/wp-json\/wp\/v2\/product_cat?post=57441"},{"taxonomy":"product_tag","embeddable":true,"href":"https:\/\/jardimdapini.pt\/de\/wp-json\/wp\/v2\/product_tag?post=57441"}],"curies":[{"name":"wp","href":"https:\/\/api.w.org\/{rel}","templated":true}]}}

<p>Der Name Sempervivum kommt vom lateinischen sempre (&#8220;immer&#8221;) und vivus (&#8220;lebendig&#8221;), denn diese mehrjährige Pflanze behält ihre Blätter auch im Winter und ist sehr widerstandsfähig gegenüber schwierigen Wachstumsbedingungen.<br />
Einige Waliser glauben immer noch, dass die Pflanze auf dem Dach ihres Hauses Gesundheit und Wohlstand der Bewohner garantiert.   <strong>Dieses besondere Sempervivum ist im Laufe des Jahres sehr variabel und die Panaschierung kann mehr oder weniger stark ausgeprägt sein!</strong></p>
