{"id":57334,"date":"2021-05-04T14:47:04","date_gmt":"2024-09-09T19:18:28","guid":{"rendered":"https:\/\/jardimdapini.pt\/product\/sempervivum-grey-gloss\/"},"modified":"2024-09-09T20:18:28","modified_gmt":"2024-09-09T19:18:28","slug":"sempervivum-grey-gloss","status":"publish","type":"product","link":"https:\/\/jardimdapini.pt\/de\/produkt\/sempervivum-grey-gloss\/","title":{"rendered":"Sempervivum Grey-Gloss"},"content":{"rendered":"<p>Eine Sempervivum mit dunkleren Farbt\u00f6nen, die von Grau \u00fcber Gr\u00fcn bis hin zu Bronze reichen, sorgt f\u00fcr reichlich Ausgleich.<\/p>\n","protected":false},"excerpt":{"rendered":"<p>Sempervivum Grau-Glanz Topf 8,5 Herkunft: Europa , Nordafrika, T\u00fcrkei<\/p>\n","protected":false},"featured_media":47330,"comment_status":"open","ping_status":"closed","template":"","meta":[],"etheme_brands":[],"product_brand":[],"product_cat":[317],"product_tag":[],"class_list":["post-57334","product","type-product","status-publish","has-post-thumbnail","product_cat-sempervivum-de","first","outofstock","taxable","shipping-taxable","purchasable","product-type-simple"],"_links":{"self":[{"href":"https:\/\/jardimdapini.pt\/de\/wp-json\/wp\/v2\/product\/57334","targetHints":{"allow":["GET"]}}],"collection":[{"href":"https:\/\/jardimdapini.pt\/de\/wp-json\/wp\/v2\/product"}],"about":[{"href":"https:\/\/jardimdapini.pt\/de\/wp-json\/wp\/v2\/types\/product"}],"replies":[{"embeddable":true,"href":"https:\/\/jardimdapini.pt\/de\/wp-json\/wp\/v2\/comments?post=57334"}],"wp:featuredmedia":[{"embeddable":true,"href":"https:\/\/jardimdapini.pt\/de\/wp-json\/wp\/v2\/media\/47330"}],"wp:attachment":[{"href":"https:\/\/jardimdapini.pt\/de\/wp-json\/wp\/v2\/media?parent=57334"}],"wp:term":[{"taxonomy":"brand","embeddable":true,"href":"https:\/\/jardimdapini.pt\/de\/wp-json\/wp\/v2\/etheme_brands?post=57334"},{"taxonomy":"product_brand","embeddable":true,"href":"https:\/\/jardimdapini.pt\/de\/wp-json\/wp\/v2\/product_brand?post=57334"},{"taxonomy":"product_cat","embeddable":true,"href":"https:\/\/jardimdapini.pt\/de\/wp-json\/wp\/v2\/product_cat?post=57334"},{"taxonomy":"product_tag","embeddable":true,"href":"https:\/\/jardimdapini.pt\/de\/wp-json\/wp\/v2\/product_tag?post=57334"}],"curies":[{"name":"wp","href":"https:\/\/api.w.org\/{rel}","templated":true}]}}

<p>Eine Sempervivum mit dunkleren Farbtönen, die von Grau über Grün bis hin zu Bronze reichen, sorgt für reichlich Ausgleich.</p>

<p>Sempervivum Grau-Glanz Topf 8,5 Herkunft: Europa , Nordafrika, Türkei</p>
