{"id":56686,"date":"2023-02-10T18:49:49","date_gmt":"2024-09-09T19:03:18","guid":{"rendered":"https:\/\/jardimdapini.pt\/product\/echeveria-white-minima\/"},"modified":"2024-09-09T20:03:20","modified_gmt":"2024-09-09T19:03:20","slug":"echeveria-white-minima","status":"publish","type":"product","link":"https:\/\/jardimdapini.pt\/de\/produkt\/echeveria-white-minima\/","title":{"rendered":"Echeveria white-m\u00ednima"},"content":{"rendered":"<p>Die wei\u00dfe M\u00ednima ist eine blau gef\u00e4rbte Echeveria mit rosafarbenen und r\u00f6tlichen Spitzen, die im Allgemeinen klein bleibt, daher ihr Name &#8216;m\u00ednima&#8217;.<\/p>\n","protected":false},"excerpt":{"rendered":"<p>Echeveria Wei\u00df-Minima Vase 5,5 Herkunft: Mexiko<\/p>\n","protected":false},"featured_media":48511,"comment_status":"open","ping_status":"closed","template":"","meta":[],"etheme_brands":[],"product_brand":[],"product_cat":[301,196],"product_tag":[],"class_list":["post-56686","product","type-product","status-publish","has-post-thumbnail","product_cat-echeveria-de","product_cat-sukkulenten","first","outofstock","taxable","shipping-taxable","purchasable","product-type-simple"],"_links":{"self":[{"href":"https:\/\/jardimdapini.pt\/de\/wp-json\/wp\/v2\/product\/56686","targetHints":{"allow":["GET"]}}],"collection":[{"href":"https:\/\/jardimdapini.pt\/de\/wp-json\/wp\/v2\/product"}],"about":[{"href":"https:\/\/jardimdapini.pt\/de\/wp-json\/wp\/v2\/types\/product"}],"replies":[{"embeddable":true,"href":"https:\/\/jardimdapini.pt\/de\/wp-json\/wp\/v2\/comments?post=56686"}],"wp:featuredmedia":[{"embeddable":true,"href":"https:\/\/jardimdapini.pt\/de\/wp-json\/wp\/v2\/media\/48511"}],"wp:attachment":[{"href":"https:\/\/jardimdapini.pt\/de\/wp-json\/wp\/v2\/media?parent=56686"}],"wp:term":[{"taxonomy":"brand","embeddable":true,"href":"https:\/\/jardimdapini.pt\/de\/wp-json\/wp\/v2\/etheme_brands?post=56686"},{"taxonomy":"product_brand","embeddable":true,"href":"https:\/\/jardimdapini.pt\/de\/wp-json\/wp\/v2\/product_brand?post=56686"},{"taxonomy":"product_cat","embeddable":true,"href":"https:\/\/jardimdapini.pt\/de\/wp-json\/wp\/v2\/product_cat?post=56686"},{"taxonomy":"product_tag","embeddable":true,"href":"https:\/\/jardimdapini.pt\/de\/wp-json\/wp\/v2\/product_tag?post=56686"}],"curies":[{"name":"wp","href":"https:\/\/api.w.org\/{rel}","templated":true}]}}

Echeveria white-mínima

<p>Die weiße Mínima ist eine blau gefärbte Echeveria mit rosafarbenen und rötlichen Spitzen, die im Allgemeinen klein bleibt, daher ihr Name &#8216;mínima&#8217;.</p>

<p>Echeveria Weiß-Minima Vase 5,5 Herkunft: Mexiko</p>
